{"id":10,"date":"2016-07-07T13:26:52","date_gmt":"2016-07-07T13:26:52","guid":{"rendered":"http:\/\/face.unt.edu.ar\/web\/aaep2016\/?page_id=10"},"modified":"2016-09-23T05:42:20","modified_gmt":"2016-09-23T05:42:20","slug":"alojamientos","status":"publish","type":"page","link":"https:\/\/face.unt.edu.ar\/web\/aaep2016\/alojamientos\/","title":{"rendered":"Alojamientos"},"content":{"rendered":"<p>[vc_row][vc_column][vc_column_text]En esta secci\u00f3n est\u00e1n disponibles algunos alojamientos cercanos a la sede de la LI Reuni\u00f3n Anual de la AAEP.[\/vc_column_text][\/vc_column][\/vc_row][vc_row][vc_column][vc_column_text]<strong>Precios Promocionales para la Reuni\u00f3n Anual.<\/strong><\/p>\n<p>Se encuentran disponibles algunas tarifas especiales para los asistentes a la LI Reuni\u00f3n Anual de la AAEP, que pueden ser consultadas en esta secci\u00f3n.<\/p>\n<p>[\/vc_column_text][\/vc_column][\/vc_row][vc_row][vc_column][vc_toggle title=\u00bbHotel Amerian\u00bb el_id=\u00bb1474608048750-d511742d-83d5&#8243;]El <a href=\"http:\/\/www.amerian.com\/\">Hotel Amerian<\/a> ofrece las siguientes tarifas promocionales para los participantes de la reuni\u00f3n de la AAEP:<\/p>\n<p>Hab. Standard SINGLE $920 + IVA<\/p>\n<p>Hab. Standard DOBLE\u00a0 $ 1093 + IVA<\/p>\n<p>Hab. SUITE $ 1553 + IVA<\/p>\n<p>Para m\u00e1s informaci\u00f3n contactarse a\u00a0<a href=\"mailto:eventostuc@amerian.com\" target=\"_blank\">eventostuc@amerian.com<\/a>\u00a0o llamar al\u00a0<b>(0381) 4300-100.<\/b>[\/vc_toggle][vc_toggle title=\u00bbHotel Carlos V\u00bb el_id=\u00bb1474607379618-69b30588-da7b\u00bb]El\u00a0<strong><a href=\"http:\/\/www.hotelcarlosv.com.ar\/\">Hotel Carlos V<\/a>\u00a0<\/strong>ofrece las siguientes tarifas especiales para el evento (tarifas por noche, IVA incluido):<\/p>\n<p>Habitaci\u00f3n Single: <strong>$<\/strong><strong>795<\/strong><\/p>\n<p>Habitaci\u00f3n Doble: <strong>$<\/strong><strong>938<\/strong><\/p>\n<p>Habitaci\u00f3n Triple: <strong>$<\/strong><strong>1065<\/strong><\/p>\n<p>Departamento para cuatro: <strong>$<\/strong><strong>1185<\/strong><\/p>\n<p>Departamento para cinco: <strong>$<\/strong><strong>1433<\/strong><\/p>\n<p><strong><u>Pol\u00edtica de reserva:<\/u><\/strong><\/p>\n<p>1) Las reservas pueden deben ser solicitadas por mail a\u00a0<a href=\"mailto:reservas@redcarlosv.com.ar\"><strong>reservas@redcarlosv.com.ar<\/strong><\/a>, aclarandos que son en referencia al evento. En todos los casos, se solicita\u00a0una se\u00f1a previa por el valor de una noche por cada habitaci\u00f3n reservada.<\/p>\n<p><strong><u>Pol\u00edtica de cancelaci\u00f3n:<\/u><\/strong><\/p>\n<p>1) Las reservas pueden cancelarse hasta 72hs. antes de la fecha del check in. Pasado ese per\u00edodo, y en caso de que el hu\u00e9sped no se presente en la fecha estimada, el hotel cargar\u00e1\u00a0en la tarjeta de cr\u00e9dito la primera noche de alojamiento como penalidad.<\/p>\n<p>2) Se dar\u00e1n de baja\u00a0sin previo aviso las reservas que no registren pago o garant\u00eda, pasada la fecha de vencimiento.<\/p>\n<p>3) No se reembolsan\u00a0los dep\u00f3sitos.<\/p>\n<p>[\/vc_toggle][vc_toggle title=\u00bbHotel Catalinas Park\u00bb el_id=\u00bb1474609014780-a42102af-f521&#8243;]El <a href=\"http:\/\/www.catalinaspark.com\/\">Hotel Catalinas Park<\/a> ofrece un descuento del 30% sobre las siguientes tarifas a los asistentes a la LI reuni\u00f3n de la AAEP:<\/p>\n<p>Habitacion SGL STD $ 1600<\/p>\n<p>Habitacion DBL STD $ 1800<\/p>\n<p>Para m\u00e1s informaci\u00f3n, contactarse a\u00a0<a href=\"mailto:info@catalinaspark.com\" target=\"_blank\">info@catalinaspark.com<\/a>[\/vc_toggle][vc_toggle title=\u00bbDallas Hotel\u00bb el_id=\u00bb1474607234703-82047e12-1711&#8243;]El <a href=\"http:\/\/www.dallashotel.com.ar\/\">Hotel Dallas<\/a> de la capital ofrece un precio de $349 por persona por noche en habitaciones dobles, triples y cu\u00e1druples. En habitaciones individuales, el precio se incrementa un 50%. Esta tarifa incluye desayuno continental.<\/p>\n<p>Puede contratarse\u00a0una\u00a0cochera por un cargo adicional de entre $150 y $180 por noche, dependiendo del tipo de veh\u00edculo.[\/vc_toggle][vc_toggle title=\u00bbHotel Howard Johnson Yerba Buena\u00bb el_id=\u00bb1474606626366-b8c5a46f-e48d\u00bb]El Hotel Howard Johnson ofrece las siguientes tarifas promocionales para la LI Reuni\u00f3n Anual de la AAEP.<\/p>\n<p><strong>Tarifas para disertantes:<\/strong><\/p>\n<p>Habitaci\u00f3n Superior Twin\/King \u00a0 \u00a0 \u00a0 \u00a0 $1150.41 + IVA<\/p>\n<p><strong>Tarifas para Participantes<\/strong><\/p>\n<p>Habitaci\u00f3n Superior Twin\/King \u00a0 \u00a0 \u00a0 $1294.21 + IVA<\/p>\n<p><strong>Reservas<\/strong>: Se pueden efectuar reservas individuales o grupales todos los d\u00edas del a\u00f1o llamando al n\u00famero 0381-4256370\/ 0381- 4317500 o al e-mail ventas@hjyerbabuena.com.ar.<\/p>\n<p><strong>Garant\u00eda<\/strong>: Las reservas deber\u00e1n ser garantizadas mediante pago anticipado, tarjeta de cr\u00e9dito o dep\u00f3sito bancario\u00a0antes del ingreso del pasajero. La reserva queda firme, al momento de completar un pago del 50% del valor de la\u00a0estad\u00eda, el otro 50% ser\u00e1 abonado antes del ingreso del pasajero.<\/p>\n<p>Para m\u00e1s informaci\u00f3n sobre las caracter\u00edsticas del Hotel, puede visitar la p\u00e1gina\u00a0<a href=\"http:\/\/www.hjyerbabuena.com.ar\/\">http:\/\/www.hjyerbabuena.com.ar\/<\/a>\u00a0o contactarse al siguiente email:\u00a0<a href=\"mailto:ventas@hjyerbabuena.com.ar\" target=\"_blank\">ventas@hjyerbabuena.com.ar<\/a>[\/vc_toggle][vc_toggle title=\u00bbHotel Premier\u00bb el_id=\u00bb1474607833604-9d36dcf8-778c\u00bb]El<strong><a href=\"http:\/\/www.hotelpremier.com.ar\/\"> Hotel Premier<\/a>\u00a0<\/strong>ofrece las siguientes tarifas (por noche, IVA incluido):<\/p>\n<p>Habitaci\u00f3n Single Classic:\u00a0<strong>$<\/strong><strong>563<\/strong><\/p>\n<p>Habitaci\u00f3n Doble Classic:\u00a0<strong>$<\/strong><strong>660<\/strong><\/p>\n<p>Habitaci\u00f3n Single Superior:\u00a0<strong>$<\/strong><strong>660<\/strong><\/p>\n<p>Habitaci\u00f3n Doble Superior:\u00a0<strong>$<\/strong><strong>795<\/strong><\/p>\n<p>Habitaci\u00f3n Triple:\u00a0<strong>$<\/strong><strong>968<\/strong><\/p>\n<p>Departamento para cuatro:\u00a0<strong>$<\/strong><strong>1178<\/strong><\/p>\n<p>Departamento para cinco:\u00a0<strong>$<\/strong><strong>1313<\/strong><\/p>\n<p><strong><u>Pol\u00edtica de reserva:<\/u><\/strong><\/p>\n<p>1) Las reservas pueden deben ser solicitadas por mail a\u00a0<a href=\"mailto:reservas@redcarlosv.com.ar\"><strong>reservas@redcarlosv.com.ar<\/strong><\/a>, aclarandos que son en referencia al evento. En todos los casos, se solicita\u00a0una se\u00f1a previa por el valor de una noche por cada habitaci\u00f3n reservada.<\/p>\n<p><strong><u>Pol\u00edtica de cancelaci\u00f3n:<\/u><\/strong><\/p>\n<p>1) Las reservas pueden cancelarse hasta 72hs. antes de la fecha del check in. Pasado ese per\u00edodo, y en caso de que el hu\u00e9sped no se presente en la fecha estimada, el hotel cargar\u00e1\u00a0en la tarjeta de cr\u00e9dito la primera noche de alojamiento como penalidad.<\/p>\n<p>2) Se dar\u00e1n de baja\u00a0sin previo aviso las reservas que no registren pago o garant\u00eda, pasada la fecha de vencimiento.<\/p>\n<p>3) No se reembolsan\u00a0los dep\u00f3sitos.[\/vc_toggle][vc_toggle title=\u00bbHotel Presidente\u00bb el_id=\u00bb1474608429896-6a2f2f4e-4311&#8243;]El <a href=\"http:\/\/www.hotelpresidentetuc.com.ar\/\">Hotel Presidente<\/a> ofrece un descuento del 30% sobre las siguientes tarifas para los participantes de la reuni\u00f3n del a AAEP, <strong>abonando en efectivo:<\/strong><\/p>\n<p>Habitaci\u00f3n single $ 1150.-<\/p>\n<p>Habitaci\u00f3n doble $ 1330.-<\/p>\n<p>Habitaci\u00f3n triple $ 1850.-<br \/>\n<b><\/b><\/p>\n<p>Para m\u00e1s informaci\u00f3n, contactarse a\u00a0<a href=\"mailto:reservas@hotelpresidentetuc.com.ar\" target=\"_blank\">reservas@hotelpresidentetuc.com.ar<\/a>[\/vc_toggle][vc_toggle title=\u00bbHotel del Sol\u00bb el_id=\u00bb1474608734942-eb1af10c-e40a\u00bb]El <a href=\"http:\/\/www.hoteldelsol.com.ar\">Hotel del Sol<\/a> ofrece las siguientes tarifas:<\/p>\n<p><span style=\"font-family: Calibri\">\u00a0Habitacion Single $ 1000 x D\u00eda<\/span><\/p>\n<p><span style=\"font-family: Calibri\">\u00a0Habitacion doble\u00a0 $ 1400 x D\u00eda<\/span><\/p>\n<div>\u00a0<span style=\"font-family: Calibri\">Habitacion Triple\u00a0 $ 1600 x D\u00eda<\/span><\/div>\n<div>Para m\u00e1s detalles, pueden contactarse a\u00a0<a href=\"mailto:reservas@hoteldelsol.com.ar\" target=\"_blank\">reservas@hoteldelsol.com.ar<\/a><\/div>\n<p>[\/vc_toggle][\/vc_column][\/vc_row][vc_row][vc_column width=\u00bb1\/3&#8243;][vc_single_image image=\u00bb104&#8243; img_size=\u00bbfull\u00bb][\/vc_column][vc_column width=\u00bb2\/3&#8243;][vc_gmaps link=\u00bb#E-8_JTNDaWZyYW1lJTIwc3JjJTNEJTIyaHR0cHMlM0ElMkYlMkZ3d3cuZ29vZ2xlLmNvbSUyRm1hcHMlMkZkJTJGZW1iZWQlM0ZtaWQlM0QxdHEzVFhBTUhYM1Z2cG9mRUFKN3h4Mnl2bkcwJTIyJTIwd2lkdGglM0QlMjI2NDAlMjIlMjBoZWlnaHQlM0QlMjI0ODAlMjIlM0UlM0MlMkZpZnJhbWUlM0U=\u00bb title=\u00bbAlojamientos Cerca de la Sede\u00bb][\/vc_column][\/vc_row]<\/p>\n","protected":false},"excerpt":{"rendered":"<p>[vc_row][vc_column][vc_column_text]En esta secci\u00f3n est\u00e1n disponibles algunos alojamientos cercanos a la sede de la LI Reuni\u00f3n Anual de la AAEP.[\/vc_column_text][\/vc_column][\/vc_row][vc_row][vc_column][vc_column_text]Precios Promocionales para la Reuni\u00f3n Anual. Se encuentran disponibles algunas tarifas especiales para los asistentes a la LI Reuni\u00f3n Anual de la AAEP, que pueden ser consultadas en esta secci\u00f3n. [\/vc_column_text][\/vc_column][\/vc_row][vc_row][vc_column][vc_toggle title=\u00bbHotel Amerian\u00bb el_id=\u00bb1474608048750-d511742d-83d5&#8243;]El Hotel Amerian ofrece [&hellip;]<\/p>\n","protected":false},"author":1,"featured_media":0,"parent":0,"menu_order":0,"comment_status":"closed","ping_status":"closed","template":"","meta":{"footnotes":""},"_links":{"self":[{"href":"https:\/\/face.unt.edu.ar\/web\/aaep2016\/wp-json\/wp\/v2\/pages\/10"}],"collection":[{"href":"https:\/\/face.unt.edu.ar\/web\/aaep2016\/wp-json\/wp\/v2\/pages"}],"about":[{"href":"https:\/\/face.unt.edu.ar\/web\/aaep2016\/wp-json\/wp\/v2\/types\/page"}],"author":[{"embeddable":true,"href":"https:\/\/face.unt.edu.ar\/web\/aaep2016\/wp-json\/wp\/v2\/users\/1"}],"replies":[{"embeddable":true,"href":"https:\/\/face.unt.edu.ar\/web\/aaep2016\/wp-json\/wp\/v2\/comments?post=10"}],"version-history":[{"count":9,"href":"https:\/\/face.unt.edu.ar\/web\/aaep2016\/wp-json\/wp\/v2\/pages\/10\/revisions"}],"predecessor-version":[{"id":108,"href":"https:\/\/face.unt.edu.ar\/web\/aaep2016\/wp-json\/wp\/v2\/pages\/10\/revisions\/108"}],"wp:attachment":[{"href":"https:\/\/face.unt.edu.ar\/web\/aaep2016\/wp-json\/wp\/v2\/media?parent=10"}],"curies":[{"name":"wp","href":"https:\/\/api.w.org\/{rel}","templated":true}]}}