{"id":31,"date":"2016-07-07T15:49:01","date_gmt":"2016-07-07T15:49:01","guid":{"rendered":"http:\/\/face.unt.edu.ar\/web\/aaep2016\/?page_id=31"},"modified":"2016-08-12T22:18:45","modified_gmt":"2016-08-12T22:18:45","slug":"transporte","status":"publish","type":"page","link":"https:\/\/face.unt.edu.ar\/web\/aaep2016\/transporte\/","title":{"rendered":"Transporte"},"content":{"rendered":"<p>[vc_row][vc_column][vc_column_text]El transporte p\u00fablico en la Ciudad de San Miguel de Tucum\u00e1n consiste b\u00e1sicamente en el sistema de \u00f3mnibus Urbanos e Interurbanos y en el servicio de Taxis de la Capital.[\/vc_column_text][\/vc_column][\/vc_row][vc_row][vc_column][vc_toggle title=\u00bb\u00bfC\u00f3mo funciona el sistema de \u00f3mnibus urbanos e interurbanos?\u00bb el_id=\u00bb1470679119606-bd970bf5-85f2&#8243;]Para poder viajar en los \u00f3mnibus urbanos e interurbanos de San Miguel de Tucuman y localidades cercanas, es necesario tener una tarjeta magn\u00e9tica denominada Tarjeta Ciudadana o bien la Tarjeta Metropolitana, siendo ambas igualmente aceptadas por las l\u00edneas de colectivos. Para consultar los puntos de venta y recargas de estas tarjetas\u00a0recomendamos visitar la web:\u00a0<a href=\"http:\/\/tucubondi.com.ar\/tarjetas\">http:\/\/tucubondi.com.ar\/tarjetas<\/a>[\/vc_toggle][vc_toggle title=\u00bb\u00bfCu\u00e1l es la tarifa de un pasaje de \u00f3mnibus?\u00bb el_id=\u00bb1470679611100-e2fbb811-4307&#8243;]Dependiendo de la distancia a recorrer, las tarifas pueden variar entre $6.95 por un pasaje urbano hasta $12.70 por un viaje interurbano de mayor distancia. Un pasaje a Taf\u00ed del Valle ronda los $116, mientras que un pasaje al Cadillal cuesta $20.50.[\/vc_toggle][vc_toggle title=\u00bb\u00bfC\u00f3mo conocer el recorrido y las paradas de las l\u00edneas de \u00f3mnibus?\u00bb el_id=\u00bb1470680694046-919d333b-259d\u00bb]Para conocer el recorrido de las l\u00edneas de colectivos que circulan en San Miguel de Tucum\u00e1n, recomendamos hacer uso del siguiente link:<a href=\"http:\/\/tucubondi.com.ar\/recorridos\">http:\/\/tucubondi.com.ar\/recorridos<\/a> . Las paradas de \u00f3mnibus suelen estar identificadas por carteles indicativos, pero es posible que en algunos casos la se\u00f1alizaci\u00f3n est\u00e9 ausente. En estos casos, es posible que comerciantes locales puedan proveer informaci\u00f3n respecto a la ubicaci\u00f3n de la parada de la l\u00ednea que est\u00e1 buscando.<\/p>\n<p>Para viajes a localidades tur\u00edsticas como Taf\u00ed del Valle o el Cadillal, es posible que deba dirigirse a la Terminal de \u00d3mnibus de San Miguel de Tucum\u00e1n para adquirir los pasajes.[\/vc_toggle][vc_toggle title=\u00bb\u00bfC\u00f3mo funciona el sistema de Taxis en San Miguel de Tucum\u00e1n?\u00bb el_id=\u00bb1470681175770-8ccc38fc-e6e1&#8243;]Los taxis licenciados en San Miguel de Tucum\u00e1n son de color blanco con franjas cuadriculadas amarillas y negras. Si usted se encuentra en la localidad de Yerba Buena, los taxis son blancos con franjas verdes y negras. Los taxis de la provincia\u00a0reciben \u00fanicamente efectivo y no est\u00e1n disponibles sistemas como Uber, que permiten el pago electr\u00f3nico.<\/p>\n<p>Pueden solicitarse taxis por v\u00eda telef\u00f3nica, por lo cual no se realizan cargos adicionales. Algunos n\u00fameros de compa\u00f1\u00edas de taxis\u00a0son:\u00a00381 432-6757 (Transmi Taxi) o bien <span style=\"color: #4db2ec\">\u00a0<\/span>0381 421-9097 (Centro Taxi).<\/p>\n<p>[\/vc_toggle][vc_toggle title=\u00bb\u00bfCu\u00e1l es la tarifa de un viaje en taxi?\u00bb el_id=\u00bb1470681547791-a68aff8a-e58f\u00bb]Actualmente, la bajada de bandera de un taxi capitalino cuesta $10 y el valor de la ficha cada 100 metros es de\u00a0$1. Un viaje de 15 minutos en taxi puede costar unos $50 o $60. Las tarifas diurnas y nocturnas son las mismas y no es habitual el cobro de cargos adicionales por equipaje.[\/vc_toggle][vc_toggle title=\u00bb\u00bfCu\u00e1nto cuesta un traslado en taxi desde y hacia el Aeropuerto o la Terminal de \u00f3mnibus? \u00bfY hacia Yerba Buena?\u00bb el_id=\u00bb1471037320026-7ca4895a-e407&#8243;]Un traslado desde el aeropuerto de Tucum\u00e1n hasta el centro de la ciudad (Plaza Independencia) ronda los $150, mientras que el costo de un viaje desde la Terminal de \u00d3mnibus puede costar alrededor de $40. Cabe aclarar que en el caso de los traslados desde el Aeropuerto, los autos no son necesariamente taxis licenciados, por lo cual conviene consultar con los choferes por el costo de los traslados.<\/p>\n<p>En el caso de un traslado hacia la localidad de Yerba Buena, el costo de un taxi puede rondar entre $90 y $120 dependiendo de a qu\u00e9 punto desee dirigirse.<\/p>\n<p>Nota: Existen muchas l\u00edneas de colectivos que hacen el recorrido hasta Yerba Buena. Ver:\u00a0<a href=\"http:\/\/tucubondi.com.ar\/recorridos\">http:\/\/tucubondi.com.ar\/recorridos<\/a>[\/vc_toggle][\/vc_column][\/vc_row]<\/p>\n","protected":false},"excerpt":{"rendered":"<p>[vc_row][vc_column][vc_column_text]El transporte p\u00fablico en la Ciudad de San Miguel de Tucum\u00e1n consiste b\u00e1sicamente en el sistema de \u00f3mnibus Urbanos e Interurbanos y en el servicio de Taxis de la Capital.[\/vc_column_text][\/vc_column][\/vc_row][vc_row][vc_column][vc_toggle title=\u00bb\u00bfC\u00f3mo funciona el sistema de \u00f3mnibus urbanos e interurbanos?\u00bb el_id=\u00bb1470679119606-bd970bf5-85f2&#8243;]Para poder viajar en los \u00f3mnibus urbanos e interurbanos de San Miguel de Tucuman y localidades [&hellip;]<\/p>\n","protected":false},"author":1,"featured_media":0,"parent":0,"menu_order":0,"comment_status":"closed","ping_status":"closed","template":"","meta":{"footnotes":""},"_links":{"self":[{"href":"https:\/\/face.unt.edu.ar\/web\/aaep2016\/wp-json\/wp\/v2\/pages\/31"}],"collection":[{"href":"https:\/\/face.unt.edu.ar\/web\/aaep2016\/wp-json\/wp\/v2\/pages"}],"about":[{"href":"https:\/\/face.unt.edu.ar\/web\/aaep2016\/wp-json\/wp\/v2\/types\/page"}],"author":[{"embeddable":true,"href":"https:\/\/face.unt.edu.ar\/web\/aaep2016\/wp-json\/wp\/v2\/users\/1"}],"replies":[{"embeddable":true,"href":"https:\/\/face.unt.edu.ar\/web\/aaep2016\/wp-json\/wp\/v2\/comments?post=31"}],"version-history":[{"count":5,"href":"https:\/\/face.unt.edu.ar\/web\/aaep2016\/wp-json\/wp\/v2\/pages\/31\/revisions"}],"predecessor-version":[{"id":58,"href":"https:\/\/face.unt.edu.ar\/web\/aaep2016\/wp-json\/wp\/v2\/pages\/31\/revisions\/58"}],"wp:attachment":[{"href":"https:\/\/face.unt.edu.ar\/web\/aaep2016\/wp-json\/wp\/v2\/media?parent=31"}],"curies":[{"name":"wp","href":"https:\/\/api.w.org\/{rel}","templated":true}]}}