{"id":101,"date":"2014-10-01T22:20:31","date_gmt":"2014-10-01T22:20:31","guid":{"rendered":"http:\/\/face.unt.edu.ar\/web\/adminpublica\/?page_id=101"},"modified":"2014-10-01T22:20:31","modified_gmt":"2014-10-01T22:20:31","slug":"derecho-constitucional-y-administrativo-marco-normativo","status":"publish","type":"page","link":"https:\/\/face.unt.edu.ar\/web\/adminpublica\/derecho-constitucional-y-administrativo-marco-normativo\/","title":{"rendered":"Derecho Constitucional y Administrativo. Marco Normativo"},"content":{"rendered":"<p><em>Objetivo:<\/em> Contar con nociones de la organizaci\u00f3n jur\u00eddica de la sociedad y de la ubicaci\u00f3n del Estado dentro de la misma. Brindar un conocimiento b\u00e1sico de las principales normas que regulan el accionar del Sector P\u00fablico desde el punto de vista formal. Este conocimiento debe servir de gu\u00eda en el accionar del futuro administrador publico logrando el cabal cumplimiento de las obligaciones formales existentes y, al mismo tiempo, incentivar el esp\u00edritu cr\u00edtico tendiente a promover la modernizaci\u00f3n y mejoramiento del esquema normativo vigente.<\/p>\n<p><em>Contenidos: <\/em>Posici\u00f3n jur\u00eddica de la Administraci\u00f3n P\u00fablica. Ordenamiento jur\u00eddico administrativo. La Actividad administrativa. Pir\u00e1mide institucional. Disposiciones constitucionales respecto de la estructura y el funcionamiento administrativo. La democracia y el Estado constitucional. Rese\u00f1a sint\u00e9tica de los principales cuerpos normativos en t\u00e9rminos generales (no espec\u00edficos de una determinada Administraci\u00f3n o Jurisdicci\u00f3n): Ley de Ministerios, C\u00f3digo de Procedimientos Administrativos, R\u00e9gimen de Personal, Ley de Contabilidad, Ley de Obras Publicas, etc. Aplicaci\u00f3n del derecho administrativo en el \u00e1mbito del Estado Nacional, de los Estados provinciales y el nivel local.<\/p>\n","protected":false},"excerpt":{"rendered":"<p>Objetivo: Contar con nociones de la organizaci\u00f3n jur\u00eddica de la sociedad y de la ubicaci\u00f3n del Estado dentro de la misma. Brindar un conocimiento b\u00e1sico de las principales normas que regulan el accionar del Sector P\u00fablico desde el punto de vista formal. Este conocimiento debe servir de gu\u00eda en el accionar del futuro administrador publico &hellip; <a href=\"https:\/\/face.unt.edu.ar\/web\/adminpublica\/derecho-constitucional-y-administrativo-marco-normativo\/\" class=\"more-link\">Seguir leyendo <span class=\"screen-reader-text\">Derecho Constitucional y Administrativo. Marco Normativo<\/span> <span class=\"meta-nav\">&rarr;<\/span><\/a><\/p>\n","protected":false},"author":9,"featured_media":0,"parent":0,"menu_order":0,"comment_status":"open","ping_status":"open","template":"","meta":{"footnotes":""},"_links":{"self":[{"href":"https:\/\/face.unt.edu.ar\/web\/adminpublica\/wp-json\/wp\/v2\/pages\/101"}],"collection":[{"href":"https:\/\/face.unt.edu.ar\/web\/adminpublica\/wp-json\/wp\/v2\/pages"}],"about":[{"href":"https:\/\/face.unt.edu.ar\/web\/adminpublica\/wp-json\/wp\/v2\/types\/page"}],"author":[{"embeddable":true,"href":"https:\/\/face.unt.edu.ar\/web\/adminpublica\/wp-json\/wp\/v2\/users\/9"}],"replies":[{"embeddable":true,"href":"https:\/\/face.unt.edu.ar\/web\/adminpublica\/wp-json\/wp\/v2\/comments?post=101"}],"version-history":[{"count":1,"href":"https:\/\/face.unt.edu.ar\/web\/adminpublica\/wp-json\/wp\/v2\/pages\/101\/revisions"}],"predecessor-version":[{"id":102,"href":"https:\/\/face.unt.edu.ar\/web\/adminpublica\/wp-json\/wp\/v2\/pages\/101\/revisions\/102"}],"wp:attachment":[{"href":"https:\/\/face.unt.edu.ar\/web\/adminpublica\/wp-json\/wp\/v2\/media?parent=101"}],"curies":[{"name":"wp","href":"https:\/\/api.w.org\/{rel}","templated":true}]}}