{"id":107,"date":"2019-03-13T11:13:31","date_gmt":"2019-03-13T14:13:31","guid":{"rendered":"http:\/\/face.unt.edu.ar\/web\/biblioteca\/?page_id=107"},"modified":"2019-03-13T11:18:21","modified_gmt":"2019-03-13T14:18:21","slug":"estructura","status":"publish","type":"page","link":"https:\/\/face.unt.edu.ar\/web\/biblioteca\/estructura\/","title":{"rendered":"Estructura"},"content":{"rendered":"<p><a href=\"http:\/\/face.unt.edu.ar\/web\/biblioteca\/wp-content\/uploads\/sites\/19\/2019\/03\/estructura.png\"><img decoding=\"async\" loading=\"lazy\" class=\"alignnone size-full wp-image-108\" src=\"http:\/\/face.unt.edu.ar\/web\/biblioteca\/wp-content\/uploads\/sites\/19\/2019\/03\/estructura.png\" alt=\"\" width=\"598\" height=\"77\" srcset=\"https:\/\/face.unt.edu.ar\/web\/biblioteca\/wp-content\/uploads\/sites\/19\/2019\/03\/estructura.png 598w, https:\/\/face.unt.edu.ar\/web\/biblioteca\/wp-content\/uploads\/sites\/19\/2019\/03\/estructura-300x39.png 300w\" sizes=\"(max-width: 598px) 100vw, 598px\" \/><\/a><\/p>\n<p>La biblioteca se emplaza en el 1\u00b0 piso de nuestra facultad, ocupando una superficie total de 292 m2 y 710 mts lineales de estanter\u00edas. Cuenta con salones de estudio individual y grupal, con mobiliario y\u00a0 capacidad para 260 personas en total y climatizaci\u00f3n con equipamiento adquirido recientemente.<\/p>\n<p>Contamos con un acervo bibliogr\u00e1fico de 32.612 libros\u00a0 y 5000 ejemplares\u00a0 aproximados en hemeroteca (revistas, informes, anuarios, etc.) Este material catalogado inform\u00e1ticamente\u00a0 puede ser consultado de manera externa a trav\u00e9s de internet, por la p\u00e1gina web de la Facultad o en nuestra biblioteca poniendo a disposici\u00f3n de los usuarios una PC a tal fin.<\/p>\n<p>Administrativamente, nuestra biblioteca se divide en diferentes secciones o \u00e1reas:<\/p>\n<ul>\n<li>Direcci\u00f3n<\/li>\n<li>Procesos t\u00e9cnicos<\/li>\n<li>Circulaci\u00f3n y prestamos<\/li>\n<li>Expedici\u00f3n de carnets<\/li>\n<\/ul>\n<table style=\"height: 117px\" width=\"147\">\n<tbody>\n<tr>\n<td style=\"width: 65px\"><strong><a href=\"http:\/\/face.unt.edu.ar\/web\/biblioteca\/wp-content\/uploads\/sites\/19\/2019\/03\/115893.png\"><img decoding=\"async\" loading=\"lazy\" class=\" wp-image-69 alignleft\" src=\"http:\/\/face.unt.edu.ar\/web\/biblioteca\/wp-content\/uploads\/sites\/19\/2019\/03\/115893.png\" alt=\"\" width=\"94\" height=\"94\" \/><\/a><\/strong><\/td>\n<td style=\"width: 66px\"><strong>Director<\/strong><\/p>\n<p>Lic. Guillermo Noguera<\/td>\n<\/tr>\n<tr>\n<td style=\"width: 65px\"><strong><a href=\"http:\/\/face.unt.edu.ar\/web\/biblioteca\/wp-content\/uploads\/sites\/19\/2019\/03\/person-icon.png\"><img decoding=\"async\" loading=\"lazy\" class=\" wp-image-73 alignleft\" src=\"http:\/\/face.unt.edu.ar\/web\/biblioteca\/wp-content\/uploads\/sites\/19\/2019\/03\/person-icon.png\" alt=\"\" width=\"103\" height=\"103\" srcset=\"https:\/\/face.unt.edu.ar\/web\/biblioteca\/wp-content\/uploads\/sites\/19\/2019\/03\/person-icon.png 256w, https:\/\/face.unt.edu.ar\/web\/biblioteca\/wp-content\/uploads\/sites\/19\/2019\/03\/person-icon-150x150.png 150w\" sizes=\"(max-width: 103px) 100vw, 103px\" \/><\/a><\/strong><\/td>\n<td style=\"width: 66px\"><strong>Encargado de Pr\u00e9stamos y Circulaci\u00f3n turno ma\u00f1ana<\/strong><\/p>\n<p>Sr. Ram\u00f3n Acevedo<\/td>\n<\/tr>\n<tr>\n<td style=\"width: 65px\"><strong><a href=\"http:\/\/face.unt.edu.ar\/web\/biblioteca\/wp-content\/uploads\/sites\/19\/2019\/03\/person-icon.png\"><img decoding=\"async\" loading=\"lazy\" class=\" wp-image-73 alignleft\" src=\"http:\/\/face.unt.edu.ar\/web\/biblioteca\/wp-content\/uploads\/sites\/19\/2019\/03\/person-icon.png\" alt=\"\" width=\"103\" height=\"103\" srcset=\"https:\/\/face.unt.edu.ar\/web\/biblioteca\/wp-content\/uploads\/sites\/19\/2019\/03\/person-icon.png 256w, https:\/\/face.unt.edu.ar\/web\/biblioteca\/wp-content\/uploads\/sites\/19\/2019\/03\/person-icon-150x150.png 150w\" sizes=\"(max-width: 103px) 100vw, 103px\" \/><\/a><\/strong><\/td>\n<td style=\"width: 66px\"><strong>Encargado de Pr\u00e9stamos y Circulaci\u00f3n turno tarde<\/strong><\/p>\n<p>Sr. Mariano Flores<\/td>\n<\/tr>\n<tr>\n<td style=\"width: 65px\"><strong><a href=\"http:\/\/face.unt.edu.ar\/web\/biblioteca\/wp-content\/uploads\/sites\/19\/2019\/03\/person-icon.png\"><img decoding=\"async\" loading=\"lazy\" class=\" wp-image-73 alignleft\" src=\"http:\/\/face.unt.edu.ar\/web\/biblioteca\/wp-content\/uploads\/sites\/19\/2019\/03\/person-icon.png\" alt=\"\" width=\"103\" height=\"103\" srcset=\"https:\/\/face.unt.edu.ar\/web\/biblioteca\/wp-content\/uploads\/sites\/19\/2019\/03\/person-icon.png 256w, https:\/\/face.unt.edu.ar\/web\/biblioteca\/wp-content\/uploads\/sites\/19\/2019\/03\/person-icon-150x150.png 150w\" sizes=\"(max-width: 103px) 100vw, 103px\" \/><\/a><\/strong><\/td>\n<td style=\"width: 66px\"><strong>Procesos T\u00e9cnicos<\/strong><\/p>\n<p>Sr. Pablo Gutierrez \u2013 Sra. Alicia Gutierrez<\/td>\n<\/tr>\n<tr>\n<td style=\"width: 65px\"><strong><a href=\"http:\/\/face.unt.edu.ar\/web\/biblioteca\/wp-content\/uploads\/sites\/19\/2019\/03\/person-icon.png\"><img decoding=\"async\" loading=\"lazy\" class=\" wp-image-73 alignleft\" src=\"http:\/\/face.unt.edu.ar\/web\/biblioteca\/wp-content\/uploads\/sites\/19\/2019\/03\/person-icon.png\" alt=\"\" width=\"103\" height=\"103\" srcset=\"https:\/\/face.unt.edu.ar\/web\/biblioteca\/wp-content\/uploads\/sites\/19\/2019\/03\/person-icon.png 256w, https:\/\/face.unt.edu.ar\/web\/biblioteca\/wp-content\/uploads\/sites\/19\/2019\/03\/person-icon-150x150.png 150w\" sizes=\"(max-width: 103px) 100vw, 103px\" \/><\/a><\/strong><\/td>\n<td style=\"width: 66px\"><strong>Encargado de Hemeroteca y emisi\u00f3n de Carnets<\/strong><\/p>\n<p>Sr. Sebasti\u00e1n Carrizo<\/td>\n<\/tr>\n<\/tbody>\n<\/table>\n<p>&nbsp;<\/p>\n<p>&nbsp;<\/p>\n","protected":false},"excerpt":{"rendered":"<p>La biblioteca se emplaza en el 1\u00b0 piso de nuestra facultad, ocupando una superficie total de 292 m2 y 710 mts lineales de estanter\u00edas. Cuenta con salones de estudio individual y grupal, con mobiliario y\u00a0 capacidad para 260 personas en total y climatizaci\u00f3n con equipamiento adquirido recientemente. Contamos con un acervo bibliogr\u00e1fico de 32.612 libros\u00a0 [&hellip;]<\/p>\n","protected":false},"author":13,"featured_media":0,"parent":0,"menu_order":0,"comment_status":"closed","ping_status":"closed","template":"","meta":{"footnotes":""},"_links":{"self":[{"href":"https:\/\/face.unt.edu.ar\/web\/biblioteca\/wp-json\/wp\/v2\/pages\/107"}],"collection":[{"href":"https:\/\/face.unt.edu.ar\/web\/biblioteca\/wp-json\/wp\/v2\/pages"}],"about":[{"href":"https:\/\/face.unt.edu.ar\/web\/biblioteca\/wp-json\/wp\/v2\/types\/page"}],"author":[{"embeddable":true,"href":"https:\/\/face.unt.edu.ar\/web\/biblioteca\/wp-json\/wp\/v2\/users\/13"}],"replies":[{"embeddable":true,"href":"https:\/\/face.unt.edu.ar\/web\/biblioteca\/wp-json\/wp\/v2\/comments?post=107"}],"version-history":[{"count":3,"href":"https:\/\/face.unt.edu.ar\/web\/biblioteca\/wp-json\/wp\/v2\/pages\/107\/revisions"}],"predecessor-version":[{"id":113,"href":"https:\/\/face.unt.edu.ar\/web\/biblioteca\/wp-json\/wp\/v2\/pages\/107\/revisions\/113"}],"wp:attachment":[{"href":"https:\/\/face.unt.edu.ar\/web\/biblioteca\/wp-json\/wp\/v2\/media?parent=107"}],"curies":[{"name":"wp","href":"https:\/\/api.w.org\/{rel}","templated":true}]}}