{"id":22,"date":"2018-10-31T12:41:30","date_gmt":"2018-10-31T12:41:30","guid":{"rendered":"http:\/\/face.unt.edu.ar\/web\/biblioteca\/?page_id=22"},"modified":"2025-11-04T11:33:07","modified_gmt":"2025-11-04T14:33:07","slug":"pagina-principal","status":"publish","type":"page","link":"https:\/\/face.unt.edu.ar\/web\/biblioteca\/","title":{"rendered":"PAGINA PRINCIPAL"},"content":{"rendered":"<p>[vc_row full_height=\u00bbyes\u00bb columns_placement=\u00bbtop\u00bb content_placement=\u00bbtop\u00bb][vc_column width=\u00bb5\/6&#8243;][vc_images_carousel images=\u00bb38,139,140,134,132,131&#8243; img_size=\u00bbfull\u00bb][\/vc_column][vc_column width=\u00bb1\/6&#8243;][vc_single_image image=\u00bb729&#8243; img_size=\u00bbfull\u00bb alignment=\u00bbright\u00bb style=\u00bbvc_box_shadow_3d\u00bb onclick=\u00bbcustom_link\u00bb img_link_target=\u00bb_blank\u00bb css_animation=\u00bbappear\u00bb link=\u00bbhttps:\/\/drive.google.com\/file\/d\/18CYv0SbPsLrjID92ErLE_lbq4WA-5Z6m\/view\u00bb][vc_single_image image=\u00bb726&#8243; img_size=\u00bbfull\u00bb alignment=\u00bbright\u00bb style=\u00bbvc_box_shadow_3d\u00bb onclick=\u00bbcustom_link\u00bb img_link_target=\u00bb_blank\u00bb css_animation=\u00bbappear\u00bb link=\u00bbhttps:\/\/forms.gle\/51LwZ9CjRMC3Jg416&#8243;][\/vc_column][\/vc_row][vc_row css=\u00bb.vc_custom_1543324601478{margin-top: -20px !important;}\u00bb][vc_column]<div class=\"td_block_wrap td_block_4 td_uid_1_69dff0f081da3_rand td-pb-border-top td_block_template_1 td-column-1 td_block_padding\"  data-td-block-uid=\"td_uid_1_69dff0f081da3\" ><script>var block_td_uid_1_69dff0f081da3 = new tdBlock();\nblock_td_uid_1_69dff0f081da3.id = \"td_uid_1_69dff0f081da3\";\nblock_td_uid_1_69dff0f081da3.atts = '{\"custom_title\":\"Novedades\",\"category_id\":\"4\",\"limit\":\"3\",\"separator\":\"\",\"custom_url\":\"\",\"block_template_id\":\"\",\"m2_tl\":\"\",\"m2_el\":\"\",\"post_ids\":\"\",\"category_ids\":\"\",\"tag_slug\":\"\",\"autors_id\":\"\",\"installed_post_types\":\"\",\"sort\":\"\",\"offset\":\"\",\"el_class\":\"\",\"td_ajax_filter_type\":\"\",\"td_ajax_filter_ids\":\"\",\"td_filter_default_txt\":\"All\",\"td_ajax_preloading\":\"\",\"f_header_font_header\":\"\",\"f_header_font_title\":\"Block header\",\"f_header_font_settings\":\"\",\"f_header_font_family\":\"\",\"f_header_font_size\":\"\",\"f_header_font_line_height\":\"\",\"f_header_font_style\":\"\",\"f_header_font_weight\":\"\",\"f_header_font_transform\":\"\",\"f_header_font_spacing\":\"\",\"f_header_\":\"\",\"f_ajax_font_title\":\"Ajax categories\",\"f_ajax_font_settings\":\"\",\"f_ajax_font_family\":\"\",\"f_ajax_font_size\":\"\",\"f_ajax_font_line_height\":\"\",\"f_ajax_font_style\":\"\",\"f_ajax_font_weight\":\"\",\"f_ajax_font_transform\":\"\",\"f_ajax_font_spacing\":\"\",\"f_ajax_\":\"\",\"f_more_font_title\":\"Load more button\",\"f_more_font_settings\":\"\",\"f_more_font_family\":\"\",\"f_more_font_size\":\"\",\"f_more_font_line_height\":\"\",\"f_more_font_style\":\"\",\"f_more_font_weight\":\"\",\"f_more_font_transform\":\"\",\"f_more_font_spacing\":\"\",\"f_more_\":\"\",\"m2f_title_font_header\":\"\",\"m2f_title_font_title\":\"Article title\",\"m2f_title_font_settings\":\"\",\"m2f_title_font_family\":\"\",\"m2f_title_font_size\":\"\",\"m2f_title_font_line_height\":\"\",\"m2f_title_font_style\":\"\",\"m2f_title_font_weight\":\"\",\"m2f_title_font_transform\":\"\",\"m2f_title_font_spacing\":\"\",\"m2f_title_\":\"\",\"m2f_cat_font_title\":\"Article category tag\",\"m2f_cat_font_settings\":\"\",\"m2f_cat_font_family\":\"\",\"m2f_cat_font_size\":\"\",\"m2f_cat_font_line_height\":\"\",\"m2f_cat_font_style\":\"\",\"m2f_cat_font_weight\":\"\",\"m2f_cat_font_transform\":\"\",\"m2f_cat_font_spacing\":\"\",\"m2f_cat_\":\"\",\"m2f_meta_font_title\":\"Article meta info\",\"m2f_meta_font_settings\":\"\",\"m2f_meta_font_family\":\"\",\"m2f_meta_font_size\":\"\",\"m2f_meta_font_line_height\":\"\",\"m2f_meta_font_style\":\"\",\"m2f_meta_font_weight\":\"\",\"m2f_meta_font_transform\":\"\",\"m2f_meta_font_spacing\":\"\",\"m2f_meta_\":\"\",\"m2f_ex_font_title\":\"Article excerpt\",\"m2f_ex_font_settings\":\"\",\"m2f_ex_font_family\":\"\",\"m2f_ex_font_size\":\"\",\"m2f_ex_font_line_height\":\"\",\"m2f_ex_font_style\":\"\",\"m2f_ex_font_weight\":\"\",\"m2f_ex_font_transform\":\"\",\"m2f_ex_font_spacing\":\"\",\"m2f_ex_\":\"\",\"ajax_pagination\":\"\",\"ajax_pagination_infinite_stop\":\"\",\"css\":\"\",\"tdc_css\":\"\",\"td_column_number\":1,\"header_color\":\"\",\"color_preset\":\"\",\"border_top\":\"\",\"class\":\"td_uid_1_69dff0f081da3_rand\",\"tdc_css_class\":\"td_uid_1_69dff0f081da3_rand\",\"tdc_css_class_style\":\"td_uid_1_69dff0f081da3_rand_style\"}';\nblock_td_uid_1_69dff0f081da3.td_column_number = \"1\";\nblock_td_uid_1_69dff0f081da3.block_type = \"td_block_4\";\nblock_td_uid_1_69dff0f081da3.post_count = \"3\";\nblock_td_uid_1_69dff0f081da3.found_posts = \"11\";\nblock_td_uid_1_69dff0f081da3.header_color = \"\";\nblock_td_uid_1_69dff0f081da3.ajax_pagination_infinite_stop = \"\";\nblock_td_uid_1_69dff0f081da3.max_num_pages = \"4\";\ntdBlocksArray.push(block_td_uid_1_69dff0f081da3);\n<\/script><div class=\"td-block-title-wrap\"><h4 class=\"block-title td-block-title\"><span class=\"td-pulldown-size\">Novedades<\/span><\/h4><\/div><div id=td_uid_1_69dff0f081da3 class=\"td_block_inner\">\n\n\t<div class=\"td-block-span12\">\n\r\n        <div class=\"td_module_2 td_module_wrap td-animation-stack td-meta-info-hide\">\r\n            <div class=\"td-module-image\">\r\n                <div class=\"td-module-thumb\"><a href=\"https:\/\/face.unt.edu.ar\/web\/biblioteca\/como-obtener-el-carnet-de-socio-de-nuestra-biblioteca\/\" rel=\"bookmark\" class=\"td-image-wrap\" title=\"C\u00f3mo obtener el carnet de socio de nuestra biblioteca\"><img width=\"324\" height=\"160\" class=\"entry-thumb\" src=\"https:\/\/face.unt.edu.ar\/web\/biblioteca\/wp-content\/uploads\/sites\/19\/2022\/07\/Portada-carnet-e-socio-324x160.png\" srcset=\"https:\/\/face.unt.edu.ar\/web\/biblioteca\/wp-content\/uploads\/sites\/19\/2022\/07\/Portada-carnet-e-socio-324x160.png 324w, https:\/\/face.unt.edu.ar\/web\/biblioteca\/wp-content\/uploads\/sites\/19\/2022\/07\/Portada-carnet-e-socio-533x261.png 533w\" sizes=\"(max-width: 324px) 100vw, 324px\" alt=\"\" title=\"C\u00f3mo obtener el carnet de socio de nuestra biblioteca\"\/><\/a><\/div>                            <\/div>\r\n            <h3 class=\"entry-title td-module-title\"><a href=\"https:\/\/face.unt.edu.ar\/web\/biblioteca\/como-obtener-el-carnet-de-socio-de-nuestra-biblioteca\/\" rel=\"bookmark\" title=\"C\u00f3mo obtener el carnet de socio de nuestra biblioteca\">C\u00f3mo obtener el carnet de socio de nuestra biblioteca<\/a><\/h3>\r\n\r\n            <div class=\"td-module-meta-info\">\r\n                                                            <\/div>\r\n\r\n\r\n            <div class=\"td-excerpt\">\r\n                Obtener el carnet de socio de nuestra biblioteca es muy simple, tanto para estudiantes, como para nuestro personal de Docentes, Nodocentes y Egresados.\r\n\r\n*Para estudiantes:\r\n\r\n1)\u00a0\u00a0\u00a0\u00a0Presentarse...            <\/div>\r\n\r\n            \r\n        <\/div>\r\n\r\n        \n\t<\/div> <!-- .\/td-block-span12 -->\n\n\t<div class=\"td-block-span12\">\n\r\n        <div class=\"td_module_2 td_module_wrap td-animation-stack td-meta-info-hide\">\r\n            <div class=\"td-module-image\">\r\n                <div class=\"td-module-thumb\"><a href=\"https:\/\/face.unt.edu.ar\/web\/biblioteca\/nuestra-biblioteca-cuenta-con-un-nuevo-escaner-digitalizador\/\" rel=\"bookmark\" class=\"td-image-wrap\" title=\"Nuestra Biblioteca cuenta con un nuevo Esc\u00e1ner Digitalizador\"><img width=\"324\" height=\"160\" class=\"entry-thumb\" src=\"https:\/\/face.unt.edu.ar\/web\/biblioteca\/wp-content\/uploads\/sites\/19\/2022\/07\/escaner-3-324x160.png\" srcset=\"https:\/\/face.unt.edu.ar\/web\/biblioteca\/wp-content\/uploads\/sites\/19\/2022\/07\/escaner-3-324x160.png 324w, https:\/\/face.unt.edu.ar\/web\/biblioteca\/wp-content\/uploads\/sites\/19\/2022\/07\/escaner-3-533x261.png 533w\" sizes=\"(max-width: 324px) 100vw, 324px\" alt=\"\" title=\"Nuestra Biblioteca cuenta con un nuevo Esc\u00e1ner Digitalizador\"\/><\/a><\/div>                            <\/div>\r\n            <h3 class=\"entry-title td-module-title\"><a href=\"https:\/\/face.unt.edu.ar\/web\/biblioteca\/nuestra-biblioteca-cuenta-con-un-nuevo-escaner-digitalizador\/\" rel=\"bookmark\" title=\"Nuestra Biblioteca cuenta con un nuevo Esc\u00e1ner Digitalizador\">Nuestra Biblioteca cuenta con un nuevo Esc\u00e1ner Digitalizador<\/a><\/h3>\r\n\r\n            <div class=\"td-module-meta-info\">\r\n                                                            <\/div>\r\n\r\n\r\n            <div class=\"td-excerpt\">\r\n                Nuestra\u00a0Facultad de Ciencias Econ\u00f3micas de la UNT\u00a0adquiri\u00f3 nueva tecnolog\u00eda para la Biblioteca. Se trata de un\u00a0Esc\u00e1ner Orbital Digitalizador, una\u00a0 adquisici\u00f3n muy importante, que se...            <\/div>\r\n\r\n            \r\n        <\/div>\r\n\r\n        \n\t<\/div> <!-- .\/td-block-span12 -->\n\n\t<div class=\"td-block-span12\">\n\r\n        <div class=\"td_module_2 td_module_wrap td-animation-stack td-meta-info-hide\">\r\n            <div class=\"td-module-image\">\r\n                <div class=\"td-module-thumb\"><a href=\"https:\/\/face.unt.edu.ar\/web\/biblioteca\/biblioteca-de-libros-clasicos-dr-cordomi-finalizo-la-catalogacion-de-libros-e-inicio-el-proceso-de-digitalizacion\/\" rel=\"bookmark\" class=\"td-image-wrap\" title=\"Biblioteca de libros cl\u00e1sicos Dr. Cordom\u00ed: finaliz\u00f3 la catalogaci\u00f3n de libros e inici\u00f3 el proceso de digitalizaci\u00f3n\"><img width=\"324\" height=\"160\" class=\"entry-thumb\" src=\"https:\/\/face.unt.edu.ar\/web\/biblioteca\/wp-content\/uploads\/sites\/19\/2022\/07\/cordomi-324x160.png\" srcset=\"https:\/\/face.unt.edu.ar\/web\/biblioteca\/wp-content\/uploads\/sites\/19\/2022\/07\/cordomi-324x160.png 324w, https:\/\/face.unt.edu.ar\/web\/biblioteca\/wp-content\/uploads\/sites\/19\/2022\/07\/cordomi-533x261.png 533w\" sizes=\"(max-width: 324px) 100vw, 324px\" alt=\"\" title=\"Biblioteca de libros cl\u00e1sicos Dr. Cordom\u00ed: finaliz\u00f3 la catalogaci\u00f3n de libros e inici\u00f3 el proceso de digitalizaci\u00f3n\"\/><\/a><\/div>                            <\/div>\r\n            <h3 class=\"entry-title td-module-title\"><a href=\"https:\/\/face.unt.edu.ar\/web\/biblioteca\/biblioteca-de-libros-clasicos-dr-cordomi-finalizo-la-catalogacion-de-libros-e-inicio-el-proceso-de-digitalizacion\/\" rel=\"bookmark\" title=\"Biblioteca de libros cl\u00e1sicos Dr. Cordom\u00ed: finaliz\u00f3 la catalogaci\u00f3n de libros e inici\u00f3 el proceso de digitalizaci\u00f3n\">Biblioteca de libros cl\u00e1sicos Dr. Cordom\u00ed: finaliz\u00f3 la catalogaci\u00f3n de libros...<\/a><\/h3>\r\n\r\n            <div class=\"td-module-meta-info\">\r\n                                                            <\/div>\r\n\r\n\r\n            <div class=\"td-excerpt\">\r\n                Desde la Facultad de Ciencias Econ\u00f3micas de la UNT sentimos una gran alegr\u00eda por haber finalizado el proceso de catalogaci\u00f3n de la colecci\u00f3n de...            <\/div>\r\n\r\n            \r\n        <\/div>\r\n\r\n        \n\t<\/div> <!-- .\/td-block-span12 --><\/div><\/div> <!-- .\/block --><div class=\"td_block_wrap td_block_image_box vc_custom_1687529292180 td_uid_2_69dff0f085d17_rand td-image-box-style-2 td-pb-border-top td_block_template_1\"  data-td-block-uid=\"td_uid_2_69dff0f085d17\" ><div class=\"td-block-title-wrap\"><h4 class=\"block-title td-block-title\"><span class=\"td-pulldown-size\">Importante<\/span><\/h4><\/div><div class=\"td-image-box-row td-tiny-image\"><div class=\"td-image-box-span\"><div class=\"td-custom\"><div class=\"td-custom-image\"><a style=\"background-image: url('https:\/\/face.unt.edu.ar\/web\/biblioteca\/wp-content\/uploads\/sites\/19\/2022\/03\/mileslibros-1-720x384-1.png');\" href=\"https:\/\/elibro.net\/es\/lc\/untface\/inicio\/\"  target=\"_blank\"  rel=\"bookmark\" title=\"Elibro\"><\/a><\/div><div class=\"td-custom-title\"><h3 class=\"entry-title\"><a href=\"https:\/\/elibro.net\/es\/lc\/untface\/inicio\/\">Elibro<\/a><\/h3><\/div><\/div><\/div><div class=\"td-image-box-span\"><div class=\"td-custom\"><div class=\"td-custom-image\"><a style=\"background-image: url('https:\/\/face.unt.edu.ar\/web\/biblioteca\/wp-content\/uploads\/sites\/19\/2022\/04\/manuel-luis-cordomi-696x461-1.jpg');\" href=\"http:\/\/biblio.face.unt.edu.ar:8913\/cgi-bin\/koha\/opac-search.pl?advsearch=1&amp;idx=kw&amp;idx=kw&amp;idx=kw&amp;limit=mc-ccode%3ACC&amp;sort_by=relevance&amp;do=Buscar\"  target=\"_blank\"  rel=\"bookmark\" title=\"Colecci\u00f3n Biblioteca Clasica Dr. Manuel Cordomi\"><\/a><\/div><div class=\"td-custom-title\"><h3 class=\"entry-title\"><a href=\"http:\/\/biblio.face.unt.edu.ar:8913\/cgi-bin\/koha\/opac-search.pl?advsearch=1&amp;idx=kw&amp;idx=kw&amp;idx=kw&amp;limit=mc-ccode%3ACC&amp;sort_by=relevance&amp;do=Buscar\">Colecci\u00f3n Biblioteca Clasica Dr. Manuel Cordomi<\/a><\/h3><\/div><\/div><\/div><div class=\"td-image-box-span\"><div class=\"td-custom\"><div class=\"td-custom-image\"><a style=\"background-image: url('https:\/\/face.unt.edu.ar\/web\/biblioteca\/wp-content\/uploads\/sites\/19\/2022\/05\/maxresdefault-e1652715522367.jpg');\" href=\"http:\/\/repositorio.face.unt.edu.ar:8920\/xmlui\/discover?scope=%2F&amp;query=cordomi&amp;submit=\"  rel=\"bookmark\" title=\"Colecci\u00f3n Digital de Manuel L Cordomi \"><\/a><\/div><div class=\"td-custom-title\"><h3 class=\"entry-title\"><a href=\"http:\/\/repositorio.face.unt.edu.ar:8920\/xmlui\/discover?scope=%2F&amp;query=cordomi&amp;submit=\">Colecci\u00f3n Digital de Manuel L Cordomi <\/a><\/h3><\/div><\/div><\/div><div class=\"td-image-box-span\"><div class=\"td-custom\"><div class=\"td-custom-image td-no-img-custom-url\"><a style=\"background-image: url('https:\/\/face.unt.edu.ar\/web\/biblioteca\/wp-content\/uploads\/sites\/19\/2022\/05\/horario.png');\" href=\"#\"  rel=\"bookmark\" title=\"\"><\/a><\/div><div class=\"td-custom-title\"><h3 class=\"entry-title\"><a href=\"#\"><\/a><\/h3><\/div><\/div><\/div><\/div><\/div>[vc_column_text css_animation=\u00bbleft-to-right\u00bb]<div class=\"td_block_wrap td_block_image_box td_uid_3_69dff0f087a0c_rand td-image-box-style-2 td-pb-border-top td_block_template_1\"  data-td-block-uid=\"td_uid_3_69dff0f087a0c\" ><div class=\"td-block-title-wrap\"><h4 class=\"block-title td-block-title\"><span class=\"td-pulldown-size\">Nuestro Sistemas<\/span><\/h4><\/div><div class=\"td-image-box-row td-tiny-image\"><div class=\"td-image-box-span\"><div class=\"td-custom\"><div class=\"td-custom-image\"><a style=\"background-image: url('https:\/\/face.unt.edu.ar\/web\/biblioteca\/wp-content\/uploads\/sites\/19\/2020\/09\/CATALOGO-e1599739957352.jpg');\" href=\"http:\/\/biblio.face.unt.edu.ar\/\"  target=\"_blank\"  rel=\"bookmark\" title=\"Catalogo Online\"><\/a><\/div><div class=\"td-custom-title\"><h3 class=\"entry-title\"><a href=\"http:\/\/biblio.face.unt.edu.ar\/\">Catalogo Online<\/a><\/h3><\/div><\/div><\/div><div class=\"td-image-box-span\"><div class=\"td-custom\"><div class=\"td-custom-image\"><a style=\"background-image: url('https:\/\/face.unt.edu.ar\/web\/biblioteca\/wp-content\/uploads\/sites\/19\/2020\/09\/REPOSITORIO-1.jpg');\" href=\"http:\/\/repositorio.face.unt.edu.ar\/\"  target=\"_blank\"  rel=\"bookmark\" title=\"Repositorio Digital\"><\/a><\/div><div class=\"td-custom-title\"><h3 class=\"entry-title\"><a href=\"http:\/\/repositorio.face.unt.edu.ar\/\">Repositorio Digital<\/a><\/h3><\/div><\/div><\/div><div class=\"td-image-box-span\"><div class=\"td-custom\"><div class=\"td-custom-image\"><a style=\"background-image: url('https:\/\/face.unt.edu.ar\/web\/biblioteca\/wp-content\/uploads\/sites\/19\/2020\/09\/libredeuda.jpg');\" href=\"http:\/\/w4.unt.edu.ar\/ldbib\/\"  target=\"_blank\"  rel=\"bookmark\" title=\"Libre de Deuda\"><\/a><\/div><div class=\"td-custom-title\"><h3 class=\"entry-title\"><a href=\"http:\/\/w4.unt.edu.ar\/ldbib\/\">Libre de Deuda<\/a><\/h3><\/div><\/div><\/div><div class=\"td-image-box-span\"><div class=\"td-custom\"><div class=\"td-custom-image\"><a style=\"background-image: url('https:\/\/face.unt.edu.ar\/web\/biblioteca\/wp-content\/uploads\/sites\/19\/2020\/05\/atencion-personalizada-country-1.png');\" href=\"http:\/\/186.153.163.187:8085\/ords\/f?p=121:LOGIN_DESKTOP:11887026219140:::::\"  rel=\"bookmark\" title=\"Consultas Titulos en Tramite y Certificados\"><\/a><\/div><div class=\"td-custom-title\"><h3 class=\"entry-title\"><a href=\"http:\/\/186.153.163.187:8085\/ords\/f?p=121:LOGIN_DESKTOP:11887026219140:::::\">Consultas Titulos en Tramite y Certificados<\/a><\/h3><\/div><\/div><\/div><\/div><\/div>\n<div class=\"td_block_wrap td_block_image_box td_uid_4_69dff0f088b16_rand td-image-box-style-2 td-pb-border-top td_block_template_1\"  data-td-block-uid=\"td_uid_4_69dff0f088b16\" ><div class=\"td-block-title-wrap\"><h4 class=\"block-title td-block-title\"><span class=\"td-pulldown-size\">Nuestro Servicios<\/span><\/h4><\/div><div class=\"td-image-box-row td-tiny-image\"><div class=\"td-image-box-span\"><div class=\"td-custom\"><div class=\"td-custom-image td-no-img-custom-url\"><a style=\"background-image: url('https:\/\/face.unt.edu.ar\/web\/biblioteca\/wp-content\/uploads\/sites\/19\/2020\/12\/ajedres.png');\" href=\"#\"  rel=\"bookmark\" title=\"\"><\/a><\/div><div class=\"td-custom-title\"><h3 class=\"entry-title\"><a href=\"#\"><\/a><\/h3><\/div><\/div><\/div><div class=\"td-image-box-span\"><div class=\"td-custom\"><div class=\"td-custom-image td-no-img-custom-url\"><a style=\"background-image: url('https:\/\/face.unt.edu.ar\/web\/biblioteca\/wp-content\/uploads\/sites\/19\/2020\/12\/encuadernacion.png');\" href=\"#\"  rel=\"bookmark\" title=\"\"><\/a><\/div><div class=\"td-custom-title\"><h3 class=\"entry-title\"><a href=\"#\"><\/a><\/h3><\/div><\/div><\/div><div class=\"td-image-box-span\"><div class=\"td-custom\"><div class=\"td-custom-image td-no-img-custom-url\"><a style=\"background-image: url('https:\/\/face.unt.edu.ar\/web\/biblioteca\/wp-content\/uploads\/sites\/19\/2020\/12\/boxes.png');\" href=\"#\"  rel=\"bookmark\" title=\"\"><\/a><\/div><div class=\"td-custom-title\"><h3 class=\"entry-title\"><a href=\"#\"><\/a><\/h3><\/div><\/div><\/div><div class=\"td-image-box-span\"><div class=\"td-custom\"><div class=\"td-custom-image td-no-img-custom-url\"><a style=\"background-image: url('https:\/\/face.unt.edu.ar\/web\/biblioteca\/wp-content\/uploads\/sites\/19\/2020\/12\/salones.png');\" href=\"#\"  rel=\"bookmark\" title=\"salones\"><\/a><\/div><div class=\"td-custom-title\"><h3 class=\"entry-title\"><a href=\"#\">salones<\/a><\/h3><\/div><\/div><\/div><\/div><\/div>[\/vc_column_text][\/vc_column][\/vc_row][vc_row][vc_column css=\u00bb.vc_custom_1608036729069{border-radius: 1px !important;}\u00bb][vc_separator color=\u00bbjuicy_pink\u00bb][vc_images_carousel images=\u00bb468&#8243; img_size=\u00bbfull\u00bb onclick=\u00bbcustom_link\u00bb custom_links_target=\u00bb_blank\u00bb speed=\u00bb4000&#8243; autoplay=\u00bbyes\u00bb wrap=\u00bbyes\u00bb title=\u00bbRepositorio Digital\u00bb custom_links=\u00bb#E-8_aHR0cCUzQSUyRiUyRjE4Ni4xNTMuMTYzLjE4NyUzQTgwODA=\u00bb][\/vc_column][\/vc_row][vc_row full_width=\u00bbstretch_row_content\u00bb][vc_column width=\u00bb1\/3&#8243; css=\u00bb.vc_custom_1566912378282{background-color: #f4ebab !important;}\u00bb]\n<div class=\"wpcf7 no-js\" id=\"wpcf7-f60-o1\" lang=\"es-ES\" dir=\"ltr\">\n<div class=\"screen-reader-response\"><p role=\"status\" aria-live=\"polite\" aria-atomic=\"true\"><\/p> <ul><\/ul><\/div>\n<form action=\"\/web\/biblioteca\/wp-json\/wp\/v2\/pages\/22#wpcf7-f60-o1\" method=\"post\" class=\"wpcf7-form init\" aria-label=\"Formulario de contacto\" novalidate=\"novalidate\" data-status=\"init\">\n<div style=\"display: none;\">\n<input type=\"hidden\" name=\"_wpcf7\" value=\"60\" \/>\n<input type=\"hidden\" name=\"_wpcf7_version\" value=\"5.9.3\" \/>\n<input type=\"hidden\" name=\"_wpcf7_locale\" value=\"es_ES\" \/>\n<input type=\"hidden\" name=\"_wpcf7_unit_tag\" value=\"wpcf7-f60-o1\" \/>\n<input type=\"hidden\" name=\"_wpcf7_container_post\" value=\"0\" \/>\n<input type=\"hidden\" name=\"_wpcf7_posted_data_hash\" value=\"\" \/>\n<\/div>\n<p><label> Tu nombre (requerido)<br \/>\n<span class=\"wpcf7-form-control-wrap\" data-name=\"your-name\"><input size=\"40\" class=\"wpcf7-form-control wpcf7-text wpcf7-validates-as-required\" aria-required=\"true\" aria-invalid=\"false\" value=\"\" type=\"text\" name=\"your-name\" \/><\/span> <\/label><br \/>\n<label> Apellido (requerido)<br \/>\n<span class=\"wpcf7-form-control-wrap\" data-name=\"your-apellido\"><input size=\"40\" class=\"wpcf7-form-control wpcf7-text wpcf7-validates-as-required\" aria-required=\"true\" aria-invalid=\"false\" value=\"\" type=\"text\" name=\"your-apellido\" \/><\/span> <\/label><br \/>\n<label> correo (requerido)<br \/>\n<span class=\"wpcf7-form-control-wrap\" data-name=\"correo\"><input size=\"40\" class=\"wpcf7-form-control wpcf7-text wpcf7-validates-as-required\" aria-required=\"true\" aria-invalid=\"false\" value=\"\" type=\"text\" name=\"correo\" \/><\/span> <\/label><br \/>\n<label> Asunto<br \/>\n<span class=\"wpcf7-form-control-wrap\" data-name=\"your-subject\"><input size=\"40\" class=\"wpcf7-form-control wpcf7-text\" aria-invalid=\"false\" value=\"\" type=\"text\" name=\"your-subject\" \/><\/span> <\/label>\n<\/p>\n<p><label> comentario<br \/>\n<span class=\"wpcf7-form-control-wrap\" data-name=\"your-message\"><textarea cols=\"40\" rows=\"10\" class=\"wpcf7-form-control wpcf7-textarea\" aria-invalid=\"false\" name=\"your-message\"><\/textarea><\/span> <\/label>\n<\/p>\n<p><input class=\"wpcf7-form-control wpcf7-submit has-spinner\" type=\"submit\" value=\"Enviar\" \/>\n<\/p><div class=\"wpcf7-response-output\" aria-hidden=\"true\"><\/div>\n<\/form>\n<\/div>\n[\/vc_column][vc_column width=\u00bb1\/3&#8243;][vc_raw_html]JTNDaWZyYW1lJTIwc3JjJTNEJTIyaHR0cHMlM0ElMkYlMkZ3d3cuZ29vZ2xlLmNvbSUyRm1hcHMlMkZlbWJlZCUzRnBiJTNEJTIxMW0xOCUyMTFtMTIlMjExbTMlMjExZDE3NzkuOTQwODA2MjYwODc4NiUyMTJkLTY1LjIzMjY4MDg0MTQ5NDgxJTIxM2QtMjYuODQzNzE3NTE4Mjg5MTQ3JTIxMm0zJTIxMWYwJTIxMmYwJTIxM2YwJTIxM20yJTIxMWkxMDI0JTIxMmk3NjglMjE0ZjEzLjElMjEzbTMlMjExbTIlMjExczB4OTQyMjVjNzk1MWFlYzUxZiUyNTNBMHg5Y2U4NDllNWVlYzgwYTI3JTIxMnNGYWN1bHRhZCUyNTIwZGUlMjUyMENpZW5jaWFzJTI1MjBFY29uJTI1QzMlMjVCM21pY2FzJTI1MjAtJTI1MjBVTlQlMjE1ZTAlMjEzbTIlMjExc2VzLTQxOSUyMTJzYXIlMjE0djE1NjY5MTI1Njc5OTglMjE1bTIlMjExc2VzLTQxOSUyMTJzYXIlMjIlMjB3aWR0aCUzRCUyMjQwMCUyMiUyMGhlaWdodCUzRCUyMjMwMCUyMiUyMGZyYW1lYm9yZGVyJTNEJTIyMCUyMiUyMHN0eWxlJTNEJTIyYm9yZGVyJTNBMCUzQiUyMiUyMGFsbG93ZnVsbHNjcmVlbiUzRCUyMiUyMiUzRSUzQyUyRmlmcmFtZSUzRQ==[\/vc_raw_html][\/vc_column][vc_column width=\u00bb1\/3&#8243;][vc_single_image image=\u00bb801&#8243; img_size=\u00bbfull\u00bb][\/vc_column][\/vc_row]<\/p>\n","protected":false},"excerpt":{"rendered":"<p>[vc_row full_height=\u00bbyes\u00bb columns_placement=\u00bbtop\u00bb content_placement=\u00bbtop\u00bb][vc_column width=\u00bb5\/6&#8243;][vc_images_carousel images=\u00bb38,139,140,134,132,131&#8243; img_size=\u00bbfull\u00bb][\/vc_column][vc_column width=\u00bb1\/6&#8243;][vc_single_image image=\u00bb729&#8243; img_size=\u00bbfull\u00bb alignment=\u00bbright\u00bb style=\u00bbvc_box_shadow_3d\u00bb onclick=\u00bbcustom_link\u00bb img_link_target=\u00bb_blank\u00bb css_animation=\u00bbappear\u00bb link=\u00bbhttps:\/\/drive.google.com\/file\/d\/18CYv0SbPsLrjID92ErLE_lbq4WA-5Z6m\/view\u00bb][vc_single_image image=\u00bb726&#8243; img_size=\u00bbfull\u00bb alignment=\u00bbright\u00bb style=\u00bbvc_box_shadow_3d\u00bb onclick=\u00bbcustom_link\u00bb img_link_target=\u00bb_blank\u00bb css_animation=\u00bbappear\u00bb link=\u00bbhttps:\/\/forms.gle\/51LwZ9CjRMC3Jg416&#8243;][\/vc_column][\/vc_row][vc_row css=\u00bb.vc_custom_1543324601478{margin-top: -20px !important;}\u00bb][vc_column][vc_column_text css_animation=\u00bbleft-to-right\u00bb] [\/vc_column_text][\/vc_column][\/vc_row][vc_row][vc_column css=\u00bb.vc_custom_1608036729069{border-radius: 1px !important;}\u00bb][vc_separator color=\u00bbjuicy_pink\u00bb][vc_images_carousel images=\u00bb468&#8243; img_size=\u00bbfull\u00bb onclick=\u00bbcustom_link\u00bb custom_links_target=\u00bb_blank\u00bb speed=\u00bb4000&#8243; autoplay=\u00bbyes\u00bb wrap=\u00bbyes\u00bb title=\u00bbRepositorio Digital\u00bb custom_links=\u00bb#E-8_aHR0cCUzQSUyRiUyRjE4Ni4xNTMuMTYzLjE4NyUzQTgwODA=\u00bb][\/vc_column][\/vc_row][vc_row full_width=\u00bbstretch_row_content\u00bb][vc_column width=\u00bb1\/3&#8243; css=\u00bb.vc_custom_1566912378282{background-color: #f4ebab !important;}\u00bb][\/vc_column][vc_column width=\u00bb1\/3&#8243;][vc_raw_html]JTNDaWZyYW1lJTIwc3JjJTNEJTIyaHR0cHMlM0ElMkYlMkZ3d3cuZ29vZ2xlLmNvbSUyRm1hcHMlMkZlbWJlZCUzRnBiJTNEJTIxMW0xOCUyMTFtMTIlMjExbTMlMjExZDE3NzkuOTQwODA2MjYwODc4NiUyMTJkLTY1LjIzMjY4MDg0MTQ5NDgxJTIxM2QtMjYuODQzNzE3NTE4Mjg5MTQ3JTIxMm0zJTIxMWYwJTIxMmYwJTIxM2YwJTIxM20yJTIxMWkxMDI0JTIxMmk3NjglMjE0ZjEzLjElMjEzbTMlMjExbTIlMjExczB4OTQyMjVjNzk1MWFlYzUxZiUyNTNBMHg5Y2U4NDllNWVlYzgwYTI3JTIxMnNGYWN1bHRhZCUyNTIwZGUlMjUyMENpZW5jaWFzJTI1MjBFY29uJTI1QzMlMjVCM21pY2FzJTI1MjAtJTI1MjBVTlQlMjE1ZTAlMjEzbTIlMjExc2VzLTQxOSUyMTJzYXIlMjE0djE1NjY5MTI1Njc5OTglMjE1bTIlMjExc2VzLTQxOSUyMTJzYXIlMjIlMjB3aWR0aCUzRCUyMjQwMCUyMiUyMGhlaWdodCUzRCUyMjMwMCUyMiUyMGZyYW1lYm9yZGVyJTNEJTIyMCUyMiUyMHN0eWxlJTNEJTIyYm9yZGVyJTNBMCUzQiUyMiUyMGFsbG93ZnVsbHNjcmVlbiUzRCUyMiUyMiUzRSUzQyUyRmlmcmFtZSUzRQ==[\/vc_raw_html][\/vc_column][vc_column width=\u00bb1\/3&#8243;][vc_single_image image=\u00bb801&#8243; img_size=\u00bbfull\u00bb][\/vc_column][\/vc_row]<\/p>\n","protected":false},"author":1,"featured_media":0,"parent":0,"menu_order":0,"comment_status":"closed","ping_status":"closed","template":"","meta":{"footnotes":""},"_links":{"self":[{"href":"https:\/\/face.unt.edu.ar\/web\/biblioteca\/wp-json\/wp\/v2\/pages\/22"}],"collection":[{"href":"https:\/\/face.unt.edu.ar\/web\/biblioteca\/wp-json\/wp\/v2\/pages"}],"about":[{"href":"https:\/\/face.unt.edu.ar\/web\/biblioteca\/wp-json\/wp\/v2\/types\/page"}],"author":[{"embeddable":true,"href":"https:\/\/face.unt.edu.ar\/web\/biblioteca\/wp-json\/wp\/v2\/users\/1"}],"replies":[{"embeddable":true,"href":"https:\/\/face.unt.edu.ar\/web\/biblioteca\/wp-json\/wp\/v2\/comments?post=22"}],"version-history":[{"count":256,"href":"https:\/\/face.unt.edu.ar\/web\/biblioteca\/wp-json\/wp\/v2\/pages\/22\/revisions"}],"predecessor-version":[{"id":845,"href":"https:\/\/face.unt.edu.ar\/web\/biblioteca\/wp-json\/wp\/v2\/pages\/22\/revisions\/845"}],"wp:attachment":[{"href":"https:\/\/face.unt.edu.ar\/web\/biblioteca\/wp-json\/wp\/v2\/media?parent=22"}],"curies":[{"name":"wp","href":"https:\/\/api.w.org\/{rel}","templated":true}]}}