{"id":24,"date":"2019-10-01T22:20:03","date_gmt":"2019-10-01T20:20:03","guid":{"rendered":"http:\/\/face.unt.edu.ar\/web\/conice2020\/?page_id=24"},"modified":"2019-12-17T21:04:08","modified_gmt":"2019-12-17T20:04:08","slug":"fechas-importantes","status":"publish","type":"page","link":"https:\/\/face.unt.edu.ar\/web\/conice2020\/fechas-importantes\/","title":{"rendered":"Fechas Importantes"},"content":{"rendered":"<p><strong>\u00a0 \u00a0 \u00a0Corresponden al a\u00f1o 2020: \u00a0\u00a0\u00a0\u00a0\u00a0\u00a0\u00a0\u00a0\u00a0\u00a0\u00a0\u00a0\u00a0 \u00a0 \u00a0 \u00a0 \u00a0 \u00a0 \u00a0 \u00a0 \u00a0<\/strong><\/p>\n<ul>\n<li>Recepci\u00f3n de trabajos hasta el 23 de marzo<\/li>\n<li>Inscripci\u00f3n previa al Congreso hasta el 15 de mayo.<\/li>\n<li>Fecha l\u00edmite para el pago de al menos uno de los autores: 05 de mayo<\/li>\n<\/ul>\n","protected":false},"excerpt":{"rendered":"<p>\u00a0 \u00a0 \u00a0Corresponden al a\u00f1o 2020: \u00a0\u00a0\u00a0\u00a0\u00a0\u00a0\u00a0\u00a0\u00a0\u00a0\u00a0\u00a0\u00a0 \u00a0 \u00a0 \u00a0 \u00a0 \u00a0 \u00a0 \u00a0 \u00a0 Recepci\u00f3n de trabajos hasta el 23 de marzo Inscripci\u00f3n previa al Congreso hasta el 15 de mayo. Fecha l\u00edmite para el pago de al menos uno de los autores: 05 de mayo<\/p>\n","protected":false},"author":1,"featured_media":0,"parent":0,"menu_order":0,"comment_status":"closed","ping_status":"closed","template":"","meta":{"footnotes":""},"_links":{"self":[{"href":"https:\/\/face.unt.edu.ar\/web\/conice2020\/wp-json\/wp\/v2\/pages\/24"}],"collection":[{"href":"https:\/\/face.unt.edu.ar\/web\/conice2020\/wp-json\/wp\/v2\/pages"}],"about":[{"href":"https:\/\/face.unt.edu.ar\/web\/conice2020\/wp-json\/wp\/v2\/types\/page"}],"author":[{"embeddable":true,"href":"https:\/\/face.unt.edu.ar\/web\/conice2020\/wp-json\/wp\/v2\/users\/1"}],"replies":[{"embeddable":true,"href":"https:\/\/face.unt.edu.ar\/web\/conice2020\/wp-json\/wp\/v2\/comments?post=24"}],"version-history":[{"count":3,"href":"https:\/\/face.unt.edu.ar\/web\/conice2020\/wp-json\/wp\/v2\/pages\/24\/revisions"}],"predecessor-version":[{"id":39,"href":"https:\/\/face.unt.edu.ar\/web\/conice2020\/wp-json\/wp\/v2\/pages\/24\/revisions\/39"}],"wp:attachment":[{"href":"https:\/\/face.unt.edu.ar\/web\/conice2020\/wp-json\/wp\/v2\/media?parent=24"}],"curies":[{"name":"wp","href":"https:\/\/api.w.org\/{rel}","templated":true}]}}