{"id":41,"date":"2019-12-17T21:12:37","date_gmt":"2019-12-17T20:12:37","guid":{"rendered":"http:\/\/face.unt.edu.ar\/web\/conice2020\/?page_id=41"},"modified":"2020-04-09T01:54:37","modified_gmt":"2020-04-08T23:54:37","slug":"autoridades","status":"publish","type":"page","link":"https:\/\/face.unt.edu.ar\/web\/conice2020\/autoridades\/","title":{"rendered":"Autoridades"},"content":{"rendered":"<ul>\n<li><strong>Facultades miembros de la REDFACE<\/strong><\/li>\n<li><strong>Comisi\u00f3n organizadora <\/strong><\/li>\n<li><strong>Comit\u00e9 evaluador<\/strong><\/li>\n<\/ul>\n<p>&nbsp;<\/p>\n<hr \/>\n<p>&nbsp;<\/p>\n<p>Los d\u00edas <strong>03, 04 y 05 de junio de 2020<\/strong> se realizar\u00e1 en la sede de la Facultad de Ciencias Econ\u00f3micas de la Universidad Nacional de Tucum\u00e1n, el <strong>1<sup>er<\/sup> CONGRESO NACIONAL E INTERNACIONAL DE CIENCIAS ECON\u00d3MICAS (CONICE).<\/strong><\/p>\n<p>Est\u00e1n invitados a participar de este Congreso los docentes de grado y\/o posgrado; los grupos de investigaci\u00f3n que en el espacio de Institutos, Programas y Proyectos atienden la formaci\u00f3n disciplinar, los profesionales que realicen pr\u00e1cticas disciplinares y los estudiantes universitarios de Administraci\u00f3n, Contabilidad y Econom\u00eda.<\/p>\n<h2>Objetivos<\/h2>\n<p>El Congreso tiene como objetivo posibilitar un espacio de intercambio, socializaci\u00f3n y transferencia de conocimientos y pr\u00e1cticas actuales relacionadas a las ciencias econ\u00f3micas, fortaleciendo un v\u00ednculo interdisciplinario entre Administraci\u00f3n, Contabilidad y Econom\u00eda. De esta manera, busca explorar y difundir pr\u00e1cticas disciplinares entre docentes, graduados y estudiantes.<\/p>\n<p>El correo electr\u00f3nico para comunicarse con los organizadores del Congreso es:<br \/>\n<strong>conice2020@face.unt.edu.ar<\/strong><\/p>\n<h2>Ejes Tem\u00e1ticos y Modalidades de Presentaci\u00f3n<\/h2>\n<p>Los trabajos podr\u00e1n ser presentados en los siguientes ejes tem\u00e1ticos:<\/p>\n<ul>\n<li>Administraci\u00f3n<\/li>\n<li>Contabilidad<\/li>\n<li>Econom\u00eda<\/li>\n<\/ul>\n<p>Del mismo modo, se detallan a continuaci\u00f3n las modalidades de presentaci\u00f3n para los trabajos:<\/p>\n<ul>\n<li><strong>Investigaci\u00f3n aplicada<\/strong>: Un trabajo in\u00e9dito, que no haya sido presentado ni publicado en otro Congreso o evento de divulgaci\u00f3n cient\u00edfica, que podr\u00e1 referirse a informes de avance o informes finales de investigaci\u00f3n y a tesis finales o partes de tesis finales de grado o posgrado.<\/li>\n<li><strong>Ensayos<\/strong>: Escrito fundamentado que sintetiza un tema significativo y que tiene como finalidad argumentar una opini\u00f3n sobre el tema o explorarlo en un car\u00e1cter preliminar o introductorio, presentando argumentos y opiniones sustentadas.<\/li>\n<li><strong>Relatos de ejercicio de la actividad profesional<\/strong>: Narraci\u00f3n escrita, basada en el ejercicio profesional real, en el cual el autor contar\u00e1 su experiencia en los aspectos relevantes y una reflexi\u00f3n sobre la situaci\u00f3n abordada.<\/li>\n<\/ul>\n<p>Esperando contar con su colaboraci\u00f3n en la difusi\u00f3n de este evento y con su valiosa participaci\u00f3n en el mismo, saludamos atentamente.<\/p>\n<p><strong>COMISI\u00d3N ORGANIZADORA<\/strong><\/p>\n","protected":false},"excerpt":{"rendered":"<p>Facultades miembros de la REDFACE Comisi\u00f3n organizadora Comit\u00e9 evaluador &nbsp; &nbsp; Los d\u00edas 03, 04 y 05 de junio de 2020 se realizar\u00e1 en la sede de la Facultad de Ciencias Econ\u00f3micas de la Universidad Nacional de Tucum\u00e1n, el 1er CONGRESO NACIONAL E INTERNACIONAL DE CIENCIAS ECON\u00d3MICAS (CONICE). Est\u00e1n invitados a participar de este Congreso [&hellip;]<\/p>\n","protected":false},"author":1,"featured_media":0,"parent":0,"menu_order":0,"comment_status":"closed","ping_status":"closed","template":"","meta":{"footnotes":""},"_links":{"self":[{"href":"https:\/\/face.unt.edu.ar\/web\/conice2020\/wp-json\/wp\/v2\/pages\/41"}],"collection":[{"href":"https:\/\/face.unt.edu.ar\/web\/conice2020\/wp-json\/wp\/v2\/pages"}],"about":[{"href":"https:\/\/face.unt.edu.ar\/web\/conice2020\/wp-json\/wp\/v2\/types\/page"}],"author":[{"embeddable":true,"href":"https:\/\/face.unt.edu.ar\/web\/conice2020\/wp-json\/wp\/v2\/users\/1"}],"replies":[{"embeddable":true,"href":"https:\/\/face.unt.edu.ar\/web\/conice2020\/wp-json\/wp\/v2\/comments?post=41"}],"version-history":[{"count":3,"href":"https:\/\/face.unt.edu.ar\/web\/conice2020\/wp-json\/wp\/v2\/pages\/41\/revisions"}],"predecessor-version":[{"id":65,"href":"https:\/\/face.unt.edu.ar\/web\/conice2020\/wp-json\/wp\/v2\/pages\/41\/revisions\/65"}],"wp:attachment":[{"href":"https:\/\/face.unt.edu.ar\/web\/conice2020\/wp-json\/wp\/v2\/media?parent=41"}],"curies":[{"name":"wp","href":"https:\/\/api.w.org\/{rel}","templated":true}]}}