{"id":1013,"date":"2013-05-28T14:48:21","date_gmt":"2013-05-28T17:48:21","guid":{"rendered":"http:\/\/mulki.com.ar\/iadmin\/?page_id=107"},"modified":"2024-12-04T13:02:41","modified_gmt":"2024-12-04T13:02:41","slug":"reuniones-de-discusion","status":"publish","type":"page","link":"https:\/\/face.unt.edu.ar\/web\/iadmin\/reuniones-de-discusion\/","title":{"rendered":"Reuniones de Discusi\u00f3n"},"content":{"rendered":"<p><strong><span style=\"color: #003366\">Desde el a\u00f1o 2008, el Instituto de Administraci\u00f3n realiza Reuniones de Discusi\u00f3n abiertas a todo p\u00fablico sobre distintas tem\u00e1ticas.<\/span><\/strong><\/p>\n<p><a href=\"https:\/\/face.unt.edu.ar\/web\/iadmin\/wp-content\/uploads\/sites\/2\/2021\/07\/Reuniones-de-Discusion-hasta-2013.pdf\">Reuniones de Discusi\u00f3n 2008 &#8211; 2013<\/a><\/p>\n<p><a href=\"https:\/\/face.unt.edu.ar\/web\/iadmin\/reunion-de-discusion-avances-de-la-practica-profesional-de-la-licenciatura-en-administracion\/\">Reuni\u00f3n de discusi\u00f3n Junio 2018<\/a><\/p>\n<p><a href=\"https:\/\/face.unt.edu.ar\/web\/iadmin\/reunion-de-discusion-avances-de-la-practica-profesional-de-la-licenciatura-en-administracion-2\/\">Reuni\u00f3n de discusi\u00f3n 14 de Setiembre 2018<\/a><\/p>\n<p><a href=\"https:\/\/face.unt.edu.ar\/web\/iadmin\/reunion-de-discusion-avances-de-la-practica-profesional-de-la-licenciatura-en-administracion-3\/\">Reuni\u00f3n de discusi\u00f3n 12 de Octubre 2018<\/a><\/p>\n<p><a href=\"https:\/\/face.unt.edu.ar\/web\/iadmin\/reunion-de-discusion-del-instituto-de-administracion\/\">Reuni\u00f3n de discusi\u00f3n 30 de Octubre de 2018<\/a><\/p>\n<p><a href=\"https:\/\/face.unt.edu.ar\/web\/iadmin\/reunion-de-discusion\/\">Reuni\u00f3n de discusi\u00f3n 23 de Abril de 2019<\/a><\/p>\n<p><a href=\"https:\/\/face.unt.edu.ar\/web\/iadmin\/reunion-de-discusion-modernizacion-del-sector-publico\/\">Reuni\u00f3n de discusi\u00f3n 9 de Mayo de 2019<\/a><\/p>\n<p><a href=\"https:\/\/face.unt.edu.ar\/web\/iadmin\/reunion-de-discusion-2\/\">Reuni\u00f3n de discusi\u00f3n 04 de Junio de 2019<\/a><\/p>\n<p><a href=\"https:\/\/face.unt.edu.ar\/web\/iadmin\/reunion-de-discusion-del-instituto-de-administracion-practica-profesional-de-la-licenciatura-en-administracion\/\">Reuni\u00f3n de discusi\u00f3n 02 de Octubre de 2019<\/a><\/p>\n<p><a href=\"https:\/\/face.unt.edu.ar\/web\/iadmin\/reunion-de-discusion-avances-practica-profesional-la\/\">Reuni\u00f3n de discusi\u00f3n 23 de Octubre de 2019\u00a0<\/a><\/p>\n<p><a href=\"https:\/\/face.unt.edu.ar\/web\/iadmin\/reunion-de-discusion-avances-practica-profesional-la-2\/\">Reuni\u00f3n de discusi\u00f3n 30 de Octubre de 2019<\/a><\/p>\n<p><a href=\"https:\/\/face.unt.edu.ar\/web\/iadmin\/reunion-de-discusion-avances-de-la-practica-profesional-de-la-licenciatura-en-administracion-4\/\">Reuni\u00f3n de discusi\u00f3n 01 de Julio de 2020<\/a><\/p>\n<p><a href=\"https:\/\/face.unt.edu.ar\/web\/iadmin\/reunion-de-discusion-avances-de-la-practica-profesional-de-la-la\/\">Reuni\u00f3n de discusi\u00f3n 08 de Julio de 2020\u00a0<\/a><\/p>\n<p><a href=\"https:\/\/face.unt.edu.ar\/web\/iadmin\/reunion-de-discusion-avances-de-la-practica-profesional-de-la-licenciatura-en-administracion-5\/\">Reuni\u00f3n de discusi\u00f3n 18 de noviembre de 2020<\/a><\/p>\n<p><a href=\"https:\/\/face.unt.edu.ar\/web\/iadmin\/reunion-de-discusion-avances-de-la-practica-profesional-de-la-licenciatura-en-administracion-6\/\">Reuni\u00f3n de discusi\u00f3n 20 de noviembre de 2020\u00a0<\/a><\/p>\n<p><a href=\"https:\/\/face.unt.edu.ar\/web\/iadmin\/reunion-de-discusion-avances-de-la-practica-profesional-de-la-licenciatura-en-administracion-7\/\">Reuni\u00f3n de discusi\u00f3n 24 de noviembre de 2020\u00a0<\/a><\/p>\n<p><a href=\"https:\/\/face.unt.edu.ar\/web\/iadmin\/reunion-de-discusion-avances-de-la-practica-profesional-de-la-licenciatura-en-administracion-8\/\">Reuni\u00f3n de discusi\u00f3n 25 de noviembre de 2020<\/a><\/p>\n<p><a href=\"https:\/\/face.unt.edu.ar\/web\/iadmin\/reunion-de-discusion-avances-de-la-practica-profesional-de-la-licenciatura-en-administracion-9\/\">Reuni\u00f3n de discusi\u00f3n 27 de noviembre de 2020<\/a><\/p>\n<p><a href=\"https:\/\/face.unt.edu.ar\/web\/iadmin\/reunion-de-discusion-avances-de-la-practica-profesional-de-la-licenciatura-en-administracion-10\/\">Reuni\u00f3n de discusi\u00f3n 10 de Marzo de 2021\u00a0<\/a><\/p>\n<p><a href=\"https:\/\/face.unt.edu.ar\/web\/iadmin\/reunion-de-discusion-avances-de-la-practica-profesional-de-la-licenciatura-en-administracion-11\/\">Reuni\u00f3n de discusi\u00f3n 19 de Mayo de 2021<\/a><\/p>\n<p><a href=\"https:\/\/face.unt.edu.ar\/web\/iadmin\/reunion-de-discusion-de-avances-de-la-practica-profesional-de-la-licenciatura-en-administracion\/\">Reuni\u00f3n de discusi\u00f3n 23\u00a0de Junio de 2021<\/a><\/p>\n<p><a href=\"https:\/\/face.unt.edu.ar\/web\/iadmin\/reunion-de-discusion-de-avances-de-la-practica-profesional-de-la-licenciatura-en-administracion-2\/\">Reuni\u00f3n de discusi\u00f3n 28 de Junio de 2021<\/a><\/p>\n<p><a href=\"https:\/\/face.unt.edu.ar\/web\/iadmin\/reunion-de-discusion-de-avances-de-la-practica-profesional-de-la-licenciatura-en-administracion-3\/\">Reuni\u00f3n de discusi\u00f3n 30 de Junio de 2021<\/a><\/p>\n<p><a href=\"https:\/\/face.unt.edu.ar\/web\/iadmin\/reunion-de-discusion-de-avances-de-la-practica-profesional-de-la-licenciatura-en-administracion-4\/\"><span style=\"color: #99ccff\">Reuni\u00f3n de discusi\u00f3n 8 de setiembre de 2021<\/span><\/a><\/p>\n<p><a href=\"https:\/\/face.unt.edu.ar\/web\/iadmin\/reunion-de-discusion-de-avances-de-la-practica-profesional-de-la-licenciatura-en-administracion-5\/\"><span style=\"color: #99ccff\">Reuni\u00f3n de discusi\u00f3n 20 de octubre de 2021<\/span><\/a><\/p>\n<p><a href=\"https:\/\/face.unt.edu.ar\/web\/iadmin\/reunion-de-discusion-de-avances-de-la-practica-profesional-de-la-licenciatura-en-administracion-6\/\"><span style=\"color: #99ccff\">Reuni\u00f3n de discusi\u00f3n 27 de octubre de 2021<\/span><\/a><\/p>\n<p><a href=\"https:\/\/face.unt.edu.ar\/web\/iadmin\/reunion-de-discusion-de-avances-de-la-practica-profesional-de-la-licenciatura-en-administracion-7\/\"><span style=\"color: #99ccff\">Reuni\u00f3n de discusi\u00f3n 3 de noviembre de 2021<\/span><\/a><\/p>\n<p><a href=\"https:\/\/face.unt.edu.ar\/web\/iadmin\/reunion-de-discusion-de-avances-de-la-practica-profesional-de-la-licenciatura-en-administracion-8\/\"><span style=\"color: #99ccff\">Reuni\u00f3n de discusi\u00f3n 10 de noviembre de 2021<\/span><\/a><\/p>\n<p><a href=\"https:\/\/face.unt.edu.ar\/web\/iadmin\/primera-reunion-de-discusion-de-la-practica-profesional-primer-cuatrimestre-2022\/\"><span style=\"color: #99ccff\">Reuni\u00f3n de discusi\u00f3n 6 de junio de 2022<\/span><\/a><\/p>\n<p><a href=\"https:\/\/face.unt.edu.ar\/web\/iadmin\/segunda-reunion-de-discusion-cronograma-pp\/\"><span style=\"color: #99ccff\">Reuni\u00f3n de discusi\u00f3n 8 de junio de 2022<\/span><\/a><\/p>\n<p><a href=\"https:\/\/face.unt.edu.ar\/web\/iadmin\/tercera-reunion-de-discusion-de-los-avances-de-la-practica-profesional-de-la-licenciatura-en-administracion\/\"><span style=\"color: #99ccff\">Reuni\u00f3n de discusi\u00f3n 13 de junio de 2022<\/span><\/a><\/p>\n<p><a href=\"https:\/\/face.unt.edu.ar\/web\/iadmin\/cuarta-reunion-de-discusion-del-instituto-de-administracion-practica-profesional\/\"><span style=\"color: #99ccff\">Reuni\u00f3n de discusi\u00f3n 15 de junio de 2022<\/span><\/a><\/p>\n<p><a href=\"https:\/\/face.unt.edu.ar\/web\/iadmin\/primera-reunion-de-discusion-segundo-cuatrimestre\/\"><span style=\"color: #99ccff\">Reuni\u00f3n de discusi\u00f3n 17 de octubre de 2022<\/span><\/a><\/p>\n<p><a href=\"https:\/\/face.unt.edu.ar\/web\/iadmin\/segunda-reunion-de-discusion-del-segundo-cuatrimestre\/\"><span style=\"color: #99ccff\">Reuni\u00f3n de discusi\u00f3n 19 de octubre de 2022<\/span><\/a><\/p>\n<p><a href=\"https:\/\/face.unt.edu.ar\/web\/iadmin\/tercera-reunion-de-discusion-del-segundo-cuatrimestre\/\"><span style=\"color: #99ccff\">Reuni\u00f3n de discusi\u00f3n 24 de octubre de 2022<\/span><\/a><\/p>\n<p><a href=\"https:\/\/face.unt.edu.ar\/web\/iadmin\/quinta-reunion-de-discusion-del-segundo-cuatrimestre\/\"><span style=\"color: #99ccff\">Reuni\u00f3n de discusi\u00f3n 31 de octubre de 2022<\/span><\/a><\/p>\n<p><a href=\"https:\/\/face.unt.edu.ar\/web\/iadmin\/sexta-reunion-de-discusion-del-segundo-cuatrimestre\/\"><span style=\"color: #99ccff\">Reuni\u00f3n de discusi\u00f3n 7 de noviembre de 2022<\/span><\/a><\/p>\n<p><a href=\"https:\/\/face.unt.edu.ar\/web\/iadmin\/reunion-de-discusion-practica-profesional\/\"><span style=\"color: #99ccff\">Reuni\u00f3n de discusi\u00f3n 27 de febrero de 2023<\/span><\/a><\/p>\n<p><a href=\"https:\/\/youtu.be\/c7ZsSV13mm0\">Reuni\u00f3n de discusi\u00f3n del 7 de junio de 2023<\/a><\/p>\n<p><a href=\"https:\/\/youtu.be\/95mrS_0xsGo\">Reuni\u00f3n de discusi\u00f3n del 12 de junio de 2023<\/a><\/p>\n<p><a href=\"https:\/\/youtu.be\/FFtme9bdxqE\">Reuni\u00f3n de discusi\u00f3n del 13 de junio de 2023<\/a><\/p>\n<p style=\"font-weight: 400\"><a href=\"https:\/\/www.youtube.com\/watch?v=tIY1s9iOHRI&amp;list=PLCyCGKuUR1W5TTMSrQZ7T5jmTe8PbyPbL&amp;index=33&amp;ab_channel=InstitutodeAdministraci%C3%B3n-FACE-UNT\">Reuni\u00f3n de Discusi\u00f3n\u00a0 del 6 de noviembre 2023<\/a><\/p>\n<p style=\"font-weight: 400\"><a href=\"https:\/\/www.youtube.com\/watch?v=pCXBeDV0DwI&amp;list=PLCyCGKuUR1W5TTMSrQZ7T5jmTe8PbyPbL&amp;index=34&amp;ab_channel=InstitutodeAdministraci%C3%B3n-FACE-UNT\">Reuni\u00f3n de Discusi\u00f3n del 7 de noviembre de 2023<\/a><\/p>\n<p style=\"font-weight: 400\"><a href=\"https:\/\/www.youtube.com\/watch?v=mqTVPT66NYU&amp;list=PLCyCGKuUR1W5TTMSrQZ7T5jmTe8PbyPbL&amp;index=35&amp;ab_channel=InstitutodeAdministraci%C3%B3n-FACE-UNT\">Reuni\u00f3n de Discusi\u00f3n &#8211; del 8 de noviembre de 2023<\/a><\/p>\n<p style=\"font-weight: 400\"><a href=\"https:\/\/www.youtube.com\/watch?v=9_LOZOHgjkw&amp;list=PLCyCGKuUR1W4rMgGEKDtNZIvrjwOFM3jb&amp;ab_channel=InstitutodeAdministraci%C3%B3n-FACE-UNT\">Reuni\u00f3n de Discusi\u00f3n del 20 de febrero 2024<\/a><\/p>\n<p>Reuni\u00f3n de Discusi\u00f3n del 7 de octubre de 2024<br \/>\n<a href=\"https:\/\/youtu.be\/rj2sMlI28Hc\">Sala 1<\/a> &#8211; <a href=\"https:\/\/youtu.be\/Y8pLcX7KBSc\">Sala 2<\/a>\u00a0 &#8211; <a href=\"https:\/\/youtu.be\/2ABgwp0-2SI\">Sala 3<\/a><\/p>\n<p>Reuni\u00f3n de Discusi\u00f3n del 11 de noviembre de 2024:<br \/>\n<a href=\"https:\/\/youtu.be\/Dv3hRrgddQs?si=wxvtFvW2KzRvQ2cw\">Sala 1<\/a> &#8211;\u00a0<a href=\"https:\/\/youtu.be\/KKHRcj-FrVg?si=f8xr9iZDhaXFtzOb\">Sala 2<\/a>\u00a0 &#8211;\u00a0<a href=\"https:\/\/youtu.be\/QlwRWk7HqGI?si=gg9wixYrDPS0F4DF\">Sala 3<\/a><\/p>\n<p>&nbsp;<\/p>\n","protected":false},"excerpt":{"rendered":"<p>Desde el a\u00f1o 2008, el Instituto de Administraci\u00f3n realiza Reuniones de Discusi\u00f3n abiertas a todo p\u00fablico sobre distintas tem\u00e1ticas. Reuniones de Discusi\u00f3n 2008 &#8211; 2013 Reuni\u00f3n de discusi\u00f3n Junio 2018 Reuni\u00f3n de discusi\u00f3n 14 de Setiembre 2018 Reuni\u00f3n de discusi\u00f3n 12 de Octubre 2018 Reuni\u00f3n de discusi\u00f3n 30 de Octubre de 2018 Reuni\u00f3n de discusi\u00f3n [&hellip;]<\/p>\n","protected":false},"author":1,"featured_media":0,"parent":0,"menu_order":0,"comment_status":"closed","ping_status":"open","template":"","meta":{"footnotes":""},"_links":{"self":[{"href":"https:\/\/face.unt.edu.ar\/web\/iadmin\/wp-json\/wp\/v2\/pages\/1013"}],"collection":[{"href":"https:\/\/face.unt.edu.ar\/web\/iadmin\/wp-json\/wp\/v2\/pages"}],"about":[{"href":"https:\/\/face.unt.edu.ar\/web\/iadmin\/wp-json\/wp\/v2\/types\/page"}],"author":[{"embeddable":true,"href":"https:\/\/face.unt.edu.ar\/web\/iadmin\/wp-json\/wp\/v2\/users\/1"}],"replies":[{"embeddable":true,"href":"https:\/\/face.unt.edu.ar\/web\/iadmin\/wp-json\/wp\/v2\/comments?post=1013"}],"version-history":[{"count":20,"href":"https:\/\/face.unt.edu.ar\/web\/iadmin\/wp-json\/wp\/v2\/pages\/1013\/revisions"}],"predecessor-version":[{"id":8883,"href":"https:\/\/face.unt.edu.ar\/web\/iadmin\/wp-json\/wp\/v2\/pages\/1013\/revisions\/8883"}],"wp:attachment":[{"href":"https:\/\/face.unt.edu.ar\/web\/iadmin\/wp-json\/wp\/v2\/media?parent=1013"}],"curies":[{"name":"wp","href":"https:\/\/api.w.org\/{rel}","templated":true}]}}