{"id":323,"date":"2014-06-28T23:00:11","date_gmt":"2014-06-29T02:00:11","guid":{"rendered":"http:\/\/mulki.com.ar\/iadmin\/?page_id=323"},"modified":"2021-06-17T13:13:02","modified_gmt":"2021-06-17T13:13:02","slug":"catedra-administracion-de-la-produccion-ii","status":"publish","type":"page","link":"https:\/\/face.unt.edu.ar\/web\/iadmin\/institucional\/docentes\/catedra-administracion-de-la-produccion-ii\/","title":{"rendered":"C\u00e1tedra Administraci\u00f3n de la  Producci\u00f3n II"},"content":{"rendered":"<h4><strong>Profesora Adjunta<\/strong><\/h4>\n<p><span style=\"color: #000080\"><b>Mar\u00eda Enriqueta Martos<br \/>\n<\/b><\/span>Magister en Administraci\u00f3n de Empresas, UNT, Tucum\u00e1n, Argentina<\/p>\n<h4><strong>Jefes de Trabajos Pr\u00e1cticos<\/strong><\/h4>\n<p><span style=\"color: #000080\"><strong>Mar\u00eda Rita Colombres<br \/>\n<\/strong><\/span>Contador\u00a0Publico\u00a0Nacional<\/p>\n<p><span style=\"color: #000080\"><strong>Natalia Gor<br \/>\n<\/strong><\/span>Licenciado en\u00a0Administraci\u00f3n\u00a0de\u00a0Empresas<\/p>\n<p><span style=\"background-color: #ffffff;color: #000080\"><strong>Ayudante Estudiantil<\/strong><\/span><br \/>\nMaza Zurita, Agustina Betsab\u00e9<\/p>\n<p><strong>\u00a0<\/strong><\/p>\n","protected":false},"excerpt":{"rendered":"<p>Profesora Adjunta Mar\u00eda Enriqueta Martos Magister en Administraci\u00f3n de Empresas, UNT, Tucum\u00e1n, Argentina Jefes de Trabajos Pr\u00e1cticos Mar\u00eda Rita Colombres Contador\u00a0Publico\u00a0Nacional Natalia Gor Licenciado en\u00a0Administraci\u00f3n\u00a0de\u00a0Empresas Ayudante Estudiantil Maza Zurita, Agustina Betsab\u00e9 \u00a0<\/p>\n","protected":false},"author":9,"featured_media":0,"parent":85,"menu_order":0,"comment_status":"closed","ping_status":"open","template":"","meta":{"footnotes":""},"_links":{"self":[{"href":"https:\/\/face.unt.edu.ar\/web\/iadmin\/wp-json\/wp\/v2\/pages\/323"}],"collection":[{"href":"https:\/\/face.unt.edu.ar\/web\/iadmin\/wp-json\/wp\/v2\/pages"}],"about":[{"href":"https:\/\/face.unt.edu.ar\/web\/iadmin\/wp-json\/wp\/v2\/types\/page"}],"author":[{"embeddable":true,"href":"https:\/\/face.unt.edu.ar\/web\/iadmin\/wp-json\/wp\/v2\/users\/9"}],"replies":[{"embeddable":true,"href":"https:\/\/face.unt.edu.ar\/web\/iadmin\/wp-json\/wp\/v2\/comments?post=323"}],"version-history":[{"count":13,"href":"https:\/\/face.unt.edu.ar\/web\/iadmin\/wp-json\/wp\/v2\/pages\/323\/revisions"}],"predecessor-version":[{"id":4892,"href":"https:\/\/face.unt.edu.ar\/web\/iadmin\/wp-json\/wp\/v2\/pages\/323\/revisions\/4892"}],"up":[{"embeddable":true,"href":"https:\/\/face.unt.edu.ar\/web\/iadmin\/wp-json\/wp\/v2\/pages\/85"}],"wp:attachment":[{"href":"https:\/\/face.unt.edu.ar\/web\/iadmin\/wp-json\/wp\/v2\/media?parent=323"}],"curies":[{"name":"wp","href":"https:\/\/api.w.org\/{rel}","templated":true}]}}