{"id":3570,"date":"2018-04-13T13:32:15","date_gmt":"2018-04-13T13:32:15","guid":{"rendered":"http:\/\/face.unt.edu.ar\/web\/iadmin\/?page_id=3570"},"modified":"2021-03-17T12:40:11","modified_gmt":"2021-03-17T12:40:11","slug":"desarrollo-de-competencias-emprendedoras","status":"publish","type":"page","link":"https:\/\/face.unt.edu.ar\/web\/iadmin\/desarrollo-de-competencias-emprendedoras\/","title":{"rendered":"Desarrollo de Competencias Emprendedoras"},"content":{"rendered":"<p><strong>Profesor Asociado<\/strong><\/p>\n<p><strong><span style=\"color: #000080\">Victor Francisco Martinez<\/span><\/strong><br \/>\nMagister en Administraci\u00f3n &#8211; Licenciado en Administraci\u00f3n<\/p>\n<p><strong>Profesor Adjunta<\/strong><\/p>\n<p><strong><span style=\"color: #000080\">Liliana Irene Fagre<\/span><\/strong><br \/>\nMagister en Administraci\u00f3n &#8211; Licenciada en Administraci\u00f3n<\/p>\n<p>&nbsp;<\/p>\n<p>&nbsp;<\/p>\n","protected":false},"excerpt":{"rendered":"<p>Profesor Asociado Victor Francisco Martinez Magister en Administraci\u00f3n &#8211; Licenciado en Administraci\u00f3n Profesor Adjunta Liliana Irene Fagre Magister en Administraci\u00f3n &#8211; Licenciada en Administraci\u00f3n &nbsp; &nbsp;<\/p>\n","protected":false},"author":9,"featured_media":0,"parent":0,"menu_order":0,"comment_status":"closed","ping_status":"closed","template":"","meta":{"footnotes":""},"_links":{"self":[{"href":"https:\/\/face.unt.edu.ar\/web\/iadmin\/wp-json\/wp\/v2\/pages\/3570"}],"collection":[{"href":"https:\/\/face.unt.edu.ar\/web\/iadmin\/wp-json\/wp\/v2\/pages"}],"about":[{"href":"https:\/\/face.unt.edu.ar\/web\/iadmin\/wp-json\/wp\/v2\/types\/page"}],"author":[{"embeddable":true,"href":"https:\/\/face.unt.edu.ar\/web\/iadmin\/wp-json\/wp\/v2\/users\/9"}],"replies":[{"embeddable":true,"href":"https:\/\/face.unt.edu.ar\/web\/iadmin\/wp-json\/wp\/v2\/comments?post=3570"}],"version-history":[{"count":5,"href":"https:\/\/face.unt.edu.ar\/web\/iadmin\/wp-json\/wp\/v2\/pages\/3570\/revisions"}],"predecessor-version":[{"id":4789,"href":"https:\/\/face.unt.edu.ar\/web\/iadmin\/wp-json\/wp\/v2\/pages\/3570\/revisions\/4789"}],"wp:attachment":[{"href":"https:\/\/face.unt.edu.ar\/web\/iadmin\/wp-json\/wp\/v2\/media?parent=3570"}],"curies":[{"name":"wp","href":"https:\/\/api.w.org\/{rel}","templated":true}]}}

<p><strong>Profesor Asociado</strong></p>
<p><strong><span style="color: #000080">Victor Francisco Martinez</span></strong><br />
Magister en Administración &#8211; Licenciado en Administración</p>
<p><strong>Profesor Adjunta</strong></p>
<p><strong><span style="color: #000080">Liliana Irene Fagre</span></strong><br />
Magister en Administración &#8211; Licenciada en Administración</p>
<p>&nbsp;</p>
<p>&nbsp;</p>

<p>Profesor Asociado Victor Francisco Martinez Magister en Administración &#8211; Licenciado en Administración Profesor Adjunta Liliana Irene Fagre Magister en Administración &#8211; Licenciada en Administración &nbsp; &nbsp;</p>
