{"id":7312,"date":"2024-04-03T00:47:19","date_gmt":"2024-04-03T00:47:19","guid":{"rendered":"https:\/\/face.unt.edu.ar\/web\/iadmin\/?page_id=7312"},"modified":"2024-06-05T14:18:39","modified_gmt":"2024-06-05T14:18:39","slug":"practica-profesional-2019","status":"publish","type":"page","link":"https:\/\/face.unt.edu.ar\/web\/iadmin\/practica-profesional-2019\/","title":{"rendered":"Pr\u00e1ctica Profesional LA 2019"},"content":{"rendered":"<table width=\"528\">\n<tbody>\n<tr>\n<td width=\"176\" data-sheets-value=\"{&quot;1&quot;:2,&quot;2&quot;:&quot;Alumno&quot;}\"><strong>Alumno<\/strong><\/td>\n<td width=\"176\" data-sheets-value=\"{&quot;1&quot;:2,&quot;2&quot;:&quot;Nombre del trabajo&quot;}\"><strong>Nombre del trabajo<\/strong><\/td>\n<td width=\"176\" data-sheets-value=\"{&quot;1&quot;:2,&quot;2&quot;:&quot;Tutor&quot;}\"><strong>Tutor<\/strong><\/td>\n<\/tr>\n<tr>\n<td width=\"176\" data-sheets-value=\"{&quot;1&quot;:2,&quot;2&quot;:&quot;ALUL, MAR\u00cdA SOF\u00cdA&quot;}\">Alul, Mar\u00eda Sofia<\/td>\n<td width=\"176\" data-sheets-value=\"{&quot;1&quot;:2,&quot;2&quot;:&quot;Aplicaci\u00f3n de M\u00e9todos de Investigaci\u00f3n Operativa Soft en Organizaciones de San Miguel de Tucum\u00e1n&quot;}\"><a href=\"https:\/\/face.unt.edu.ar\/web\/iadmin\/wp-content\/uploads\/sites\/2\/2024\/04\/01-ALUL-MARIA-SOFIA_compressed.pdf\">Aplicaci\u00f3n de M\u00e9todos de Investigaci\u00f3n Operativa Soft en Organizaciones de San Miguel de Tucum\u00e1n<\/a><\/td>\n<td width=\"176\" data-sheets-value=\"{&quot;1&quot;:2,&quot;2&quot;:&quot;Marcelo Medina Galv\u00e1n&quot;}\">Marcelo Medina Galv\u00e1n<\/td>\n<\/tr>\n<tr>\n<td width=\"176\" data-sheets-value=\"{&quot;1&quot;:2,&quot;2&quot;:&quot;Amaya, Mar\u00eda Bel\u00e9n&quot;}\">Amaya, Mar\u00eda Bel\u00e9n<\/td>\n<td width=\"176\" data-sheets-value=\"{&quot;1&quot;:2,&quot;2&quot;:&quot;Reclutamiento y Selecci\u00f3n&quot;}\">Reclutamiento y Selecci\u00f3n. <a href=\"https:\/\/face.unt.edu.ar\/web\/iadmin\/wp-content\/uploads\/sites\/2\/2024\/04\/02-Amaya-Maria-Belen-1-70_compressed.pdf\">\u00a0parte 1<\/a>\u00a0,\u00a0<a href=\"https:\/\/face.unt.edu.ar\/web\/iadmin\/wp-content\/uploads\/sites\/2\/2024\/04\/02-Amaya-Maria-Belen-71-131_compressed.pdf\">parte 2<\/a><\/td>\n<td width=\"176\" data-sheets-value=\"{&quot;1&quot;:2,&quot;2&quot;:&quot;Grunauer, Erika&quot;}\">Grunauer, Erika<\/td>\n<\/tr>\n<tr>\n<td width=\"176\" data-sheets-value=\"{&quot;1&quot;:2,&quot;2&quot;:&quot;Andrada Hillen Mar\u00eda Florencia&quot;}\">Andrada Hillen Mar\u00eda Florencia<\/td>\n<td width=\"176\" data-sheets-value=\"{&quot;1&quot;:2,&quot;2&quot;:&quot;Auditor\u00eda de Gesti\u00f3n para Mr. Clean: empresa de servicios varios para el hogar que opera a trav\u00e9s de aplicaci\u00f3n m\u00f3vil&quot;}\">Auditor\u00eda de Gesti\u00f3n para Mr. Clean: empresa de servicios varios para el hogar que opera a trav\u00e9s de aplicaci\u00f3n m\u00f3vil,<a href=\"https:\/\/face.unt.edu.ar\/web\/iadmin\/wp-content\/uploads\/sites\/2\/2024\/04\/03-Andrada-Hillen-Maria-Florencia-1-80_compressed-1.pdf\">\u00a0parte 1,<\/a>\u00a0<a href=\"https:\/\/face.unt.edu.ar\/web\/iadmin\/wp-content\/uploads\/sites\/2\/2024\/04\/03-Andrada-Hillen-Maria-Florencia-81-120_compressed.pdf\">parte 2<\/a>,\u00a0<a href=\"https:\/\/face.unt.edu.ar\/web\/iadmin\/wp-content\/uploads\/sites\/2\/2024\/04\/03-Andrada-Hillen-Maria-Florencia-121-156_compressed.pdf\">parte 3<\/a><\/td>\n<td width=\"176\" data-sheets-value=\"{&quot;1&quot;:2,&quot;2&quot;:&quot;Javier Garc\u00eda&quot;}\">Javier Garc\u00eda<\/td>\n<\/tr>\n<tr>\n<td width=\"176\" data-sheets-value=\"{&quot;1&quot;:2,&quot;2&quot;:&quot;ANTUNEZ CHAUD MARCELO DANIEL&quot;}\">Antunez Chaud Marcelo Daniel<\/td>\n<td width=\"176\" data-sheets-value=\"{&quot;1&quot;:2,&quot;2&quot;:&quot;Elaboraci\u00f3n de la Matriz de Conocimiento de los Puestos de trabajos cr\u00edticos en la Fabrica Arcor - Planta Misky&quot;}\"><a href=\"https:\/\/face.unt.edu.ar\/web\/iadmin\/wp-content\/uploads\/sites\/2\/2024\/04\/04-ANTUNEZ-CHAUD-MARCELO-DANIEL_compressed.pdf\">Elaboraci\u00f3n de la Matriz de Conocimiento de los Puestos de trabajos cr\u00edticos en la Fabrica Arcor \u2013 Planta Misky<\/a><\/td>\n<td width=\"176\" data-sheets-value=\"{&quot;1&quot;:2,&quot;2&quot;:&quot;HUMBERTO D\u2019ARTERIO&quot;}\">HUMBERTO D\u2019ARTERIO<\/td>\n<\/tr>\n<tr>\n<td width=\"176\" data-sheets-value=\"{&quot;1&quot;:2,&quot;2&quot;:&quot;Araoz Constanza Bel\u00e9n&quot;}\">Araoz Constanza Bel\u00e9n<\/td>\n<td width=\"176\" data-sheets-value=\"{&quot;1&quot;:2,&quot;2&quot;:&quot;Control de Gesti\u00f3n aplicado a PYMES&quot;}\"><a href=\"https:\/\/face.unt.edu.ar\/web\/iadmin\/wp-content\/uploads\/sites\/2\/2024\/04\/05-Araoz-Constanza-Belen_compressed.pdf\">Control de Gesti\u00f3n aplicado a PYMES<\/a><\/td>\n<td width=\"176\" data-sheets-value=\"{&quot;1&quot;:2,&quot;2&quot;:&quot;Marcelo Medina Galv\u00e1n&quot;}\">Marcelo Medina Galv\u00e1n<\/td>\n<\/tr>\n<tr>\n<td width=\"176\" data-sheets-value=\"{&quot;1&quot;:2,&quot;2&quot;:&quot;Arnone Miguel&quot;}\">Arnone Miguel<\/td>\n<td width=\"176\" data-sheets-value=\"{&quot;1&quot;:2,&quot;2&quot;:&quot;\u201cM\u00e9todos cuantitativos aplicados a los negocios: caso de estudio\u201d&quot;}\"><a href=\"https:\/\/face.unt.edu.ar\/web\/iadmin\/wp-content\/uploads\/sites\/2\/2024\/04\/06-Arnone-Miguel_compressed.pdf\">\u201cM\u00e9todos cuantitativos aplicados a los negocios: caso de estudio\u201d<\/a><\/td>\n<td width=\"176\" data-sheets-value=\"{&quot;1&quot;:2,&quot;2&quot;:&quot;Javier Garc\u00eda&quot;}\">Javier Garc\u00eda<\/td>\n<\/tr>\n<tr>\n<td width=\"176\" data-sheets-value=\"{&quot;1&quot;:2,&quot;2&quot;:&quot;Avila Luciana Mercedes&quot;}\">Avila Luciana Mercedes<\/td>\n<td width=\"176\" data-sheets-value=\"{&quot;1&quot;:2,&quot;2&quot;:&quot;Plan de negocios MATILDE EVENTOS&quot;}\"><a href=\"https:\/\/face.unt.edu.ar\/web\/iadmin\/wp-content\/uploads\/sites\/2\/2024\/04\/07-Avila-Luciana-Mercedes_compressed.pdf\">Plan de negocios Matilde Eventos<\/a><\/td>\n<td width=\"176\" data-sheets-value=\"{&quot;1&quot;:2,&quot;2&quot;:&quot;Liliana Fagre&quot;}\">Liliana Fagre<\/td>\n<\/tr>\n<tr>\n<td width=\"176\" data-sheets-value=\"{&quot;1&quot;:2,&quot;2&quot;:&quot;Bizone, Exequiel Andres &quot;}\">Bizone, Exequiel Andres<\/td>\n<td width=\"176\" data-sheets-value=\"{&quot;1&quot;:2,&quot;2&quot;:&quot;Desarrollo de un modelo de negocio de personal shopper digital de productos tecnologicos\\&quot;&quot;}\"><a href=\"https:\/\/face.unt.edu.ar\/web\/iadmin\/wp-content\/uploads\/sites\/2\/2024\/04\/08-Bizone-Exequiel-Andres_compressed.pdf\">Desarrollo de un modelo de negocio de personal shopper digital de productos tecnologicos\u00bb<\/a><\/td>\n<td width=\"176\" data-sheets-value=\"{&quot;1&quot;:2,&quot;2&quot;:&quot;Esteban Mulki&quot;}\">Esteban Mulki<\/td>\n<\/tr>\n<tr>\n<td width=\"176\" data-sheets-value=\"{&quot;1&quot;:2,&quot;2&quot;:&quot;Corbella, Luciana Andrea&quot;}\">Corbella, Luciana Andrea<\/td>\n<td width=\"176\" data-sheets-value=\"{&quot;1&quot;:2,&quot;2&quot;:&quot;Validaci\u00f3n de modelo de negocios con el m\u00e9todo Lean Startup&quot;}\"><a href=\"https:\/\/face.unt.edu.ar\/web\/iadmin\/wp-content\/uploads\/sites\/2\/2024\/04\/09-Corbella-Luciana-Andrea_compressed.pdf\">Validaci\u00f3n de modelo de negocios con el m\u00e9todo Lean Startup<\/a><\/td>\n<td width=\"176\" data-sheets-value=\"{&quot;1&quot;:2,&quot;2&quot;:&quot;Esteban Mulki&quot;}\">Esteban Mulki<\/td>\n<\/tr>\n<tr>\n<td width=\"176\" data-sheets-value=\"{&quot;1&quot;:2,&quot;2&quot;:&quot;Costilla Laura Abigail&quot;}\">Costilla Laura Abigail<\/td>\n<td width=\"176\" data-sheets-value=\"{&quot;1&quot;:2,&quot;2&quot;:&quot;Diagn\u00f3stico de la gesti\u00f3n de recursos humanos en una sociedad an\u00f3nima con participaci\u00f3n estatal mayoritaria&quot;}\"><a href=\"https:\/\/face.unt.edu.ar\/web\/iadmin\/wp-content\/uploads\/sites\/2\/2024\/04\/10-Costilla-Laura-Abigail_compressed.pdf\">Diagn\u00f3stico de la gesti\u00f3n de recursos humanos en una sociedad an\u00f3nima con participaci\u00f3n estatal mayoritaria<\/a><\/td>\n<td width=\"176\" data-sheets-value=\"{&quot;1&quot;:2,&quot;2&quot;:&quot;HUMBERTO D\u2019ARTERIO&quot;}\">HUMBERTO D\u2019ARTERIO<\/td>\n<\/tr>\n<tr>\n<td width=\"176\" data-sheets-value=\"{&quot;1&quot;:2,&quot;2&quot;:&quot;D \u0301Andrea Juan Franco&quot;}\">D \u0301Andrea Juan Franco<\/td>\n<td width=\"176\" data-sheets-value=\"{&quot;1&quot;:2,&quot;2&quot;:&quot;Modelizaci\u00f3n del proceso de producci\u00f3n y comercializaci\u00f3n de mercader\u00eda en empresa productora de materiales para la construcci\u00f3n&quot;}\"><a href=\"https:\/\/face.unt.edu.ar\/web\/iadmin\/wp-content\/uploads\/sites\/2\/2024\/04\/11-D-%CC%81Andrea-Juan-Franco_compressed.pdf\">Modelizaci\u00f3n del proceso de producci\u00f3n y comercializaci\u00f3n de mercader\u00eda en empresa productora de materiales para la construcci\u00f3n<\/a><\/td>\n<td width=\"176\" data-sheets-value=\"{&quot;1&quot;:2,&quot;2&quot;:&quot;Marcelo Medina Galv\u00e1n&quot;}\">Marcelo Medina Galv\u00e1n<\/td>\n<\/tr>\n<tr>\n<td width=\"176\" data-sheets-value=\"{&quot;1&quot;:2,&quot;2&quot;:&quot;Dom\u00ednguez Florencia Mar\u00eda&quot;}\">Dom\u00ednguez Florencia Mar\u00eda<\/td>\n<td width=\"176\" data-sheets-value=\"{&quot;1&quot;:2,&quot;2&quot;:&quot;Aplicaci\u00f3n de Big Data y Anal\u00edtica de negocios en la gesti\u00f3n de peque\u00f1as y medianas empresas: aplicaciones y casos de estudio&quot;}\"><a href=\"https:\/\/face.unt.edu.ar\/web\/iadmin\/wp-content\/uploads\/sites\/2\/2024\/04\/12-Dominguez-Florencia-Maria_compressed.pdf\">Aplicaci\u00f3n de Big Data y Anal\u00edtica de negocios en la gesti\u00f3n de peque\u00f1as y medianas empresas: aplicaciones y casos de estudio<\/a><\/td>\n<td width=\"176\" data-sheets-value=\"{&quot;1&quot;:2,&quot;2&quot;:&quot;Marcelo Medina Galv\u00e1n&quot;}\">Marcelo Medina Galv\u00e1n<\/td>\n<\/tr>\n<tr>\n<td width=\"176\" data-sheets-value=\"{&quot;1&quot;:2,&quot;2&quot;:&quot;Guyot, Jos\u00e9 Agust\u00edn&quot;}\">Guyot, Jos\u00e9 Agust\u00edn<\/td>\n<td width=\"176\" data-sheets-value=\"{&quot;1&quot;:2,&quot;2&quot;:&quot;Redise\u00f1o de procesos ante la implementaci\u00f3n de sistema de gesti\u00f3n en una cl\u00ednica oncol\u00f3gica&quot;}\"><a href=\"https:\/\/face.unt.edu.ar\/web\/iadmin\/wp-content\/uploads\/sites\/2\/2024\/04\/13-Guyot-Jose-Agustin_compressed-1.pdf\">Redise\u00f1o de procesos ante la implementaci\u00f3n de sistema de gesti\u00f3n en una cl\u00ednica oncol\u00f3gica<\/a><\/td>\n<td width=\"176\" data-sheets-value=\"{&quot;1&quot;:2,&quot;2&quot;:&quot;Rodriguez, Maria Fernanda&quot;}\">Rodriguez, Maria Fernanda<\/td>\n<\/tr>\n<tr>\n<td width=\"176\" data-sheets-value=\"{&quot;1&quot;:2,&quot;2&quot;:&quot;Hast\u00fan Hortas, Josefina&quot;}\">Hast\u00fan Hortas, Josefina<\/td>\n<td width=\"176\" data-sheets-value=\"{&quot;1&quot;:2,&quot;2&quot;:&quot;Estandarizaci\u00f3n y mejora de procesos comerciales en \\&quot;Infomanager\\&quot;&quot;}\"><a href=\"https:\/\/face.unt.edu.ar\/web\/iadmin\/wp-content\/uploads\/sites\/2\/2024\/04\/14-Hastun-Hortas-Josefina_compressed.pdf\">Estandarizaci\u00f3n y mejora de procesos comerciales en \u00abInfomanager\u00bb<\/a><\/td>\n<td width=\"176\" data-sheets-value=\"{&quot;1&quot;:2,&quot;2&quot;:&quot;Diego Assaf&quot;}\">Diego Assaf<\/td>\n<\/tr>\n<tr>\n<td width=\"176\" data-sheets-value=\"{&quot;1&quot;:2,&quot;2&quot;:&quot;Heluani, Mat\u00edas&quot;}\">Heluani, Mat\u00edas<\/td>\n<td width=\"176\" data-sheets-value=\"{&quot;1&quot;:2,&quot;2&quot;:&quot;Dise\u00f1o de metodolog\u00eda para la optimizaci\u00f3n del Go To Market (G2M) basada en el costo de Servir (C2S)&quot;}\"><a href=\"https:\/\/face.unt.edu.ar\/web\/iadmin\/wp-content\/uploads\/sites\/2\/2024\/04\/15-Heluani-Matias_compressed.pdf\">Dise\u00f1o de metodolog\u00eda para la optimizaci\u00f3n del Go To Market (G2M) basada en el costo de Servir (C2S)<\/a><\/td>\n<td width=\"176\" data-sheets-value=\"{&quot;1&quot;:2,&quot;2&quot;:&quot;Marcelo Medina Galv\u00e1n&quot;}\">Marcelo Medina Galv\u00e1n<\/td>\n<\/tr>\n<tr>\n<td width=\"176\" data-sheets-value=\"{&quot;1&quot;:2,&quot;2&quot;:&quot;JOS\u00c9 MART\u00cdN GON\u00c7ALVES&quot;}\">Jose Mart\u00edn Goncalves<\/td>\n<td width=\"176\" data-sheets-value=\"{&quot;1&quot;:2,&quot;2&quot;:&quot;Formulaci\u00f3n de Planes de Acci\u00f3n de Marketinf (PACs) para una bodega&quot;}\"><a href=\"https:\/\/face.unt.edu.ar\/web\/iadmin\/wp-content\/uploads\/sites\/2\/2024\/04\/16-JOSE-MARTIN-GONCALVES_compressed.pdf\">Formulaci\u00f3n de Planes de Acci\u00f3n de Marketinf (PACs) para una bodega<\/a><\/td>\n<td width=\"176\" data-sheets-value=\"{&quot;1&quot;:2,&quot;2&quot;:&quot;Gabriela Abdala&quot;}\">Gabriela Abdala<\/td>\n<\/tr>\n<tr>\n<td width=\"176\" data-sheets-value=\"{&quot;1&quot;:2,&quot;2&quot;:&quot;Kasznar, Lourdes Mar\u00eda&quot;}\">Kasznar, Lourdes Mar\u00eda<\/td>\n<td width=\"176\" data-sheets-value=\"{&quot;1&quot;:2,&quot;2&quot;:&quot;An\u00e1lisis organizacional: estudio de rentabilidad en una PyME farmac\u00e9utica&quot;}\"><a href=\"https:\/\/face.unt.edu.ar\/web\/iadmin\/wp-content\/uploads\/sites\/2\/2024\/04\/17-Kasznar-Lourdes-Maria_compressed.pdf\">An\u00e1lisis organizacional: estudio de rentabilidad en una PyME farmac\u00e9utica<\/a><\/td>\n<td width=\"176\" data-sheets-value=\"{&quot;1&quot;:2,&quot;2&quot;:&quot;Javier Garc\u00eda&quot;}\">Javier Garc\u00eda<\/td>\n<\/tr>\n<tr>\n<td width=\"176\" data-sheets-value=\"{&quot;1&quot;:2,&quot;2&quot;:&quot;L\u00f3pez del Rio Carlos Ezequiel&quot;}\">L\u00f3pez del Rio Carlos Ezequiel<\/td>\n<td width=\"176\" data-sheets-value=\"{&quot;1&quot;:2,&quot;2&quot;:&quot;Dise\u00f1o Organizacional aplicado a una Pyme&quot;}\">Dise\u00f1o Organizacional aplicado a una Pyme,\u00a0<a href=\"https:\/\/face.unt.edu.ar\/web\/iadmin\/wp-content\/uploads\/sites\/2\/2024\/04\/18-Lopez-del-Rio-Carlos-Ezequiel-1-60_compressed.pdf\">parte 1<\/a>\u00a0,\u00a0<a href=\"https:\/\/face.unt.edu.ar\/web\/iadmin\/wp-content\/uploads\/sites\/2\/2024\/04\/18-Lopez-del-Rio-Carlos-Ezequiel-61-112_compressed.pdf\">parte 2<\/a><\/td>\n<td width=\"176\" data-sheets-value=\"{&quot;1&quot;:2,&quot;2&quot;:&quot;Marcelo Medina Galv\u00e1n&quot;}\">Marcelo Medina Galv\u00e1n<\/td>\n<\/tr>\n<tr>\n<td width=\"176\" data-sheets-value=\"{&quot;1&quot;:2,&quot;2&quot;:&quot;Martinez Luis Esteban&quot;}\">Martinez Luis Esteban<\/td>\n<td width=\"176\" data-sheets-value=\"{&quot;1&quot;:2,&quot;2&quot;:&quot;Propuesta para Promover la Mejora Continua en los Procesos de Contrataci\u00f3n en la Municipalidad&quot;}\"><a href=\"https:\/\/face.unt.edu.ar\/web\/iadmin\/wp-content\/uploads\/sites\/2\/2024\/04\/19-Martinez-Luis-Esteban_compressed.pdf\">Propuesta para Promover la Mejora Continua en los Procesos de Contrataci\u00f3n en la Municipalidad<\/a><\/td>\n<td width=\"176\" data-sheets-value=\"{&quot;1&quot;:2,&quot;2&quot;:&quot;Martos Mar\u00eda Enriqueta&quot;}\">Martos Mar\u00eda Enriqueta<\/td>\n<\/tr>\n<tr>\n<td width=\"176\" data-sheets-value=\"{&quot;1&quot;:2,&quot;2&quot;:&quot;Novillo Agustin &quot;}\">Novillo Agustin<\/td>\n<td width=\"176\" data-sheets-value=\"{&quot;1&quot;:2,&quot;2&quot;:&quot;Formalizaci\u00f3n y estandarizaci\u00f3n del departamento Repuestos&quot;}\"><a href=\"https:\/\/face.unt.edu.ar\/web\/iadmin\/wp-content\/uploads\/sites\/2\/2024\/04\/20-Novillo-Agustin_compressed.pdf\">Formalizaci\u00f3n y estandarizaci\u00f3n del departamento Repuestos<\/a><\/td>\n<td width=\"176\" data-sheets-value=\"{&quot;1&quot;:2,&quot;2&quot;:&quot;Diego Assaf&quot;}\">Diego Assaf<\/td>\n<\/tr>\n<tr>\n<td width=\"176\" data-sheets-value=\"{&quot;1&quot;:2,&quot;2&quot;:&quot;Passini, Rosario Lourdes&quot;}\">Passini, Rosario Lourdes<\/td>\n<td width=\"176\" data-sheets-value=\"{&quot;1&quot;:2,&quot;2&quot;:&quot;Big Data y Anal\u00edtica de Negocios en la Gesti\u00f3n Organizacional y Empresarial: Aplicaciones y Casos de Estudio&quot;}\"><a href=\"https:\/\/face.unt.edu.ar\/web\/iadmin\/wp-content\/uploads\/sites\/2\/2024\/04\/21-Passini-Rosario-Lourdes_compressed.pdf\">Big Data y Anal\u00edtica de Negocios en la Gesti\u00f3n Organizacional y Empresarial: Aplicaciones y Casos de Estudio<\/a><\/td>\n<td width=\"176\" data-sheets-value=\"{&quot;1&quot;:2,&quot;2&quot;:&quot;Marcelo Medina Galv\u00e1n&quot;}\">Marcelo Medina Galv\u00e1n<\/td>\n<\/tr>\n<tr>\n<td width=\"176\" data-sheets-value=\"{&quot;1&quot;:2,&quot;2&quot;:&quot;Paula Luc\u00eda Saracho Capurro&quot;}\">Paula Luc\u00eda Saracho Capurro<\/td>\n<td width=\"176\" data-sheets-value=\"{&quot;1&quot;:2,&quot;2&quot;:&quot;Gesti\u00f3n y Mejora de los procesoos de cobranza en Estudio Saracho &amp; Asoc.: Consultor\u00eda y Cobranzas&quot;}\"><a href=\"https:\/\/face.unt.edu.ar\/web\/iadmin\/wp-content\/uploads\/sites\/2\/2024\/04\/22-Paula-Lucia-Saracho-Capurro.pdf\">Gesti\u00f3n y Mejora de los procesoos de cobranza en Estudio Saracho &amp; Asoc.: Consultor\u00eda y Cobranzas<\/a><\/td>\n<td width=\"176\" data-sheets-value=\"{&quot;1&quot;:2,&quot;2&quot;:&quot;Diego Assaf&quot;}\">Diego Assaf<\/td>\n<\/tr>\n<tr>\n<td width=\"176\" data-sheets-value=\"{&quot;1&quot;:2,&quot;2&quot;:&quot;Reyna Edith Macarena&quot;}\">Reyna Edith Macarena<\/td>\n<td width=\"176\" data-sheets-value=\"{&quot;1&quot;:2,&quot;2&quot;:&quot;Gesti\u00f3n y costeo de inventarios aplicadas a una PyME&quot;}\"><a href=\"https:\/\/face.unt.edu.ar\/web\/iadmin\/wp-content\/uploads\/sites\/2\/2024\/04\/23-Reyna-Edith-Macarena_compressed.pdf\">Gesti\u00f3n y costeo de inventarios aplicadas a una PyME<\/a><\/td>\n<td width=\"176\" data-sheets-value=\"{&quot;1&quot;:2,&quot;2&quot;:&quot;Marcelo Medina Galv\u00e1n&quot;}\">Marcelo Medina Galv\u00e1n<\/td>\n<\/tr>\n<tr>\n<td width=\"176\" data-sheets-value=\"{&quot;1&quot;:2,&quot;2&quot;:&quot;Rocha Cristian Emanuel&quot;}\">Rocha Cristian Emanuel<\/td>\n<td width=\"176\" data-sheets-value=\"{&quot;1&quot;:2,&quot;2&quot;:&quot;Modelos cualitativos y cuantitativos parala gesti\u00f3n del conocimiento en el Ministerio de Educaci\u00f3n&quot;}\"><a href=\"https:\/\/face.unt.edu.ar\/web\/iadmin\/wp-content\/uploads\/sites\/2\/2024\/04\/24-Rocha-Cristian-Emanuel_compressed.pdf\">Modelos cualitativos y cuantitativos parala gesti\u00f3n del conocimiento en el Ministerio de Educaci\u00f3n<\/a><\/td>\n<td width=\"176\" data-sheets-value=\"{&quot;1&quot;:2,&quot;2&quot;:&quot;Marcelo Medina Galv\u00e1n&quot;}\">Marcelo Medina Galv\u00e1n<\/td>\n<\/tr>\n<tr>\n<td width=\"176\" data-sheets-value=\"{&quot;1&quot;:2,&quot;2&quot;:&quot;Rodriguez del Busto, Pilar&quot;}\">Rodriguez del Busto, Pilar<\/td>\n<td width=\"176\" data-sheets-value=\"{&quot;1&quot;:2,&quot;2&quot;:&quot;Diagnostico del plan de marketing digital y propuestas de mejoras a empresa de apuestas deportivas y juegos de azar&quot;}\"><a href=\"https:\/\/face.unt.edu.ar\/web\/iadmin\/wp-content\/uploads\/sites\/2\/2024\/04\/25-Rodriguez-del-Busto-Pilar_compressed.pdf\">Diagnostico del plan de marketing digital y propuestas de mejoras a empresa de apuestas deportivas y juegos de azar<\/a><\/td>\n<td width=\"176\" data-sheets-value=\"{&quot;1&quot;:2,&quot;2&quot;:&quot;Esteban Mulki&quot;}\">Esteban Mulki<\/td>\n<\/tr>\n<tr>\n<td width=\"176\" data-sheets-value=\"{&quot;1&quot;:2,&quot;2&quot;:&quot;Silva, Maria del Huerto&quot;}\">Silva, Maria del Huerto<\/td>\n<td width=\"176\" data-sheets-value=\"{&quot;1&quot;:2,&quot;2&quot;:&quot;Propuesta de un plan de implementaci\u00f3n de un sistema de gesti\u00f3n de calidad basado en las Normas ISO 9001 - 2015 en la Secretaria de Gesti\u00f3n Econ\u00f3mico Financiera de la Facultad de Bioqu\u00edmica, Qu\u00edmica y Farmacia UNT&quot;}\">Propuesta de un plan de implementaci\u00f3n de un sistema de gesti\u00f3n de calidad basado en las Normas ISO 9001 \u2013 2015 en la Secretaria de Gesti\u00f3n Econ\u00f3mico Financiera de la Facultad de Bioqu\u00edmica, Qu\u00edmica y Farmacia UNT,\u00a0<a href=\"https:\/\/face.unt.edu.ar\/web\/iadmin\/wp-content\/uploads\/sites\/2\/2024\/04\/07-Silva-Maria-Julia-del-Huerto_compressed-1-80.pdf\">parte 1<\/a>\u00a0,\u00a0<a href=\"https:\/\/face.unt.edu.ar\/web\/iadmin\/wp-content\/uploads\/sites\/2\/2024\/04\/07-Silva-Maria-Julia-del-Huerto_compressed-81-165.pdf\">parte 2<\/a><\/td>\n<td width=\"176\" data-sheets-value=\"{&quot;1&quot;:2,&quot;2&quot;:&quot;HUMBERTO D\u2019ARTERIO&quot;}\">HUMBERTO D\u2019ARTERIO<\/td>\n<\/tr>\n<tr>\n<td width=\"176\" data-sheets-value=\"{&quot;1&quot;:2,&quot;2&quot;:&quot;Tamargo Nieva, Ver\u00f3nica&quot;}\">Tamargo Nieva, Ver\u00f3nica<\/td>\n<td width=\"176\" data-sheets-value=\"{&quot;1&quot;:2,&quot;2&quot;:&quot;CAPACITACION Y ASISTENCIA A EMPRENDEDORES.&quot;}\"><a href=\"https:\/\/face.unt.edu.ar\/web\/iadmin\/wp-content\/uploads\/sites\/2\/2024\/04\/27-Tamargo-Nieva-Veronica_compressed.pdf\">Capacitaci\u00f3n y Asistencia a Emprendedores<\/a><\/td>\n<td width=\"176\" data-sheets-value=\"{&quot;1&quot;:2,&quot;2&quot;:&quot;Liliana Fagre&quot;}\">Liliana Fagre<\/td>\n<\/tr>\n<tr>\n<td width=\"176\" data-sheets-value=\"{&quot;1&quot;:2,&quot;2&quot;:&quot;Ter\u00e1n Nougu\u00e9s Guadalupe&quot;}\">Ter\u00e1n Nougu\u00e9s Guadalupe<\/td>\n<td width=\"176\" data-sheets-value=\"{&quot;1&quot;:2,&quot;2&quot;:&quot;Modelado y estructuraci\u00f3n de los procesos administrativos de una citr\u00edcola de Tucum\u00e1n&quot;}\"><a href=\"https:\/\/face.unt.edu.ar\/web\/iadmin\/wp-content\/uploads\/sites\/2\/2024\/04\/28-Teran-Nougues-Guadalupe_compressed.pdf\">Modelado y estructuraci\u00f3n de los procesos administrativos de una citr\u00edcola de Tucum\u00e1n<\/a><\/td>\n<td width=\"176\" data-sheets-value=\"{&quot;1&quot;:2,&quot;2&quot;:&quot;Diego Assaf&quot;}\">Diego Assaf<\/td>\n<\/tr>\n<tr>\n<td width=\"176\" data-sheets-value=\"{&quot;1&quot;:2,&quot;2&quot;:&quot;Vega Pedicone Santiago Andr\u00e9s&quot;}\">Vega Pedicone Santiago Andr\u00e9s<\/td>\n<td width=\"176\" data-sheets-value=\"{&quot;1&quot;:2,&quot;2&quot;:&quot;LAVADO EXPRESS: SERVICIO DE LIMPIEZA Y MANTENIMIENTO DE Vehiculos&quot;}\"><a href=\"https:\/\/face.unt.edu.ar\/web\/iadmin\/wp-content\/uploads\/sites\/2\/2024\/04\/29-Vega-Pedicone-Santiago-Andres_compressed.pdf\">Lavado Express: Servicio de limpieza y mantenimiento de Veh\u00edculos<\/a><\/td>\n<td width=\"176\" data-sheets-value=\"{&quot;1&quot;:2,&quot;2&quot;:&quot;Liliana Fagre&quot;}\">Liliana Fagre<\/td>\n<\/tr>\n<tr>\n<td width=\"176\" data-sheets-value=\"{&quot;1&quot;:2,&quot;2&quot;:&quot;Wierna Melisa Ivana&quot;}\">Wierna Melisa Ivana<\/td>\n<td width=\"176\" data-sheets-value=\"{&quot;1&quot;:2,&quot;2&quot;:&quot;Aplicaci\u00f3n de Cuadro de Mando Integral y herramientas de Gesti\u00f3n en una pyme comercial&quot;}\"><a href=\"https:\/\/face.unt.edu.ar\/web\/iadmin\/wp-content\/uploads\/sites\/2\/2024\/04\/30-Wierna-Melisa-Ivana_compressed.pdf\">Aplicaci\u00f3n de Cuadro de Mando Integral y herramientas de Gesti\u00f3n en una pyme comercial<\/a><\/td>\n<td width=\"176\" data-sheets-value=\"{&quot;1&quot;:2,&quot;2&quot;:&quot;Marcelo Medina Galv\u00e1n&quot;}\">Marcelo Medina Galv\u00e1n<\/p>\n<p>&nbsp;<\/td>\n<\/tr>\n<\/tbody>\n<\/table>\n<p>&nbsp;<\/p>\n<table dir=\"ltr\" border=\"1\" cellspacing=\"0\" cellpadding=\"0\" data-sheets-root=\"1\">\n<colgroup>\n<col width=\"143\" \/>\n<col width=\"170\" \/>\n<col width=\"143\" \/><\/colgroup>\n<tbody>\n<tr>\n<td data-sheets-value=\"{&quot;1&quot;:2,&quot;2&quot;:&quot;Ciaravino, Pablo&quot;}\">Ciaravino, Pablo<\/td>\n<td data-sheets-value=\"{&quot;1&quot;:2,&quot;2&quot;:&quot;Modelo de gesti\u00f3n de inventarios en una pyme comercial&quot;}\"><a href=\"https:\/\/face.unt.edu.ar\/web\/iadmin\/wp-content\/uploads\/sites\/2\/2024\/06\/31-Ciaravino-Pablo-_compressed.pdf\">Modelo de gesti\u00f3n de inventarios en una pyme comercial<\/a><\/td>\n<td data-sheets-value=\"{&quot;1&quot;:2,&quot;2&quot;:&quot;Marcelo Medina Galv\u00e1n&quot;}\">\n<div>\n<div>Marcelo Medina Galv\u00e1n<\/div>\n<\/div>\n<\/td>\n<\/tr>\n<\/tbody>\n<\/table>\n","protected":false},"excerpt":{"rendered":"<p>Alumno Nombre del trabajo Tutor Alul, Mar\u00eda Sofia Aplicaci\u00f3n de M\u00e9todos de Investigaci\u00f3n Operativa Soft en Organizaciones de San Miguel de Tucum\u00e1n Marcelo Medina Galv\u00e1n Amaya, Mar\u00eda Bel\u00e9n Reclutamiento y Selecci\u00f3n. \u00a0parte 1\u00a0,\u00a0parte 2 Grunauer, Erika Andrada Hillen Mar\u00eda Florencia Auditor\u00eda de Gesti\u00f3n para Mr. Clean: empresa de servicios varios para el hogar que opera [&hellip;]<\/p>\n","protected":false},"author":9,"featured_media":0,"parent":0,"menu_order":0,"comment_status":"closed","ping_status":"closed","template":"","meta":{"footnotes":""},"_links":{"self":[{"href":"https:\/\/face.unt.edu.ar\/web\/iadmin\/wp-json\/wp\/v2\/pages\/7312"}],"collection":[{"href":"https:\/\/face.unt.edu.ar\/web\/iadmin\/wp-json\/wp\/v2\/pages"}],"about":[{"href":"https:\/\/face.unt.edu.ar\/web\/iadmin\/wp-json\/wp\/v2\/types\/page"}],"author":[{"embeddable":true,"href":"https:\/\/face.unt.edu.ar\/web\/iadmin\/wp-json\/wp\/v2\/users\/9"}],"replies":[{"embeddable":true,"href":"https:\/\/face.unt.edu.ar\/web\/iadmin\/wp-json\/wp\/v2\/comments?post=7312"}],"version-history":[{"count":15,"href":"https:\/\/face.unt.edu.ar\/web\/iadmin\/wp-json\/wp\/v2\/pages\/7312\/revisions"}],"predecessor-version":[{"id":8285,"href":"https:\/\/face.unt.edu.ar\/web\/iadmin\/wp-json\/wp\/v2\/pages\/7312\/revisions\/8285"}],"wp:attachment":[{"href":"https:\/\/face.unt.edu.ar\/web\/iadmin\/wp-json\/wp\/v2\/media?parent=7312"}],"curies":[{"name":"wp","href":"https:\/\/api.w.org\/{rel}","templated":true}]}}