{"id":9433,"date":"2025-07-25T11:20:57","date_gmt":"2025-07-25T11:20:57","guid":{"rendered":"https:\/\/face.unt.edu.ar\/web\/iadmin\/?page_id=9433"},"modified":"2025-07-26T23:27:50","modified_gmt":"2025-07-26T23:27:50","slug":"matila-xvii","status":"publish","type":"page","link":"https:\/\/face.unt.edu.ar\/web\/iadmin\/matila-xvii\/","title":{"rendered":"MATILA XVII"},"content":{"rendered":"<table style=\"border-collapse: collapse;width: 240pt\" border=\"0\" width=\"320\" cellspacing=\"0\" cellpadding=\"0\">\n<tbody>\n<tr style=\"height: 25.5pt\">\n<td class=\"xl64\" style=\"height: 25.5pt;width: 60pt\" width=\"80\" height=\"34\"><\/td>\n<td class=\"xl64\" style=\"width: 60pt\" width=\"80\"><strong>Nombre del Trabajo<\/strong><\/td>\n<td class=\"xl64\" style=\"width: 60pt\" width=\"80\"><strong>Link en YouTube\u00a0<\/strong><\/td>\n<td class=\"xl64\" style=\"width: 60pt\" width=\"80\"><strong>Autores<\/strong><\/td>\n<\/tr>\n<tr style=\"height: 229.5pt\">\n<td class=\"xl64\" style=\"height: 229.5pt;width: 60pt\" width=\"80\" height=\"306\">A11<\/td>\n<td class=\"xl65\" style=\"width: 60pt\" width=\"80\"><a href=\"https:\/\/face.unt.edu.ar\/web\/iadmin\/wp-content\/uploads\/sites\/2\/2025\/07\/A11-Caso-de-Estudio-de-Pronostico-y-Mezcla-de-Aceites-en-Rojo-Lubricentro.pdf\">Caso de Estudio de Pron\u00f3stico y Mezcla de Aceites en Rojo Lubricentro<\/a><\/td>\n<td class=\"xl65\" style=\"width: 60pt\" width=\"80\"><a href=\"https:\/\/www.youtube.com\/watch?v=L5MgXdq0orE\">https:\/\/www.youtube.com\/watch?v=L5MgXdq0orE<\/a><\/td>\n<td class=\"xl64\" style=\"width: 60pt\" width=\"80\">Apas Julian, Choque Pe\u00f1afiel Alain Mario, Coronel Maria Eugenia, Grellet Maximiliano, Liquin Maximiliano, Lopez Kirschbaum Gustavo Gabriel, Simonetto Alejo Valentino<\/td>\n<\/tr>\n<tr style=\"height: 255.0pt\">\n<td class=\"xl64\" style=\"height: 255.0pt;width: 60pt\" width=\"80\" height=\"340\">A12<\/td>\n<td class=\"xl65\" style=\"width: 60pt\" width=\"80\"><a href=\"https:\/\/face.unt.edu.ar\/web\/iadmin\/wp-content\/uploads\/sites\/2\/2025\/07\/A12-Pronostico-y-Simulacion-del-resultado-operativo-de-una-empresa-de-servicio_compressed.pdf\">Pron\u00f3stico y Simulaci\u00f3n del resultado operativo de una empresa de servicio<\/a><\/td>\n<td class=\"xl65\" style=\"width: 60pt\" width=\"80\"><a href=\"https:\/\/youtu.be\/BpUyiFsIU6Y?feature=shared\">https:\/\/youtu.be\/BpUyiFsIU6Y?feature=shared<\/a><\/td>\n<td class=\"xl64\" style=\"width: 60pt\" width=\"80\">Alexander Franco, Roldan Acosta Alejandro,\u00a0 Emeterio Toscano Emilce , Ruiz\u00a0Azul\u00a0Fernanda, Cortina Aitana Lujan,\u00a0 Donelli Sofia Agustina, G\u00f3mez Jos\u00e9 Patricio, Ledesma Sofia Fernanda<\/td>\n<\/tr>\n<tr style=\"height: 165.75pt\">\n<td class=\"xl64\" style=\"height: 165.75pt;width: 60pt\" width=\"80\" height=\"221\">A13<\/td>\n<td class=\"xl65\" style=\"width: 60pt\" width=\"80\"><a href=\"https:\/\/face.unt.edu.ar\/web\/iadmin\/wp-content\/uploads\/sites\/2\/2025\/07\/A13-Aplicacion-de-herramientas-cuantitativas-en-una-cafeteria_compressed.pdf\">Aplicaci\u00f3n de herramientas cuantitativas en una cafeter\u00eda<\/a><\/td>\n<td class=\"xl65\" style=\"width: 60pt\" width=\"80\"><a href=\"https:\/\/youtu.be\/rsCplj0kMOY?si=U0s4DzQF7nqtSxOw\">https:\/\/youtu.be\/rsCplj0kMOY?si=U0s4DzQF7nqtSxOw<\/a><\/td>\n<td class=\"xl64\" style=\"width: 60pt\" width=\"80\">Bichara Agustin, Cabrera Sergio David, Gij\u00f3n Pablo, Gonzalez Estefania Gabriela, Iba\u00f1ez Valentina Nahir, Lobo Leila Nahir<\/td>\n<\/tr>\n<tr style=\"height: 178.5pt\">\n<td class=\"xl64\" style=\"height: 216.75pt;width: 60pt\" rowspan=\"2\" width=\"80\" height=\"289\">A14<\/td>\n<td class=\"xl65\" style=\"width: 60pt\" rowspan=\"2\" width=\"80\"><a href=\"https:\/\/face.unt.edu.ar\/web\/iadmin\/wp-content\/uploads\/sites\/2\/2025\/07\/A14-Programacion-lineal-en-visualsing-SA_compressed.pdf\">Programaci\u00f3n lineal en visualsing SA<\/a><\/td>\n<td class=\"xl65\" style=\"width: 60pt\" rowspan=\"2\" width=\"80\"><a href=\"https:\/\/youtu.be\/ROQMk8BH_Ko?si=Bn-AaXGhg8AxTPP9\">https:\/\/youtu.be\/ROQMk8BH_Ko?si=Bn-AaXGhg8AxTPP9<\/a><\/td>\n<td class=\"xl64\" style=\"width: 60pt\" width=\"80\">Sanson Lara , Falivene Carlos, Wieler Alvaro , Coronel Mar\u00eda Victoria , Schaefer Victoria , Garc\u00eda Dolores , Jara Josefina<\/td>\n<\/tr>\n<tr style=\"height: 38.25pt\">\n<td class=\"xl64\" style=\"height: 38.25pt;width: 60pt\" width=\"80\" height=\"51\">Via\u00f1a frias silva Victoria<\/td>\n<\/tr>\n<tr style=\"height: 102.0pt\">\n<td class=\"xl64\" style=\"height: 102.0pt;width: 60pt\" width=\"80\" height=\"136\">A15<\/td>\n<td class=\"xl65\" style=\"width: 60pt\" width=\"80\"><a href=\"https:\/\/face.unt.edu.ar\/web\/iadmin\/wp-content\/uploads\/sites\/2\/2025\/07\/A15-Pronostico-y-programacion-lineal-de-la-demanda-en-una-empresa-de-alquileres-de-autos.pdf\">Pron\u00f3stico y programaci\u00f3n lineal de la demanda en una empresa de alquileres de autos<\/a><\/td>\n<td class=\"xl65\" style=\"width: 60pt\" width=\"80\"><a href=\"https:\/\/youtu.be\/7ideHTe2xNg\">https:\/\/youtu.be\/7ideHTe2xNg<\/a><\/td>\n<td class=\"xl64\" style=\"width: 60pt\" width=\"80\">Ledesma, Guido,\u00a0 Salas Auad, Martin Jose, Zaya, Emilse<\/td>\n<\/tr>\n<tr style=\"height: 280.5pt\">\n<td class=\"xl64\" style=\"height: 318.75pt;width: 60pt\" rowspan=\"2\" width=\"80\" height=\"425\">A16<\/td>\n<td class=\"xl65\" style=\"width: 60pt\" rowspan=\"2\" width=\"80\"><a href=\"https:\/\/face.unt.edu.ar\/web\/iadmin\/wp-content\/uploads\/sites\/2\/2025\/07\/A16-Transportando-Data_compressed.pdf\">Transportando Data<\/a><\/td>\n<td class=\"xl65\" style=\"width: 60pt\" rowspan=\"2\" width=\"80\"><a href=\"https:\/\/youtu.be\/GD9uouoYH5E\">https:\/\/youtu.be\/GD9uouoYH5E<\/a><\/td>\n<td class=\"xl64\" style=\"width: 60pt\" width=\"80\">Ahumada Valverdi Gonzalo Matias , Cativa Roque Mauricio , Ch\u00e1vez Lautaro Nicolas , Facen Federico Pascal , Garc\u00eda Santander Karen , Sanchez Monasterio Cesar , Valdez Rodrigo Agustin<\/td>\n<\/tr>\n<tr style=\"height: 38.25pt\">\n<td class=\"xl64\" style=\"height: 38.25pt;width: 60pt\" width=\"80\" height=\"51\">Z\u00fa\u00f1iga Janeth Aymar\u00e1<\/td>\n<\/tr>\n<tr style=\"height: 178.5pt\">\n<td class=\"xl64\" style=\"height: 229.5pt;width: 60pt\" rowspan=\"3\" width=\"80\" height=\"306\">A21<\/td>\n<td class=\"xl65\" style=\"width: 60pt\" rowspan=\"3\" width=\"80\"><a href=\"https:\/\/face.unt.edu.ar\/web\/iadmin\/wp-content\/uploads\/sites\/2\/2025\/07\/A21-Optimizacion-de-la-produccion-en-Don-Pato-Restaurante-mediante-pronostico-de-demanda-y-programacion-lineal.pdf\">Optimizaci\u00f3n de la producci\u00f3n en \u201cDon Pato Restaurante\u201d mediante pron\u00f3stico de demanda y programaci\u00f3n lineal<\/a><\/td>\n<td class=\"xl65\" style=\"width: 60pt\" rowspan=\"3\" width=\"80\"><a href=\"https:\/\/youtu.be\/66yfEvYS_78\">https:\/\/youtu.be\/66yfEvYS_78<\/a><\/td>\n<td class=\"xl64\" style=\"width: 60pt\" width=\"80\">Paz, Julio, Barrera, Ramiro, Bertolli, Albertina, Cervi\u00f1o, Julieta, Mes\u00f3n, Catalina, Paz Pastorino, Lourdes, Potolicchio, Franco<\/td>\n<\/tr>\n<tr style=\"height: 25.5pt\">\n<td class=\"xl64\" style=\"height: 25.5pt;width: 60pt\" width=\"80\" height=\"34\">Torres, Emiliano<\/td>\n<\/tr>\n<tr style=\"height: 25.5pt\">\n<td class=\"xl64\" style=\"height: 25.5pt;width: 60pt\" width=\"80\" height=\"34\">Villafa\u00f1e, Agustina<\/td>\n<\/tr>\n<tr style=\"height: 204.0pt\">\n<td class=\"xl64\" style=\"height: 204.0pt;width: 60pt\" width=\"80\" height=\"272\">A22<\/td>\n<td class=\"xl65\" style=\"width: 60pt\" width=\"80\"><a href=\"https:\/\/face.unt.edu.ar\/web\/iadmin\/wp-content\/uploads\/sites\/2\/2025\/07\/A22-Mas-alla-de-la-gondola-asignacion-optima-y-pronostico-de-la-participacion-de-mercado-de-Cool-Drinks-Company_compressed.pdf\">M\u00e1s all\u00e1 de la g\u00f3ndola: asignaci\u00f3n \u00f3ptima y pron\u00f3stico de la participaci\u00f3n de mercado de Cool Drinks Company<\/a><\/td>\n<td class=\"xl65\" style=\"width: 60pt\" width=\"80\"><a href=\"https:\/\/www.youtube.com\/watch?v=Ym9XNphfyfw\">https:\/\/www.youtube.com\/watch?v=Ym9XNphfyfw<\/a><\/td>\n<td class=\"xl64\" style=\"width: 60pt\" width=\"80\">Arag\u00f3n Ana Paula, Assis Rosario, Espeche Miguez Mateo, Fernandez Santiago, Filgueira Delfina, Prado Leggio Zoe Maria, Rivera Galo Paulina<\/td>\n<\/tr>\n<tr style=\"height: 293.25pt\">\n<td class=\"xl64\" style=\"height: 293.25pt;width: 60pt\" width=\"80\" height=\"391\">A23<\/td>\n<td class=\"xl65\" style=\"width: 60pt\" width=\"80\"><a href=\"https:\/\/face.unt.edu.ar\/web\/iadmin\/wp-content\/uploads\/sites\/2\/2025\/07\/A23-Optimizacion-del-servicio-de-mantenimiento-en-camiones-del-norte-S.A.pdf\">Optimizacion del servicio de mantenimiento en camiones del norte S.A<\/a><\/td>\n<td class=\"xl65\" style=\"width: 60pt\" width=\"80\"><a href=\"https:\/\/youtu.be\/9kIjk4VU8JM\">https:\/\/youtu.be\/9kIjk4VU8JM<\/a><\/td>\n<td class=\"xl64\" style=\"width: 60pt\" width=\"80\">Chehin, Tom\u00e1s Augusto, Correa, Rosario, Del Frari, Mar\u00eda Carolina, Garc\u00eda Barraza, Lautaro Mar\u00eda, Horrach Affaticati, Mar\u00eda Solana, Rold\u00e1n, Mar\u00eda Laura, Rojas Wdoviak, Alejo &#8211; Palumbo, Martina Rosario<\/td>\n<\/tr>\n<tr style=\"height: 178.5pt\">\n<td class=\"xl64\" style=\"height: 204.0pt;width: 60pt\" rowspan=\"2\" width=\"80\" height=\"272\">A24<\/td>\n<td class=\"xl65\" style=\"width: 60pt\" rowspan=\"2\" width=\"80\"><a href=\"https:\/\/face.unt.edu.ar\/web\/iadmin\/wp-content\/uploads\/sites\/2\/2025\/07\/A24-De-los-datos-a-la-decision-pronostico-y-optimizacion-de-unna-empresa-de-tecnologia-agricola_compressed.pdf\">De los datos a la decisi\u00f3n: pron\u00f3stico y optimizaci\u00f3n de unna empresa de tecnolog\u00eda agr\u00edcola<\/a><\/td>\n<td class=\"xl65\" style=\"width: 60pt\" rowspan=\"2\" width=\"80\"><a href=\"https:\/\/www.youtube.com\/watch?v=QMp2gQVKE9Q\">https:\/\/www.youtube.com\/watch?v=QMp2gQVKE9Q<\/a><\/td>\n<td class=\"xl64\" style=\"width: 60pt\" width=\"80\">Paz Mendilaharzu Agustina, Paz Posse Pilar, Torino Mar\u00eda, Alcorta Santiago, Gramajo Facundo, Frias Silva Francisco, Dayoub Rosario<\/td>\n<\/tr>\n<tr style=\"height: 25.5pt\">\n<td class=\"xl64\" style=\"height: 25.5pt;width: 60pt\" width=\"80\" height=\"34\">Zavalia Paz Belen<\/td>\n<\/tr>\n<tr style=\"height: 178.5pt\">\n<td class=\"xl64\" style=\"height: 178.5pt;width: 60pt\" width=\"80\" height=\"238\">A25<\/td>\n<td class=\"xl65\" style=\"width: 60pt\" width=\"80\"><a href=\"https:\/\/face.unt.edu.ar\/web\/iadmin\/wp-content\/uploads\/sites\/2\/2025\/07\/A25-Aplicacion-de-herramientas-de-analisis-cuantitativo-de-negocios-en-el-sector-bancario.pdf\">Aplicaci\u00f3n de herramientas de an\u00e1lisis cuantitativo de negocios en el sector bancario<\/a><\/td>\n<td class=\"xl65\" style=\"width: 60pt\" width=\"80\"><a href=\"https:\/\/www.youtube.com\/watch?v=47oHOPtR4mU\">https:\/\/www.youtube.com\/watch?v=47oHOPtR4mU<\/a><\/td>\n<td class=\"xl64\" style=\"width: 60pt\" width=\"80\">Arga\u00f1araz Valentina, Bernal Francisco, Camandona Tomas, Figueroa Fiorella, Lemme David, Lopez Vera Lourdes, Zelarayan Nicolle<\/td>\n<\/tr>\n<tr style=\"height: 153.0pt\">\n<td class=\"xl64\" style=\"height: 153.0pt;width: 60pt\" width=\"80\" height=\"204\">A26<\/td>\n<td class=\"xl65\" style=\"width: 60pt\" width=\"80\"><a href=\"https:\/\/face.unt.edu.ar\/web\/iadmin\/wp-content\/uploads\/sites\/2\/2025\/07\/A26-Gestion-eficiente-de-inventarios-en-tiempos-de-cambios-plan-de-abastecimiento-para-manchitas-petshop.pdf\">Gesti\u00f3n eficiente de inventarios en tiempos de cambios, plan de abastecimiento para manchitas petshop<\/a><\/td>\n<td class=\"xl65\" style=\"width: 60pt\" width=\"80\"><a href=\"https:\/\/youtu.be\/YeRIgC8VWUM\">https:\/\/youtu.be\/YeRIgC8VWUM<\/a><\/td>\n<td class=\"xl64\" style=\"width: 60pt\" width=\"80\">Cena Mariana, Gallo Clara Anabella, Ucciardello Luciana, Villafuerte Nicol\u00e1s Ezequiel, Villagra Luciana Abigail<\/td>\n<\/tr>\n<tr style=\"height: 114.75pt\">\n<td class=\"xl64\" style=\"height: 114.75pt;width: 60pt\" width=\"80\" height=\"153\">S51<\/td>\n<td class=\"xl65\" style=\"width: 60pt\" width=\"80\"><a href=\"https:\/\/face.unt.edu.ar\/web\/iadmin\/wp-content\/uploads\/sites\/2\/2025\/07\/S51-El-panoptico-digital-genealogia-del-poder-de-Foucault-a-a-la-era-algoritmica.pdf\">El panoptico digital: genealogia del poder de Foucault a a la era algoritmica<\/a><\/td>\n<td class=\"xl65\" style=\"width: 60pt\" width=\"80\"><a href=\"https:\/\/www.youtube.com\/watch?v=NuU-7V29wxM\">https:\/\/www.youtube.com\/watch?v=NuU-7V29wxM<\/a><\/td>\n<td class=\"xl64\" style=\"width: 60pt\" width=\"80\">Emeterio Toscano Emilce, Lopez Kirschbaum Gustavo Gabriel, Liquin Maximiliano<\/td>\n<\/tr>\n<tr style=\"height: 140.25pt\">\n<td class=\"xl64\" style=\"height: 140.25pt;width: 60pt\" width=\"80\" height=\"187\">S52<\/td>\n<td class=\"xl65\" style=\"width: 60pt\" width=\"80\"><a href=\"https:\/\/face.unt.edu.ar\/web\/iadmin\/wp-content\/uploads\/sites\/2\/2025\/07\/S52-La-inteligencia-artificial-como-agente-de-cambio-en-las-organizaciones-Implicancias-sociologicas_compressed.pdf\">La inteligencia artificial como agente de cambio en las organizaciones: Implicancias sociol\u00f3gicas<\/a><\/td>\n<td class=\"xl65\" style=\"width: 60pt\" width=\"80\"><a href=\"https:\/\/youtu.be\/TmnbEQzZzBA\">https:\/\/youtu.be\/TmnbEQzZzBA<\/a><\/td>\n<td class=\"xl64\" style=\"width: 60pt\" width=\"80\">Ahumada Valverdi Gonzalo Matias, Aragon Ana Paula, Donelli Sofia, Ruiz Azul<\/td>\n<\/tr>\n<tr style=\"height: 127.5pt\">\n<td class=\"xl64\" style=\"height: 127.5pt;width: 60pt\" width=\"80\" height=\"170\">S53<\/td>\n<td class=\"xl64\" style=\"width: 60pt\" width=\"80\"><a href=\"https:\/\/face.unt.edu.ar\/web\/iadmin\/wp-content\/uploads\/sites\/2\/2025\/07\/S53-Entre-simbolos-y-mercados-un-viaje-sociologico-por-la-cultura-en-la-era-liquida.pdf\">Entre s\u00edmbolos y mercados: un viaje sociol\u00f3gico por la cultura en la era l\u00edquida<\/a><\/td>\n<td class=\"xl65\" style=\"width: 60pt\" width=\"80\"><a href=\"https:\/\/www.youtube.com\/watch?v=7G4JiiR9lUc&amp;t=36s\">https:\/\/www.youtube.com\/watch?v=7G4JiiR9lUc&amp;t=36s<\/a><\/td>\n<td class=\"xl64\" style=\"width: 60pt\" width=\"80\">Herrera Constanza Maria Victoria, Rojas Arraya Leandro Gabriel , Alvarez Jos\u00e9 Emiliano<\/td>\n<\/tr>\n<tr style=\"height: 102.0pt\">\n<td class=\"xl64\" style=\"height: 102.0pt;width: 60pt\" width=\"80\" height=\"136\">S54<\/td>\n<td class=\"xl64\" style=\"width: 60pt\" width=\"80\"><a href=\"https:\/\/face.unt.edu.ar\/web\/iadmin\/wp-content\/uploads\/sites\/2\/2025\/07\/S54-La-cultura-como-herramienta-estrategica-en-la-administracion-de-empresas.pdf\">La cultura como herramienta estrat\u00e9gica en la administraci\u00f3n de empresas<\/a><\/td>\n<td class=\"xl65\" style=\"width: 60pt\" width=\"80\"><a href=\"https:\/\/youtu.be\/Z_ss6lkgBxo\">https:\/\/youtu.be\/Z_ss6lkgBxo<\/a><\/td>\n<td class=\"xl64\" style=\"width: 60pt\" width=\"80\">Cena Mariana, Ucciardello Luciana<\/td>\n<\/tr>\n<tr style=\"height: 63.75pt\">\n<td class=\"xl64\" style=\"height: 63.75pt;width: 60pt\" width=\"80\" height=\"85\">S55<\/td>\n<td class=\"xl64\" style=\"width: 60pt\" width=\"80\"><a href=\"https:\/\/face.unt.edu.ar\/web\/iadmin\/wp-content\/uploads\/sites\/2\/2025\/07\/S55-Entre-Inteligencia-Artificial-e-Inteligencia-Artesanal.pdf\">Entre Inteligencia Artificial e Inteligencia Artesanal<\/a><\/td>\n<td class=\"xl65\" style=\"width: 60pt\" width=\"80\"><a href=\"https:\/\/youtu.be\/ZLA2s9Ec5L8?si=-i0EA3h_kr-9wlTv\">https:\/\/youtu.be\/ZLA2s9Ec5L8?si=-i0EA3h_kr-9wlTv<\/a><\/td>\n<td class=\"xl64\" style=\"width: 60pt\" width=\"80\">Zu\u00f1iga, Janeth Aymar\u00e1<\/td>\n<\/tr>\n<tr style=\"height: 153.0pt\">\n<td class=\"xl64\" style=\"height: 153.0pt;width: 60pt\" width=\"80\" height=\"204\">S56<\/td>\n<td class=\"xl64\" style=\"width: 60pt\" width=\"80\"><a href=\"https:\/\/face.unt.edu.ar\/web\/iadmin\/wp-content\/uploads\/sites\/2\/2025\/07\/S56-Generaciones-movimientos-sociales-y-marketing.-Estrategias-organizacionales-frente-a-la-diversidad-equidad-e-inclusion.pdf\">Generaciones, movimientos sociales y marketing. Estrategias organizacionales frente a la diversidad, equidad e inclusi\u00f3n\u00a0<\/a><\/td>\n<td class=\"xl65\" style=\"width: 60pt\" width=\"80\"><a href=\"https:\/\/youtu.be\/VTV-KMPtF6U\">https:\/\/youtu.be\/VTV-KMPtF6U<\/a><\/td>\n<td class=\"xl64\" style=\"width: 60pt\" width=\"80\">VILLAGRA LUCIANA ABIGAIL<\/td>\n<\/tr>\n<tr style=\"height: 102.0pt\">\n<td class=\"xl64\" style=\"height: 102.0pt;width: 60pt\" width=\"80\" height=\"136\">S57<\/td>\n<td class=\"xl64\" style=\"width: 60pt\" width=\"80\"><a href=\"https:\/\/face.unt.edu.ar\/web\/iadmin\/wp-content\/uploads\/sites\/2\/2025\/07\/S57-OBEDIENCIA-Y-AUTORIDAD-EN-LAS-ORGANIZACIONES.pdf\">OBEDIENCIA Y AUTORIDAD EN LAS ORGANIZACIONES<\/a><\/td>\n<td class=\"xl65\" style=\"width: 60pt\" width=\"80\"><a href=\"https:\/\/youtu.be\/tUCN2HT9RKM\">https:\/\/youtu.be\/tUCN2HT9RKM<\/a><\/td>\n<td class=\"xl64\" style=\"width: 60pt\" width=\"80\">L\u00f3pez Bianca Damaris, Geisi Franco, Ledesma Guido Augusto<\/td>\n<\/tr>\n<tr style=\"height: 165.75pt\">\n<td class=\"xl64\" style=\"height: 165.75pt;width: 60pt\" width=\"80\" height=\"221\">T31<\/td>\n<td class=\"xl64\" style=\"width: 60pt\" width=\"80\"><a href=\"https:\/\/face.unt.edu.ar\/web\/iadmin\/wp-content\/uploads\/sites\/2\/2025\/07\/T31-Reciclo-y-el-desafio-de-la-reutilizacion-una-mirada-al-retorno-de-envases_compressed.pdf\">Reciclo y el desaf\u00edo de la reutilizaci\u00f3n: una mirada al retorno de envases<\/a><\/td>\n<td class=\"xl65\" style=\"width: 60pt\" width=\"80\"><a href=\"https:\/\/youtu.be\/ZnupaRtWP2s?feature=shared\">https:\/\/youtu.be\/ZnupaRtWP2s?feature=shared<\/a><\/td>\n<td class=\"xl64\" style=\"width: 60pt\" width=\"80\">Leon Canepa Lucia, Isas Martina del Rosario, Roldan Maria Laura, Palou Ivan Enric, Horrach Affaticati Maria Solana<\/td>\n<\/tr>\n<tr style=\"height: 216.75pt\">\n<td class=\"xl64\" style=\"height: 216.75pt;width: 60pt\" width=\"80\" height=\"289\">T32<\/td>\n<td class=\"xl64\" style=\"width: 60pt\" width=\"80\"><a href=\"https:\/\/face.unt.edu.ar\/web\/iadmin\/wp-content\/uploads\/sites\/2\/2025\/07\/T32-Del-anonimato-al-alcance-diagnostico-y-planes-de-accion-para-las-redes-sociales-de-un-emprendimiento-de-carteras_compressed.pdf\">Del anonimato al alcance: diagn\u00f3stico y planes de acci\u00f3n para las redes sociales de un emprendimiento de carteras<\/a><\/td>\n<td class=\"xl65\" style=\"width: 60pt\" width=\"80\"><a href=\"https:\/\/www.youtube.com\/watch?v=rb-_6CDQjJA\">https:\/\/www.youtube.com\/watch?v=rb-_6CDQjJA<\/a><\/td>\n<td class=\"xl64\" style=\"width: 60pt\" width=\"80\">Autalan Francisco Nahuel, Dom\u00ednguez Ger\u00f3nimo, Iruzubieta Odstrcil Mat\u00edas Ignacio, L\u00f3pez Nassif Tamara Martina, Maza Sergio Nahuel, Olivera Florencia<\/td>\n<\/tr>\n<tr style=\"height: 165.75pt\">\n<td class=\"xl64\" style=\"height: 165.75pt;width: 60pt\" width=\"80\" height=\"221\">T33<\/td>\n<td class=\"xl64\" style=\"width: 60pt\" width=\"80\"><a href=\"https:\/\/face.unt.edu.ar\/web\/iadmin\/wp-content\/uploads\/sites\/2\/2025\/07\/T33-Agentes-de-inteligencia-artificial-en-la-gestion-de-inventarios-de-un-supermercado_compressed.pdf\">Agentes de inteligencia artificial en la gesti\u00f3n de inventarios de un supermercado<\/a><\/td>\n<td class=\"xl65\" style=\"width: 60pt\" width=\"80\"><a href=\"https:\/\/youtu.be\/JEsa-sGeiqY?si=jp3bzwTl9GN2cOz_\">https:\/\/youtu.be\/JEsa-sGeiqY?si=jp3bzwTl9GN2cOz_<\/a><\/td>\n<td class=\"xl64\" style=\"width: 60pt\" width=\"80\">Galindez, Ignacio Federico, Jaime Molinero, Jimena, Negro, Faustina, Rios Mendez, Maria Jose, Saluzzo, Mariela<\/td>\n<\/tr>\n<tr style=\"height: 204.0pt\">\n<td class=\"xl64\" style=\"height: 204.0pt;width: 60pt\" width=\"80\" height=\"272\">T34<\/td>\n<td class=\"xl64\" style=\"width: 60pt\" width=\"80\"><a href=\"https:\/\/face.unt.edu.ar\/web\/iadmin\/wp-content\/uploads\/sites\/2\/2025\/07\/T34-Jugando-en-digital-Desafios-y-oportunidades-de-transformacion-digital-en-una-Pyme-familiar.pdf\">Jugando en digital: Desaf\u00edos y oportunidades de transformaci\u00f3n digital en una Pyme familiar<\/a><\/td>\n<td class=\"xl65\" style=\"width: 60pt\" width=\"80\"><a href=\"https:\/\/youtu.be\/ZhvLBOLXeEU?si=vwhZam_8L-OQXhRL\">https:\/\/youtu.be\/ZhvLBOLXeEU?si=vwhZam_8L-OQXhRL<\/a><\/td>\n<td class=\"xl64\" style=\"width: 60pt\" width=\"80\">Macian German Guillermo, Iba\u00f1ez Valentina Nahir, Vera Lourdes Guadalupe, Coronel Haiquel Josefina Laila, Elias Dunia, Gonzalez Luana Antonella<\/td>\n<\/tr>\n<tr style=\"height: 178.5pt\">\n<td class=\"xl64\" style=\"height: 178.5pt;width: 60pt\" width=\"80\" height=\"238\">T41<\/td>\n<td class=\"xl64\" style=\"width: 60pt\" width=\"80\"><a href=\"https:\/\/face.unt.edu.ar\/web\/iadmin\/wp-content\/uploads\/sites\/2\/2025\/07\/T41-Desafios-en-la-adopcion-de-la-inteligencia-artificial-en-la-atencion-bancaria-Percepciones-y-Barreras.pdf\">Desaf\u00edos en la adopci\u00f3n de la inteligencia artificial en la atenci\u00f3n bancaria: Percepciones y Barreras<\/a><\/td>\n<td class=\"xl65\" style=\"width: 60pt\" width=\"80\"><a href=\"https:\/\/youtu.be\/p0Kp4lOW_LU?si=qFVxPkJ0bGyAkn1Q\">https:\/\/youtu.be\/p0Kp4lOW_LU?si=qFVxPkJ0bGyAkn1Q<\/a><\/td>\n<td class=\"xl64\" style=\"width: 60pt\" width=\"80\">Gonzalez Contino Milagros, Arevalo Tomas, Aguirre Rodriguez Julian, Gonzalez Albornoz Manuel, Celario Pablo Augusto<\/td>\n<\/tr>\n<tr style=\"height: 178.5pt\">\n<td class=\"xl64\" style=\"height: 178.5pt;width: 60pt\" width=\"80\" height=\"238\">T42<\/td>\n<td class=\"xl64\" style=\"width: 60pt\" width=\"80\"><a href=\"https:\/\/face.unt.edu.ar\/web\/iadmin\/wp-content\/uploads\/sites\/2\/2025\/07\/T42-Taller-Inteligente-agentes-de-la-IA-al-servicio-de-la-gestion-administrativa-automotriz.pdf\">Taller Inteligente: agentes de la IA al servicio de la gesti\u00f3n administrativa automotriz<\/a><\/td>\n<td class=\"xl65\" style=\"width: 60pt\" width=\"80\"><a href=\"https:\/\/youtu.be\/ZEIig2MrDUk\">https:\/\/youtu.be\/ZEIig2MrDUk<\/a><\/td>\n<td class=\"xl64\" style=\"width: 60pt\" width=\"80\">Calvo, Emiliano, Kargachin Ramirez, Ana Luc\u00eda, Martin Arag\u00f3n, Benjamin Luis, Stagnitta, Vicente Antonio, Toledo, Delfina<\/td>\n<\/tr>\n<tr style=\"height: 191.25pt\">\n<td class=\"xl64\" style=\"height: 191.25pt;width: 60pt\" width=\"80\" height=\"255\">T43<\/td>\n<td class=\"xl64\" style=\"width: 60pt\" width=\"80\"><a href=\"https:\/\/face.unt.edu.ar\/web\/iadmin\/wp-content\/uploads\/sites\/2\/2025\/07\/T43-Automatizar-para-mejorar.pdf\">Automatizar para mejorar<\/a><\/td>\n<td class=\"xl65\" style=\"width: 60pt\" width=\"80\"><a href=\"https:\/\/youtu.be\/twd2fCO7CNU\">https:\/\/youtu.be\/twd2fCO7CNU<\/a><\/td>\n<td class=\"xl64\" style=\"width: 60pt\" width=\"80\">Chrestia Santiago, Presti Tomas, Auad Lisandro, Gomez Bello Eduardo, Fernandez Dantur Melina, Contini Maria Agostina<\/td>\n<\/tr>\n<tr style=\"height: 191.25pt\">\n<td class=\"xl64\" style=\"height: 191.25pt;width: 60pt\" width=\"80\" height=\"255\">T44<\/td>\n<td class=\"xl64\" style=\"width: 60pt\" width=\"80\"><a href=\"https:\/\/face.unt.edu.ar\/web\/iadmin\/wp-content\/uploads\/sites\/2\/2025\/07\/T44-Implementacion-de-IA-en-logistica.pdf\">Implementaci\u00f3n\u00a0 de IA en log\u00edstica<\/a><\/td>\n<td class=\"xl65\" style=\"width: 60pt\" width=\"80\"><a href=\"https:\/\/youtu.be\/L-ILlKfoBtk?si=Pfazp4C3wtGPPKsl\">https:\/\/youtu.be\/L-ILlKfoBtk?si=Pfazp4C3wtGPPKsl<\/a><\/td>\n<td class=\"xl64\" style=\"width: 60pt\" width=\"80\">Alvarado Nicol\u00e1s Emanuel, Arga\u00f1araz Valentina Yael , D\u00e9cima Tom\u00e1s Federico, Lamarque Santiago Javier , Maman\u00ed Silvia Guadalupe<\/td>\n<\/tr>\n<\/tbody>\n<\/table>\n","protected":false},"excerpt":{"rendered":"<p>Nombre del Trabajo Link en YouTube\u00a0 Autores A11 Caso de Estudio de Pron\u00f3stico y Mezcla de Aceites en Rojo Lubricentro https:\/\/www.youtube.com\/watch?v=L5MgXdq0orE Apas Julian, Choque Pe\u00f1afiel Alain Mario, Coronel Maria Eugenia, Grellet Maximiliano, Liquin Maximiliano, Lopez Kirschbaum Gustavo Gabriel, Simonetto Alejo Valentino A12 Pron\u00f3stico y Simulaci\u00f3n del resultado operativo de una empresa de servicio https:\/\/youtu.be\/BpUyiFsIU6Y?feature=shared Alexander [&hellip;]<\/p>\n","protected":false},"author":9,"featured_media":0,"parent":0,"menu_order":0,"comment_status":"closed","ping_status":"closed","template":"","meta":{"footnotes":""},"_links":{"self":[{"href":"https:\/\/face.unt.edu.ar\/web\/iadmin\/wp-json\/wp\/v2\/pages\/9433"}],"collection":[{"href":"https:\/\/face.unt.edu.ar\/web\/iadmin\/wp-json\/wp\/v2\/pages"}],"about":[{"href":"https:\/\/face.unt.edu.ar\/web\/iadmin\/wp-json\/wp\/v2\/types\/page"}],"author":[{"embeddable":true,"href":"https:\/\/face.unt.edu.ar\/web\/iadmin\/wp-json\/wp\/v2\/users\/9"}],"replies":[{"embeddable":true,"href":"https:\/\/face.unt.edu.ar\/web\/iadmin\/wp-json\/wp\/v2\/comments?post=9433"}],"version-history":[{"count":6,"href":"https:\/\/face.unt.edu.ar\/web\/iadmin\/wp-json\/wp\/v2\/pages\/9433\/revisions"}],"predecessor-version":[{"id":9440,"href":"https:\/\/face.unt.edu.ar\/web\/iadmin\/wp-json\/wp\/v2\/pages\/9433\/revisions\/9440"}],"wp:attachment":[{"href":"https:\/\/face.unt.edu.ar\/web\/iadmin\/wp-json\/wp\/v2\/media?parent=9433"}],"curies":[{"name":"wp","href":"https:\/\/api.w.org\/{rel}","templated":true}]}}