{"id":260,"date":"2017-09-04T22:56:38","date_gmt":"2017-09-04T22:56:38","guid":{"rendered":"http:\/\/face.unt.edu.ar\/web\/ieconomia\/?page_id=260"},"modified":"2021-10-15T12:47:03","modified_gmt":"2021-10-15T12:47:03","slug":"esteban-nicolini","status":"publish","type":"page","link":"https:\/\/face.unt.edu.ar\/web\/ieconomia\/profesores\/esteban-nicolini\/","title":{"rendered":"ESTEBAN ALBERTO NICOLINI"},"content":{"rendered":"<div>\n<p><strong>T\u00edtulos acad\u00e9micos\u00a0<\/strong><\/p>\n<div class=\"td-paragraph-padding-4\">\n<ul>\n<li><em>Licenciado en Historia<\/em><\/li>\n<li><em>M\u00e1ster en Econom\u00eda<\/em><\/li>\n<li><em>Doctor en Econom\u00eda<\/em><\/li>\n<\/ul>\n<\/div>\n<p><b>Cargos en Investigaci\u00f3n y Docencia<\/b><\/p>\n<div class=\"td-paragraph-padding-4\">\n<p><em>Profesor Asociado<\/em><\/p>\n<\/div>\n<div><b>Asignatura en las que interviene<\/b><\/div>\n<div><\/div>\n<div class=\"td-paragraph-padding-4\">\n<p><em>Problemas Econ\u00f3micos de Am\u00e9rica Latina<\/em><\/p>\n<p><em>Historia Econ\u00f3mica y Social<\/em><\/p>\n<\/div>\n<p><strong>\u00c1reas de Investigaci\u00f3n<\/strong><\/p>\n<div class=\"td-paragraph-padding-4\">\n<p><em>Historia Econ\u00f3mica,\u00a0Desarrollo Econ\u00f3mico<\/em><\/p>\n<\/div>\n<p><strong>Contacto<\/strong><\/p>\n<div class=\"td-paragraph-padding-4\">\n<p>E-mail: esteban.nicolini@gmail.com<br \/>\nBox: 65<\/p>\n<\/div>\n<div class=\"td-paragraph-padding-0\">\n<p><strong>Publicaciones Relevantes<\/strong><\/p>\n<p>2021 &#8211; \u201cComparing Income and Wealth Inequality in Pre-Industrial Economies: the case of Castile (Spain) in the eighteenth-century\u201d (co-authored by Fernando Ramos-Palencia), forthcoming in <em>European Review of Economic History<\/em>.<\/p>\n<p>2021 &#8211; \u201cInequality in Spain during the Early Modern Period, 1500-1800. Notes and results\u201d (co-authored by Fernando Ramos-Palencia) forthcoming in Alfani, Guido and Thoen Erik (eds.): <em>Inequality in rural Europe (Late Middle Ages &#8211; 18<sup>th<\/sup> century)<\/em>, CORN, Brepols Publishers.<\/p>\n<p>2020 &#8211; \u201cLa desigualdad econ\u00f3mica regional en Am\u00e9rica Latina (1895-2010)\u201d (co-authored by Marc Bad\u00eda-Mir\u00f3, Julio Mart\u00ednez-Galarraga, Daniel Tirado-Fabregat y Henry Willebald), <em>Investigaciones de Historia Econ\u00f3mica &#8211; Economic History Research<\/em> 16, 15-29.<\/p>\n<p>2020 &#8211; \u201cSpatial inequality in Latin America (1895-2010)\u201d (co-authored by Marc Bad\u00eda-Mir\u00f3 and Henry Willebald), in Bad\u00eda-Mir\u00f3, Tirado and Willebald (eds.): \u201cTime and Space: Latin American Regional Development in Historical Perspective\u00bb, Palgrave editors.<\/p>\n<p>2020 &#8211; \u201cGrowth and convergence among Argentine provinces since 1895\u201d (co-authored by Florencia Ar\u00e1oz and Mauricio Talssino), in Bad\u00eda-Mir\u00f3, Tirado and Willebald (eds.): \u201cTime and Space: Latin American Regional Development in Historical Perspective\u00bb, Palgrave editors.<\/p>\n<p>2020 &#8211; \u201cRegional Inequality in Latin America: Does It Mirror the European Pattern?\u201d (co-authored by Julio Martinez-Galarraga, Daniel A. Tirado-Fabregat, and Henry Willebald), in Bad\u00eda-Mir\u00f3, Tirado and Willebald (eds.): \u201cTime and Space: Latin American Regional Development in Historical Perspective\u00bb, Palgrave editors.<\/p>\n<p>2020 &#8211; \u201cInequality in Early Modern Spain: New evidence from the Ensenada Cadastre in Castile, c. 1750&#8243;, (co-authored by Fernando Ramos Palencia) in Giampiero Nigro (ed.), <em>Economic inequality in pre-industrial societies: causes and effects<\/em> Florence University Press, Florence, 255-273.<\/p>\n<p>2020 &#8211; \u201cRegional Growth and the Persistence of Regional Income Inequality in Argentina in the First Half of the Twentieth Century\u00bb, (co-authored by Florencia Ar\u00e1oz) <em>Journal of Latin America Studies<\/em> 52, 293-316.<\/p>\n<p>2019 &#8211; \u201cPatrones de consumo de las familias de trabajadores en Buenos Aires (Argentina) entre 1907 y 1933&#8243;, (co-authored by Florencia Correa Deza) <em>Revista Uruguaya de Historia Econ\u00f3mica <\/em>16, 10-25.<\/p>\n<p>2018 &#8211; \u201cGrowth and Regional Disparities in South America, 1890-1960\u201d, (co-authored by Marc Bad\u00eda-Mir\u00f3 y Henry Willbelald), <em>Journal of Interdisciplinary History <\/em>49, 1, 117-139.<\/p>\n<p>2016 &#8211; \u201cDecomposing Income Inequality in a Backward Pre-Industrial Economy: Old Castile (Spain) in the Middle of the Eighteenth Century\u201d, (co-authored by Fernando Ramos Palencia), <em>The Economic History Review<\/em>. 69, 3, 747\u2013772.<\/p>\n<p>2014 &#8211; \u201cDiferencias regionales en el costo de vida en Argentina a comienzos del siglo XX\u201d, (co-authored by Florencia Correa Deza), <em>Investigaciones en Historia Econ\u00f3mica \u2013 Research in Economic History, <\/em>10, 210-212. ISSN: 1698-6989.<\/p>\n<\/div>\n<\/div>\n<p>&nbsp;<\/p>\n","protected":false},"excerpt":{"rendered":"<p>T\u00edtulos acad\u00e9micos\u00a0 Licenciado en Historia M\u00e1ster en Econom\u00eda Doctor en Econom\u00eda Cargos en Investigaci\u00f3n y Docencia Profesor Asociado Asignatura en las que interviene Problemas Econ\u00f3micos de Am\u00e9rica Latina Historia Econ\u00f3mica y Social \u00c1reas de Investigaci\u00f3n Historia Econ\u00f3mica,\u00a0Desarrollo Econ\u00f3mico Contacto E-mail: esteban.nicolini@gmail.com Box: 65 Publicaciones Relevantes 2021 &#8211; \u201cComparing Income and Wealth Inequality in Pre-Industrial Economies: [&hellip;]<\/p>\n","protected":false},"author":10,"featured_media":0,"parent":135,"menu_order":0,"comment_status":"closed","ping_status":"closed","template":"","meta":{"footnotes":""},"_links":{"self":[{"href":"https:\/\/face.unt.edu.ar\/web\/ieconomia\/wp-json\/wp\/v2\/pages\/260"}],"collection":[{"href":"https:\/\/face.unt.edu.ar\/web\/ieconomia\/wp-json\/wp\/v2\/pages"}],"about":[{"href":"https:\/\/face.unt.edu.ar\/web\/ieconomia\/wp-json\/wp\/v2\/types\/page"}],"author":[{"embeddable":true,"href":"https:\/\/face.unt.edu.ar\/web\/ieconomia\/wp-json\/wp\/v2\/users\/10"}],"replies":[{"embeddable":true,"href":"https:\/\/face.unt.edu.ar\/web\/ieconomia\/wp-json\/wp\/v2\/comments?post=260"}],"version-history":[{"count":11,"href":"https:\/\/face.unt.edu.ar\/web\/ieconomia\/wp-json\/wp\/v2\/pages\/260\/revisions"}],"predecessor-version":[{"id":706,"href":"https:\/\/face.unt.edu.ar\/web\/ieconomia\/wp-json\/wp\/v2\/pages\/260\/revisions\/706"}],"up":[{"embeddable":true,"href":"https:\/\/face.unt.edu.ar\/web\/ieconomia\/wp-json\/wp\/v2\/pages\/135"}],"wp:attachment":[{"href":"https:\/\/face.unt.edu.ar\/web\/ieconomia\/wp-json\/wp\/v2\/media?parent=260"}],"curies":[{"name":"wp","href":"https:\/\/api.w.org\/{rel}","templated":true}]}}