{"id":320,"date":"2017-09-18T15:21:06","date_gmt":"2017-09-18T15:21:06","guid":{"rendered":"http:\/\/face.unt.edu.ar\/web\/ieconomia\/?page_id=320"},"modified":"2021-10-14T15:58:11","modified_gmt":"2021-10-14T15:58:11","slug":"jose-javier-bercoff","status":"publish","type":"page","link":"https:\/\/face.unt.edu.ar\/web\/ieconomia\/profesores\/jose-javier-bercoff\/","title":{"rendered":"JOS\u00c9 JAVIER BERCOFF"},"content":{"rendered":"<p><strong>T\u00edtulos acad\u00e9micos\u00a0<\/strong><\/p>\n<div class=\"td-paragraph-padding-4\">\n<ul>\n<li><em>Doctor de la Universidad Carlos III-Madrid (Historia Econ\u00f3mica)<\/em><\/li>\n<li><em>Master of Arts de la McGill University (Economics)<\/em><\/li>\n<li><em>Licenciado en Econom\u00eda de la UNT<\/em><\/li>\n<\/ul>\n<\/div>\n<p><b>Cargos en Investigaci\u00f3n y Docencia<\/b><\/p>\n<div class=\"td-paragraph-padding-4\">\n<ul>\n<li><em>Profesor Asociado<\/em><\/li>\n<li><em>Docente Investigador Categorizado en el Programa de Incentivos a Docentes Investigadores &#8211; UNT<\/em><\/li>\n<\/ul>\n<\/div>\n<div><b>Asignatura en las que interviene<\/b><\/div>\n<div><\/div>\n<div class=\"td-paragraph-padding-4\">\n<ul>\n<li>Macroeconom\u00eda II\/Teor\u00eda Monetaria I<\/li>\n<li>Historia del Pensamiento Econ\u00f3mico<\/li>\n<li>Microeconom\u00eda III (Teor\u00eda de los Juegos)<\/li>\n<\/ul>\n<\/div>\n<p><strong>\u00c1reas de Investigaci\u00f3n<\/strong><\/p>\n<div class=\"td-paragraph-padding-4\">\n<p>Econom\u00eda Pol\u00edtica, Historia Econ\u00f3mica Argentina<\/p>\n<\/div>\n<p><strong>Contacto<\/strong><\/p>\n<div class=\"td-paragraph-padding-4\">\n<ul>\n<li>E-mail: jbercoff@face.unt.edu.ar<\/li>\n<li>Twitter: @JoBercoff<br \/>\nBox: 78<\/li>\n<\/ul>\n<\/div>\n<div class=\"td-paragraph-padding-0\">\n<p><strong>Publicaciones Relevantes<\/strong><\/p>\n<p><strong><em>Libros<\/em><\/strong><\/p>\n<ul>\n<li>Compilador del libro Incentivos perversos, gobernantes oportunistas, votantes racionales. Ensayos sobre la Econom\u00eda Pol\u00edtica de las Provincias Argentinas. Editorial Dunken. Buenos Aires (2016). (En colaboraci\u00f3n con Osvaldo Meloni).<\/li>\n<\/ul>\n<p><strong><em>Cap\u00edtulos en libros<\/em><\/strong><\/p>\n<ul>\n<li>\u201cLa industria y sus pol\u00edticas\u201d en el libro \u201cLa Econom\u00eda de Per\u00f3n. Una historia econ\u00f3mica 1946-1955\u201d. Roberto Cortes Conde, Gerardo della Paolera, Laura D\u2019Amato and Javier Ort\u00edz Batalla (editores) Editorial Edhasa. Buenos Aires. (2020) (en colaboraci\u00f3n con Osvaldo Meloni)<\/li>\n<li>\u201cSobre Incentivos, Oportunismo y Racionalidad\u201d en \u201cIncentivos Perversos, Gobernantes Oportunistas, Votantes Racionales. Ensayos sobre la econom\u00eda pol\u00edtica de las provincias Argentinas\u201d. Editorial Dunken. Buenos Aires (2016). (En colaboraci\u00f3n con Osvaldo Meloni).<\/li>\n<li>\u201cDeterminantes Institucionales del Gasto P\u00fablico en las Provincias Argentinas\u201d en \u201cIncentivos Perversos, Gobernantes Oportunistas, Votantes Racionales. Ensayos sobre la econom\u00eda pol\u00edtica de las provincias Argentinas\u201d. Editorial Dunken. Buenos Aires (2016). (En colaboraci\u00f3n con Jorge P. Nougu\u00e9s).<\/li>\n<li>\u201cSensatez y Sencibilidad: Condiciones Socioecon\u00f3micas y Voto Femenino\u201d en \u201cIncentivos Perversos, Gobernantes Oportunistas, Votantes Racionales. Ensayos sobre la econom\u00eda pol\u00edtica de las provincias Argentinas\u201d. Editorial Dunken. Buenos Aires (2016). (En colaboraci\u00f3n con Osvaldo Meloni).<\/li>\n<li>\u201cEl Rol del Congreso en la pol\u00edtica Fiscal: Pol\u00edtica Distributiva\u201d en \u201cProgreso en Econom\u00eda Pol\u00edtica: La Pol\u00edtica Fiscal\u201d. Editorial Temas. Buenos Aires (2013). (En colaboraci\u00f3n con Jorge P. Nougu\u00e9s).<\/li>\n<\/ul>\n<p><strong><em>Revistas cient\u00edficas con referato<\/em><\/strong><\/p>\n<ul>\n<li>A Stylized Model of Overrepresentation and Quality in the Congress. Economics Letters. Elsevier. Volumen 115 (3) &#8211; 2012. (En colaboraci\u00f3n con Osvaldo Meloni y Jorge Nougu\u00e9s).<\/li>\n<li>Federal Budget Allocation in an Emergent Democracy. Evidence from Argentina. Economics of Governance. Springer. Volume 10 (1)- 2009. (En colaboraci\u00f3n con Osvaldo Meloni).<\/li>\n<\/ul>\n<p>&nbsp;<\/p>\n<\/div>\n","protected":false},"excerpt":{"rendered":"<p>T\u00edtulos acad\u00e9micos\u00a0 Doctor de la Universidad Carlos III-Madrid (Historia Econ\u00f3mica) Master of Arts de la McGill University (Economics) Licenciado en Econom\u00eda de la UNT Cargos en Investigaci\u00f3n y Docencia Profesor Asociado Docente Investigador Categorizado en el Programa de Incentivos a Docentes Investigadores &#8211; UNT Asignatura en las que interviene Macroeconom\u00eda II\/Teor\u00eda Monetaria I Historia del [&hellip;]<\/p>\n","protected":false},"author":10,"featured_media":0,"parent":135,"menu_order":0,"comment_status":"closed","ping_status":"closed","template":"","meta":{"footnotes":""},"_links":{"self":[{"href":"https:\/\/face.unt.edu.ar\/web\/ieconomia\/wp-json\/wp\/v2\/pages\/320"}],"collection":[{"href":"https:\/\/face.unt.edu.ar\/web\/ieconomia\/wp-json\/wp\/v2\/pages"}],"about":[{"href":"https:\/\/face.unt.edu.ar\/web\/ieconomia\/wp-json\/wp\/v2\/types\/page"}],"author":[{"embeddable":true,"href":"https:\/\/face.unt.edu.ar\/web\/ieconomia\/wp-json\/wp\/v2\/users\/10"}],"replies":[{"embeddable":true,"href":"https:\/\/face.unt.edu.ar\/web\/ieconomia\/wp-json\/wp\/v2\/comments?post=320"}],"version-history":[{"count":11,"href":"https:\/\/face.unt.edu.ar\/web\/ieconomia\/wp-json\/wp\/v2\/pages\/320\/revisions"}],"predecessor-version":[{"id":693,"href":"https:\/\/face.unt.edu.ar\/web\/ieconomia\/wp-json\/wp\/v2\/pages\/320\/revisions\/693"}],"up":[{"embeddable":true,"href":"https:\/\/face.unt.edu.ar\/web\/ieconomia\/wp-json\/wp\/v2\/pages\/135"}],"wp:attachment":[{"href":"https:\/\/face.unt.edu.ar\/web\/ieconomia\/wp-json\/wp\/v2\/media?parent=320"}],"curies":[{"name":"wp","href":"https:\/\/api.w.org\/{rel}","templated":true}]}}