{"id":412,"date":"2017-11-05T21:59:21","date_gmt":"2017-11-05T21:59:21","guid":{"rendered":"http:\/\/face.unt.edu.ar\/web\/ieconomia\/?page_id=412"},"modified":"2025-11-17T16:01:26","modified_gmt":"2025-11-17T16:01:26","slug":"wallberg-gustavo-federico","status":"publish","type":"page","link":"https:\/\/face.unt.edu.ar\/web\/ieconomia\/profesores\/wallberg-gustavo-federico\/","title":{"rendered":"GUSTAVO FEDERICO WALLBERG"},"content":{"rendered":"<p><strong>T\u00edtulos acad\u00e9micos\u00a0<\/strong><\/p>\n<ul>\n<li><em>Licenciado en Econom\u00eda \u2013 Universidad Nacional de Tucum\u00e1n<\/em><\/li>\n<li><em>Magister en Derecho y Econom\u00eda &#8211; Universidad Torcuato Di Tella<\/em><\/li>\n<li><em>Experto universitario en Mercados de Capitales (UTN-BA)<\/em><\/li>\n<\/ul>\n<p><b>Cargos en Investigaci\u00f3n y Docencia<\/b><\/p>\n<div class=\"td-paragraph-padding-4\">\n<ul>\n<li><em>Profesor Titular<\/em><\/li>\n<\/ul>\n<\/div>\n<div><b>Asignatura en las que interviene<\/b><\/div>\n<div><\/div>\n<div class=\"td-paragraph-padding-4\">\n<ul>\n<li><em>Derecho y Econom\u00eda<\/em><\/li>\n<li><em>Historia del Pensamiento Econ\u00f3mico<\/em><\/li>\n<\/ul>\n<\/div>\n<p><strong>\u00c1reas de Investigaci\u00f3n<\/strong><\/p>\n<div class=\"td-paragraph-padding-4\">\n<p>An\u00e1lisis econ\u00f3mico del derecho; historia econ\u00f3mica argentina; econom\u00eda institucional; pol\u00edtica econ\u00f3mica<\/p>\n<\/div>\n<p><strong>Contacto<\/strong><\/p>\n<p>E-mail: <a href=\"mailto:gfwallberg@face.unt.edu.ar\" target=\"_blank\" rel=\"noopener\">gfwallberg@face.unt.edu.ar<\/a><br \/>\nBox: 68<\/p>\n","protected":false},"excerpt":{"rendered":"<p>T\u00edtulos acad\u00e9micos\u00a0 Licenciado en Econom\u00eda \u2013 Universidad Nacional de Tucum\u00e1n Magister en Derecho y Econom\u00eda &#8211; Universidad Torcuato Di Tella Experto universitario en Mercados de Capitales (UTN-BA) Cargos en Investigaci\u00f3n y Docencia Profesor Titular Asignatura en las que interviene Derecho y Econom\u00eda Historia del Pensamiento Econ\u00f3mico \u00c1reas de Investigaci\u00f3n An\u00e1lisis econ\u00f3mico del derecho; historia econ\u00f3mica [&hellip;]<\/p>\n","protected":false},"author":10,"featured_media":0,"parent":135,"menu_order":0,"comment_status":"closed","ping_status":"closed","template":"","meta":{"footnotes":""},"_links":{"self":[{"href":"https:\/\/face.unt.edu.ar\/web\/ieconomia\/wp-json\/wp\/v2\/pages\/412"}],"collection":[{"href":"https:\/\/face.unt.edu.ar\/web\/ieconomia\/wp-json\/wp\/v2\/pages"}],"about":[{"href":"https:\/\/face.unt.edu.ar\/web\/ieconomia\/wp-json\/wp\/v2\/types\/page"}],"author":[{"embeddable":true,"href":"https:\/\/face.unt.edu.ar\/web\/ieconomia\/wp-json\/wp\/v2\/users\/10"}],"replies":[{"embeddable":true,"href":"https:\/\/face.unt.edu.ar\/web\/ieconomia\/wp-json\/wp\/v2\/comments?post=412"}],"version-history":[{"count":7,"href":"https:\/\/face.unt.edu.ar\/web\/ieconomia\/wp-json\/wp\/v2\/pages\/412\/revisions"}],"predecessor-version":[{"id":1423,"href":"https:\/\/face.unt.edu.ar\/web\/ieconomia\/wp-json\/wp\/v2\/pages\/412\/revisions\/1423"}],"up":[{"embeddable":true,"href":"https:\/\/face.unt.edu.ar\/web\/ieconomia\/wp-json\/wp\/v2\/pages\/135"}],"wp:attachment":[{"href":"https:\/\/face.unt.edu.ar\/web\/ieconomia\/wp-json\/wp\/v2\/media?parent=412"}],"curies":[{"name":"wp","href":"https:\/\/api.w.org\/{rel}","templated":true}]}}