{"id":420,"date":"2017-11-05T22:13:14","date_gmt":"2017-11-05T22:13:14","guid":{"rendered":"http:\/\/face.unt.edu.ar\/web\/ieconomia\/?page_id=420"},"modified":"2021-10-19T13:19:23","modified_gmt":"2021-10-19T13:19:23","slug":"mena-andres-sebastian","status":"publish","type":"page","link":"https:\/\/face.unt.edu.ar\/web\/ieconomia\/profesores\/mena-andres-sebastian\/","title":{"rendered":"ANDR\u00c9S SEBASTI\u00c1N MENA"},"content":{"rendered":"<div>\n<p><strong>T\u00edtulos acad\u00e9micos\u00a0<\/strong><\/p>\n<ul>\n<li><em>Licenciado en Econom\u00eda &#8211; Universidad Nacional de Tucum\u00e1n <\/em><\/li>\n<li><em>Master en Econom\u00eda &#8211; Universidad de San Andr\u00e9s\u00a0<\/em><\/li>\n<li><em>Doctorando en Humanidades &#8211; Universidad Nacional de Tucum\u00e1n\u00a0<\/em><\/li>\n<\/ul>\n<p><b>Cargos en Investigaci\u00f3n y Docencia<\/b><\/p>\n<div class=\"td-paragraph-padding-4\">\n<ul>\n<li><em>Jefe de Trabajos Pr\u00e1cticos<\/em><\/li>\n<\/ul>\n<\/div>\n<div><b>Asignatura en las que interviene<\/b><\/div>\n<div><\/div>\n<div class=\"td-paragraph-padding-4\">\n<ul>\n<li><em>Principios de Econom\u00eda II<\/em><\/li>\n<li><em>Macroeconom\u00eda I<\/em><\/li>\n<\/ul>\n<\/div>\n<p><strong>\u00c1reas de Investigaci\u00f3n<\/strong><\/p>\n<div class=\"td-paragraph-padding-4\">\n<p>Desarrollo Econ\u00f3mico Local y Regional, \u00c9tica Econ\u00f3mica<\/p>\n<\/div>\n<p><strong>Contacto<\/strong><\/p>\n<p>E-mail:\u00a0<a href=\"mailto:asmena@face.unt.edu.ar\" target=\"_blank\" rel=\"noopener\">asmena@face.unt.edu.ar<\/a><\/p>\n<\/div>\n","protected":false},"excerpt":{"rendered":"<p>T\u00edtulos acad\u00e9micos\u00a0 Licenciado en Econom\u00eda &#8211; Universidad Nacional de Tucum\u00e1n Master en Econom\u00eda &#8211; Universidad de San Andr\u00e9s\u00a0 Doctorando en Humanidades &#8211; Universidad Nacional de Tucum\u00e1n\u00a0 Cargos en Investigaci\u00f3n y Docencia Jefe de Trabajos Pr\u00e1cticos Asignatura en las que interviene Principios de Econom\u00eda II Macroeconom\u00eda I \u00c1reas de Investigaci\u00f3n Desarrollo Econ\u00f3mico Local y Regional, \u00c9tica [&hellip;]<\/p>\n","protected":false},"author":10,"featured_media":0,"parent":135,"menu_order":0,"comment_status":"closed","ping_status":"closed","template":"","meta":{"footnotes":""},"_links":{"self":[{"href":"https:\/\/face.unt.edu.ar\/web\/ieconomia\/wp-json\/wp\/v2\/pages\/420"}],"collection":[{"href":"https:\/\/face.unt.edu.ar\/web\/ieconomia\/wp-json\/wp\/v2\/pages"}],"about":[{"href":"https:\/\/face.unt.edu.ar\/web\/ieconomia\/wp-json\/wp\/v2\/types\/page"}],"author":[{"embeddable":true,"href":"https:\/\/face.unt.edu.ar\/web\/ieconomia\/wp-json\/wp\/v2\/users\/10"}],"replies":[{"embeddable":true,"href":"https:\/\/face.unt.edu.ar\/web\/ieconomia\/wp-json\/wp\/v2\/comments?post=420"}],"version-history":[{"count":4,"href":"https:\/\/face.unt.edu.ar\/web\/ieconomia\/wp-json\/wp\/v2\/pages\/420\/revisions"}],"predecessor-version":[{"id":743,"href":"https:\/\/face.unt.edu.ar\/web\/ieconomia\/wp-json\/wp\/v2\/pages\/420\/revisions\/743"}],"up":[{"embeddable":true,"href":"https:\/\/face.unt.edu.ar\/web\/ieconomia\/wp-json\/wp\/v2\/pages\/135"}],"wp:attachment":[{"href":"https:\/\/face.unt.edu.ar\/web\/ieconomia\/wp-json\/wp\/v2\/media?parent=420"}],"curies":[{"name":"wp","href":"https:\/\/api.w.org\/{rel}","templated":true}]}}

ANDRÉS SEBASTIÁN MENA

<div>
<p><strong>Títulos académicos </strong></p>
<ul>
<li><em>Licenciado en Economía &#8211; Universidad Nacional de Tucumán </em></li>
<li><em>Master en Economía &#8211; Universidad de San Andrés </em></li>
<li><em>Doctorando en Humanidades &#8211; Universidad Nacional de Tucumán </em></li>
</ul>
<p><b>Cargos en Investigación y Docencia</b></p>
<div class="td-paragraph-padding-4">
<ul>
<li><em>Jefe de Trabajos Prácticos</em></li>
</ul>
</div>
<div><b>Asignatura en las que interviene</b></div>
<div></div>
<div class="td-paragraph-padding-4">
<ul>
<li><em>Principios de Economía II</em></li>
<li><em>Macroeconomía I</em></li>
</ul>
</div>
<p><strong>Áreas de Investigación</strong></p>
<div class="td-paragraph-padding-4">
<p>Desarrollo Económico Local y Regional, Ética Económica</p>
</div>
<p><strong>Contacto</strong></p>
<p>E-mail: <a href="mailto:asmena@face.unt.edu.ar" target="_blank" rel="noopener">asmena@face.unt.edu.ar</a></p>
</div>

<p>Títulos académicos  Licenciado en Economía &#8211; Universidad Nacional de Tucumán Master en Economía &#8211; Universidad de San Andrés  Doctorando en Humanidades &#8211; Universidad Nacional de Tucumán  Cargos en Investigación y Docencia Jefe de Trabajos Prácticos Asignatura en las que interviene Principios de Economía II Macroeconomía I Áreas de Investigación Desarrollo Económico Local y Regional, Ética [&hellip;]</p>
