{"id":709,"date":"2021-10-18T12:35:57","date_gmt":"2021-10-18T12:35:57","guid":{"rendered":"https:\/\/face.unt.edu.ar\/web\/ieconomia\/?page_id=709"},"modified":"2022-02-23T13:21:01","modified_gmt":"2022-02-23T13:21:01","slug":"paginas-de-interes","status":"publish","type":"page","link":"https:\/\/face.unt.edu.ar\/web\/ieconomia\/paginas-de-interes\/","title":{"rendered":"Recursos"},"content":{"rendered":"<h1>Formaci\u00f3n<\/h1>\n<h4><strong>Becas<\/strong><\/h4>\n<ul>\n<li>The World Bank Group.<a href=\"https:\/\/www.worldbank.org\/en\/programs\/scholarships\/brief\/robert-s-mcnamara-fellowships-program#overview\" target=\"_blank\" rel=\"noopener\">Robert S. McNamara Fellowships Program<\/a><\/li>\n<li><a href=\"https:\/\/www.fundacioncarolina.es\/abierta-la-convocatoria-de-becas-de-fundacion-carolina-2022-2023\/\">Becas Fundaci\u00f3n Carolina 2022-2023<\/a><\/li>\n<\/ul>\n<h4><\/h4>\n<h4><b>Postgrados<\/b><\/h4>\n<div class=\"td-page-content\">\n<ul>\n<li><a href=\"https:\/\/face.unt.edu.ar\/web\/posgrados\/especializacion-en-comercio-internacional\/\" target=\"_blank\" rel=\"noopener\"><strong>Especializaci\u00f3n en Comercio Internacional<\/strong><\/a><\/li>\n<li>\n<p class=\"entry-title td-page-title\"><a href=\"https:\/\/face.unt.edu.ar\/web\/posgrados\/maestria-en-economia-area-politicas-economicas-y-sociales\/\" target=\"_blank\" rel=\"noopener\"><strong>Maestr\u00eda en Econom\u00eda. \u00c1rea: Pol\u00edticas, Econ\u00f3micas y Sociales<\/strong><\/a><\/p>\n<\/li>\n<\/ul>\n<\/div>\n<h1>Paginas Afines<\/h1>\n<ul>\n<li class=\"entry-title\"><a href=\"https:\/\/www.lapde.unt.edu.ar\/\" target=\"_blank\" rel=\"noopener\"><strong>Laboratorio de Pol\u00edticas P\u00fablicas para el Desarrollo Humano Equitativo<\/strong><\/a><\/li>\n<li><a href=\"https:\/\/aaep.org.ar\/#\" target=\"_blank\" rel=\"noopener\"><strong>Asociaci\u00f3n Argentina de Econom\u00eda Pol\u00edtica<\/strong><\/a><\/li>\n<li><a href=\"http:\/\/www.ares-noa.com.ar\/\" target=\"_blank\" rel=\"noopener\"><strong>Asociaci\u00f3n Regional de Econom\u00eda y Sociedad del Noroeste Argentino\u00a0<\/strong><\/a><\/li>\n<\/ul>\n","protected":false},"excerpt":{"rendered":"<p>Formaci\u00f3n Becas The World Bank Group.Robert S. McNamara Fellowships Program Becas Fundaci\u00f3n Carolina 2022-2023 Postgrados Especializaci\u00f3n en Comercio Internacional Maestr\u00eda en Econom\u00eda. \u00c1rea: Pol\u00edticas, Econ\u00f3micas y Sociales Paginas Afines Laboratorio de Pol\u00edticas P\u00fablicas para el Desarrollo Humano Equitativo Asociaci\u00f3n Argentina de Econom\u00eda Pol\u00edtica Asociaci\u00f3n Regional de Econom\u00eda y Sociedad del Noroeste Argentino\u00a0<\/p>\n","protected":false},"author":1,"featured_media":0,"parent":0,"menu_order":0,"comment_status":"closed","ping_status":"closed","template":"","meta":{"footnotes":""},"_links":{"self":[{"href":"https:\/\/face.unt.edu.ar\/web\/ieconomia\/wp-json\/wp\/v2\/pages\/709"}],"collection":[{"href":"https:\/\/face.unt.edu.ar\/web\/ieconomia\/wp-json\/wp\/v2\/pages"}],"about":[{"href":"https:\/\/face.unt.edu.ar\/web\/ieconomia\/wp-json\/wp\/v2\/types\/page"}],"author":[{"embeddable":true,"href":"https:\/\/face.unt.edu.ar\/web\/ieconomia\/wp-json\/wp\/v2\/users\/1"}],"replies":[{"embeddable":true,"href":"https:\/\/face.unt.edu.ar\/web\/ieconomia\/wp-json\/wp\/v2\/comments?post=709"}],"version-history":[{"count":11,"href":"https:\/\/face.unt.edu.ar\/web\/ieconomia\/wp-json\/wp\/v2\/pages\/709\/revisions"}],"predecessor-version":[{"id":879,"href":"https:\/\/face.unt.edu.ar\/web\/ieconomia\/wp-json\/wp\/v2\/pages\/709\/revisions\/879"}],"wp:attachment":[{"href":"https:\/\/face.unt.edu.ar\/web\/ieconomia\/wp-json\/wp\/v2\/media?parent=709"}],"curies":[{"name":"wp","href":"https:\/\/api.w.org\/{rel}","templated":true}]}}