{"id":977,"date":"2022-07-06T13:16:39","date_gmt":"2022-07-06T13:16:39","guid":{"rendered":"https:\/\/face.unt.edu.ar\/web\/ieconomia\/?page_id=977"},"modified":"2022-07-06T13:16:39","modified_gmt":"2022-07-06T13:16:39","slug":"augusto-nieto-barthaburu","status":"publish","type":"page","link":"https:\/\/face.unt.edu.ar\/web\/ieconomia\/augusto-nieto-barthaburu\/","title":{"rendered":"AUGUSTO NIETO BARTHABURU"},"content":{"rendered":"<p><strong>T\u00edtulos acad\u00e9micos\u00a0<\/strong><\/p>\n<div class=\"td-paragraph-padding-4\">\n<ul>\n<li><em>Lic. en Econom\u00eda\u00a0(UNT)<\/em><\/li>\n<li>Ph. D. in Economics, University of California<\/li>\n<\/ul>\n<\/div>\n<p><b>Cargos en Investigaci\u00f3n y Docencia<\/b><\/p>\n<div class=\"td-paragraph-padding-4\">\n<ul>\n<li><em>Profesor Asociado<\/em><\/li>\n<\/ul>\n<\/div>\n<div><b>Asignatura en las que interviene<\/b><\/div>\n<div class=\"td-paragraph-padding-4\">\n<ul>\n<li>Microeconom\u00eda II<\/li>\n<\/ul>\n<\/div>\n<p><strong>\u00c1reas de Investigaci\u00f3n<\/strong><\/p>\n<div class=\"td-paragraph-padding-4\">\n<ul>\n<li>Teor\u00eda Microecon\u00f3mica Aplicada<\/li>\n<\/ul>\n<\/div>\n<p><strong>Contacto<\/strong><\/p>\n<div class=\"td-paragraph-padding-4\">\n<ul>\n<li>E-mail: augusto.nieto@gmail.com<\/li>\n<li>P\u00e1gina web: <a href=\"https:\/\/sites.google.com\/view\/anietob\/home?authuser=0\">https:\/\/sites.google.com\/view\/anietob\/home?authuser=0<\/a><\/li>\n<li>Box: 67<\/li>\n<\/ul>\n<\/div>\n<p><strong>Publicaciones Relevantes<\/strong><\/p>\n<p class=\"CDt4Ke zfr3Q\" dir=\"ltr\"><span class=\" aw5Odc\"><a class=\"XqQF9c\" href=\"https:\/\/drive.google.com\/file\/d\/1lrmSugYW531urYY8UeV48Ue2U0SOphg6\/view?usp=sharing\" target=\"_blank\" rel=\"noopener\"><em>Competitive General Equilibrium with Network Externalities<\/em><\/a><\/span><em>, <\/em><em><strong>Journal of Mathematical Economics<\/strong><\/em><em>, <\/em>Forthcoming. <span class=\" aw5Odc\"><a class=\"XqQF9c\" href=\"https:\/\/www.google.com\/url?q=https%3A%2F%2Fwww.sciencedirect.com%2Fscience%2Farticle%2Fpii%2FS0304406820301439%3Fdgcid%3Dauthor&amp;sa=D&amp;sntz=1&amp;usg=AOvVaw0NcNHNgKCq1NqXarnWMTzF\" target=\"_blank\" rel=\"noopener\">Link to the online published version<\/a><\/span><\/p>\n<p class=\"CDt4Ke zfr3Q\" dir=\"ltr\"><span class=\" aw5Odc\"><a class=\"XqQF9c\" href=\"https:\/\/www.google.com\/url?q=https%3A%2F%2Facademic.oup.com%2Fjeea%2Farticle%2F18%2F3%2F1521%2F5481208%3FguestAccessKey%3D4d3f6459-c51d-4e30-959f-b64a0cd3c73d&amp;sa=D&amp;sntz=1&amp;usg=AOvVaw2lMs5O467y44TTHkt6F9AL\" target=\"_blank\" rel=\"noopener\"><em>On the Possibility of Informative Equilibria in Futures Markets with Feedback<\/em><\/a><\/span> (with <span class=\" aw5Odc\"><a class=\"XqQF9c\" href=\"https:\/\/www.google.com\/url?q=https%3A%2F%2Fsites.google.com%2Fsite%2Frobertplieli%2F&amp;sa=D&amp;sntz=1&amp;usg=AOvVaw3zxN35B5zTbgVDeeYYQkMG\" target=\"_blank\" rel=\"noopener\">Robert Lieli<\/a><\/span>), <em><strong>Journal of the European Economic Association, <\/strong><\/em>Vol. 18, No. 3 (2020), pp. 1521-1552<em>.<\/em><\/p>\n<p class=\"CDt4Ke zfr3Q\" dir=\"ltr\"><span class=\" aw5Odc\"><a class=\"XqQF9c\" href=\"https:\/\/www.google.com\/url?q=https%3A%2F%2Fwww.tandfonline.com%2Fdoi%2Fabs%2F10.1198%2Fjbes.2009.06120&amp;sa=D&amp;sntz=1&amp;usg=AOvVaw2ZW9XeMTZsQ35TIdohI1bS\" target=\"_blank\" rel=\"noopener\"><em>Optimal Binary Prediction for Group Decision Making<\/em><\/a><\/span> (with <span class=\" aw5Odc\"><a class=\"XqQF9c\" href=\"https:\/\/www.google.com\/url?q=https%3A%2F%2Fsites.google.com%2Fsite%2Frobertplieli%2F&amp;sa=D&amp;sntz=1&amp;usg=AOvVaw3zxN35B5zTbgVDeeYYQkMG\" target=\"_blank\" rel=\"noopener\">Robert Lieli<\/a><\/span>), <em><strong>Journal of Business and Economic Statistics, <\/strong><\/em>Vol. 28, No. 2 (2010), pp. 308-319.<\/p>\n","protected":false},"excerpt":{"rendered":"<p>T\u00edtulos acad\u00e9micos\u00a0 Lic. en Econom\u00eda\u00a0(UNT) Ph. D. in Economics, University of California Cargos en Investigaci\u00f3n y Docencia Profesor Asociado Asignatura en las que interviene Microeconom\u00eda II \u00c1reas de Investigaci\u00f3n Teor\u00eda Microecon\u00f3mica Aplicada Contacto E-mail: augusto.nieto@gmail.com P\u00e1gina web: https:\/\/sites.google.com\/view\/anietob\/home?authuser=0 Box: 67 Publicaciones Relevantes Competitive General Equilibrium with Network Externalities, Journal of Mathematical Economics, Forthcoming. Link to [&hellip;]<\/p>\n","protected":false},"author":123458,"featured_media":0,"parent":0,"menu_order":0,"comment_status":"closed","ping_status":"closed","template":"","meta":{"footnotes":""},"_links":{"self":[{"href":"https:\/\/face.unt.edu.ar\/web\/ieconomia\/wp-json\/wp\/v2\/pages\/977"}],"collection":[{"href":"https:\/\/face.unt.edu.ar\/web\/ieconomia\/wp-json\/wp\/v2\/pages"}],"about":[{"href":"https:\/\/face.unt.edu.ar\/web\/ieconomia\/wp-json\/wp\/v2\/types\/page"}],"author":[{"embeddable":true,"href":"https:\/\/face.unt.edu.ar\/web\/ieconomia\/wp-json\/wp\/v2\/users\/123458"}],"replies":[{"embeddable":true,"href":"https:\/\/face.unt.edu.ar\/web\/ieconomia\/wp-json\/wp\/v2\/comments?post=977"}],"version-history":[{"count":1,"href":"https:\/\/face.unt.edu.ar\/web\/ieconomia\/wp-json\/wp\/v2\/pages\/977\/revisions"}],"predecessor-version":[{"id":978,"href":"https:\/\/face.unt.edu.ar\/web\/ieconomia\/wp-json\/wp\/v2\/pages\/977\/revisions\/978"}],"wp:attachment":[{"href":"https:\/\/face.unt.edu.ar\/web\/ieconomia\/wp-json\/wp\/v2\/media?parent=977"}],"curies":[{"name":"wp","href":"https:\/\/api.w.org\/{rel}","templated":true}]}}