{"id":65,"date":"2014-08-28T11:35:23","date_gmt":"2014-08-28T11:35:23","guid":{"rendered":"http:\/\/www.face.unt.edu.ar\/face\/face\/inie\/?page_id=65"},"modified":"2014-09-05T13:31:04","modified_gmt":"2014-09-05T13:31:04","slug":"doctorado-en-estadistica","status":"publish","type":"page","link":"https:\/\/face.unt.edu.ar\/web\/iestadisticas\/historia\/doctorado-en-estadistica\/","title":{"rendered":"Doctorado en Estad\u00edstica"},"content":{"rendered":"<p style=\"text-align: justify;\">En 1995 en INIE,\u00a0 inici\u00f3 una nueva oferta acad\u00e9mica, la del Doctorado en Estad\u00edstica.<\/p>\n<p style=\"text-align: justify;\">Por Resoluci\u00f3n n\u00ba 1339-995 del Honorable Consejo Superior de la Universidad Nacional de Tucum\u00e1n se cre\u00f3 la Carrera de Postgrado \u00abDoctorado en Estad\u00edstica\u00bb, conducente a la obtenci\u00f3n del t\u00edtulo \u00abDoctor en Estad\u00edstica\u00bb y se design\u00f3 Director de la Carrera al Dr. Ra\u00fal Pedro Mentz, y Director alterno al Dr. Aldo Jos\u00e9 Viollaz. Actualmente, la direcci\u00f3n se encuentra a cargo del Dr. Juan Carlos Abril.<\/p>\n","protected":false},"excerpt":{"rendered":"<p>En 1995 en INIE,\u00a0 inici\u00f3 una nueva oferta acad\u00e9mica, la del Doctorado en Estad\u00edstica. Por Resoluci\u00f3n n\u00ba 1339-995 del Honorable Consejo Superior de la Universidad Nacional de Tucum\u00e1n se cre\u00f3 la Carrera de Postgrado \u00abDoctorado en Estad\u00edstica\u00bb, conducente a la obtenci\u00f3n del t\u00edtulo \u00abDoctor en Estad\u00edstica\u00bb y se design\u00f3 Director de la Carrera al Dr. [&hellip;]<\/p>\n","protected":false},"author":1,"featured_media":0,"parent":67,"menu_order":0,"comment_status":"closed","ping_status":"closed","template":"","meta":{"footnotes":""},"_links":{"self":[{"href":"https:\/\/face.unt.edu.ar\/web\/iestadisticas\/wp-json\/wp\/v2\/pages\/65"}],"collection":[{"href":"https:\/\/face.unt.edu.ar\/web\/iestadisticas\/wp-json\/wp\/v2\/pages"}],"about":[{"href":"https:\/\/face.unt.edu.ar\/web\/iestadisticas\/wp-json\/wp\/v2\/types\/page"}],"author":[{"embeddable":true,"href":"https:\/\/face.unt.edu.ar\/web\/iestadisticas\/wp-json\/wp\/v2\/users\/1"}],"replies":[{"embeddable":true,"href":"https:\/\/face.unt.edu.ar\/web\/iestadisticas\/wp-json\/wp\/v2\/comments?post=65"}],"version-history":[{"count":2,"href":"https:\/\/face.unt.edu.ar\/web\/iestadisticas\/wp-json\/wp\/v2\/pages\/65\/revisions"}],"predecessor-version":[{"id":115,"href":"https:\/\/face.unt.edu.ar\/web\/iestadisticas\/wp-json\/wp\/v2\/pages\/65\/revisions\/115"}],"up":[{"embeddable":true,"href":"https:\/\/face.unt.edu.ar\/web\/iestadisticas\/wp-json\/wp\/v2\/pages\/67"}],"wp:attachment":[{"href":"https:\/\/face.unt.edu.ar\/web\/iestadisticas\/wp-json\/wp\/v2\/media?parent=65"}],"curies":[{"name":"wp","href":"https:\/\/api.w.org\/{rel}","templated":true}]}}