{"id":76,"date":"2014-08-28T11:54:52","date_gmt":"2014-08-28T11:54:52","guid":{"rendered":"http:\/\/www.face.unt.edu.ar\/face\/face\/inie\/?page_id=76"},"modified":"2018-11-08T12:21:56","modified_gmt":"2018-11-08T12:21:56","slug":"enlaces","status":"publish","type":"page","link":"https:\/\/face.unt.edu.ar\/web\/iestadisticas\/enlaces\/","title":{"rendered":"Sitios de Inter\u00e9s"},"content":{"rendered":"<table style=\"height: 145px\" border=\"1\" width=\"616\">\n<tbody>\n<tr>\n<td colspan=\"2\"><strong>\u00a0Direcci\u00f3n de Estad\u00edstica de la Provincia de Tucum\u00e1n:<\/strong><\/td>\n<\/tr>\n<tr>\n<td rowspan=\"4\" width=\"133\">\u00a0<img decoding=\"async\" loading=\"lazy\" class=\"alignleft wp-image-79 size-full\" src=\"http:\/\/face.unt.edu.ar\/web\/iestadisticas\/wp-content\/uploads\/sites\/5\/2014\/08\/direccionestadistica.jpg\" alt=\"direccionestadistica\" width=\"139\" height=\"99\" \/><\/td>\n<td width=\"390\">\u00a0Director: Lic. Ra\u00fal Garc\u00eda<\/td>\n<\/tr>\n<tr>\n<td>\u00a0Gral Paz 159<\/td>\n<\/tr>\n<tr>\n<td>\u00a0Tel. 431-1800\/418<\/td>\n<\/tr>\n<tr>\n<td>http:\/\/estadistica.tucuman.gov.ar\/<\/td>\n<\/tr>\n<\/tbody>\n<\/table>\n<p>&nbsp;<\/p>\n<table style=\"height: 120px\" border=\"1\" width=\"615\">\n<tbody>\n<tr>\n<td colspan=\"2\">\u00a0<strong>Instituto Nacional de Estad\u00edsticas y Censos (INDEC):<\/strong><\/td>\n<\/tr>\n<tr>\n<td rowspan=\"4\" width=\"133\"><\/td>\n<td width=\"390\">\u00a0Direcci\u00f3n: Jorge Todesca<\/td>\n<\/tr>\n<tr>\n<td>\u00a0Avda. Pte. Julio A. Roca 609, PB. C.P. C1007ABB<\/td>\n<\/tr>\n<tr>\n<td>\u00a0Tel. +54 11 4349-9200<\/td>\n<\/tr>\n<tr>\n<td>\u00a0www.indec.mecon.gov.ar<\/td>\n<\/tr>\n<\/tbody>\n<\/table>\n<p>&nbsp;<\/p>\n<p>&nbsp;<\/p>\n<table style=\"height: 120px\" border=\"1\" width=\"617\">\n<tbody>\n<tr>\n<td colspan=\"2\">\u00a0Sociedad Argentina de Estad\u00edstica (SAE):<\/td>\n<\/tr>\n<tr>\n<td rowspan=\"4\" width=\"133\"><\/td>\n<td width=\"390\">\u00a0Presidente: Dra. Magdalena Diblassi<\/td>\n<\/tr>\n<tr>\n<td>\u00a0www.s-a-e.org.ar<\/td>\n<\/tr>\n<tr>\n<td>\u00a0.<\/td>\n<\/tr>\n<tr>\n<td>\u00a0.<\/td>\n<\/tr>\n<\/tbody>\n<\/table>\n<p><strong>Ministerio de Salud de la Naci\u00f3n:<\/strong><\/p>\n<p>http:\/\/www.msal.gov.ar\/<\/p>\n<p><strong>Ministerio de Educaci\u00f3n de la Naci\u00f3n:<\/strong><\/p>\n<p>http:\/\/www.me.gov.ar\/<\/p>\n<p><strong>Banco Central de la Rep\u00fablica Argentina:<\/strong><\/p>\n<p>Presidente: Juan Carlos F\u00e1brega<\/p>\n<p>Reconquista 266<\/p>\n<p>C1003ABF- Ciudad Aut\u00f3noma de Buenos Aires<\/p>\n<p>Tel. (011) 4348-3500<\/p>\n<p><strong>Organizaci\u00f3n Panamericana de la Salud:<\/strong><\/p>\n<p>www.paho\/arg\/<\/p>\n<p><strong>American Statistical Association (ASA):<\/strong><\/p>\n<p><a href=\"http:\/\/www.amstat.org\/\">http:\/\/www.amstat.org\/<\/a><\/p>\n<p><strong>Instituto Interamericano de Estad\u00edstica (IASI):<\/strong><\/p>\n<p><a href=\"http:\/\/www.indec.gov.ar\/iasi\/\">http:\/\/www.indec.gov.ar\/iasi\/<\/a><\/p>\n<p><strong>Sociedad Chilena de Estad\u00edstica (SOCHE):<\/strong><\/p>\n<p><a href=\"http:\/\/www.soche.cl\/\">http:\/\/www.soche.cl\/<\/a><\/p>\n<p><strong>Sociedad Uruguaya de Matem\u00e1tica y Estad\u00edstica (SUME):<\/strong> \u00a0<a href=\"http:\/\/www.cmat.edu.uy\/sume\">http:\/\/www.cmat.edu.uy\/sume<\/a><\/p>\n<p><strong>Grupo Argentino de Biometr\u00eda (GAB):<\/strong><\/p>\n<p><a href=\"http:\/\/www.gab.unlu.edu.ar\/\">http:\/\/www.gab.unlu.edu.ar\/<\/a><\/p>\n<p><strong>Associa\u00e7\u00e3o Brasileira de Estat\u00edstica (ABE):<\/strong><\/p>\n<p><a href=\"http:\/\/www.redeabe.org.br\/\">http:\/\/www.redeabe.org.br\/<\/a><\/p>\n","protected":false},"excerpt":{"rendered":"<p>\u00a0Direcci\u00f3n de Estad\u00edstica de la Provincia de Tucum\u00e1n: \u00a0 \u00a0Director: Lic. Ra\u00fal Garc\u00eda \u00a0Gral Paz 159 \u00a0Tel. 431-1800\/418 http:\/\/estadistica.tucuman.gov.ar\/ &nbsp; \u00a0Instituto Nacional de Estad\u00edsticas y Censos (INDEC): \u00a0Direcci\u00f3n: Jorge Todesca \u00a0Avda. Pte. Julio A. Roca 609, PB. C.P. C1007ABB \u00a0Tel. +54 11 4349-9200 \u00a0www.indec.mecon.gov.ar &nbsp; &nbsp; \u00a0Sociedad Argentina de Estad\u00edstica (SAE): \u00a0Presidente: Dra. Magdalena Diblassi [&hellip;]<\/p>\n","protected":false},"author":1,"featured_media":0,"parent":0,"menu_order":0,"comment_status":"closed","ping_status":"closed","template":"","meta":{"footnotes":""},"_links":{"self":[{"href":"https:\/\/face.unt.edu.ar\/web\/iestadisticas\/wp-json\/wp\/v2\/pages\/76"}],"collection":[{"href":"https:\/\/face.unt.edu.ar\/web\/iestadisticas\/wp-json\/wp\/v2\/pages"}],"about":[{"href":"https:\/\/face.unt.edu.ar\/web\/iestadisticas\/wp-json\/wp\/v2\/types\/page"}],"author":[{"embeddable":true,"href":"https:\/\/face.unt.edu.ar\/web\/iestadisticas\/wp-json\/wp\/v2\/users\/1"}],"replies":[{"embeddable":true,"href":"https:\/\/face.unt.edu.ar\/web\/iestadisticas\/wp-json\/wp\/v2\/comments?post=76"}],"version-history":[{"count":6,"href":"https:\/\/face.unt.edu.ar\/web\/iestadisticas\/wp-json\/wp\/v2\/pages\/76\/revisions"}],"predecessor-version":[{"id":357,"href":"https:\/\/face.unt.edu.ar\/web\/iestadisticas\/wp-json\/wp\/v2\/pages\/76\/revisions\/357"}],"wp:attachment":[{"href":"https:\/\/face.unt.edu.ar\/web\/iestadisticas\/wp-json\/wp\/v2\/media?parent=76"}],"curies":[{"name":"wp","href":"https:\/\/api.w.org\/{rel}","templated":true}]}}