{"id":10,"date":"2016-08-02T23:36:57","date_gmt":"2016-08-02T23:36:57","guid":{"rendered":"http:\/\/face.unt.edu.ar\/web\/imatematica\/?page_id=10"},"modified":"2016-10-17T14:57:55","modified_gmt":"2016-10-17T14:57:55","slug":"mision","status":"publish","type":"page","link":"https:\/\/face.unt.edu.ar\/web\/imatematica\/mision\/","title":{"rendered":"Misi\u00f3n"},"content":{"rendered":"<p style=\"text-align: justify\">El Instituto de Matem\u00e1tica plantea como principales objetivos\u00a0los siguientes:<\/p>\n<p style=\"text-align: justify\">A) Coordinar la labor acad\u00e9mica y cient\u00edfica de las c\u00e1tedras que lo componen,\u00a0invirtiendo en la compatibilizaci\u00f3n de los programas de estudio.<\/p>\n<p style=\"text-align: justify\">B) Afianzar el desarrollo de las \u00e1reas y disciplinas que lo componen, tendiente a\u00a0lograr un nivel de excelencia.<\/p>\n<p style=\"text-align: justify\">C) Impulsar dentro de las c\u00e1tedras que lo componen, la realizaci\u00f3n de trabajos de\u00a0investigaci\u00f3n cient\u00edfica, iniciando a los alumnos con condiciones o que se<\/p>\n<p style=\"text-align: justify\">interesen en dicha labor, atendiendo a la formaci\u00f3n de quienes deseen\u00a0dedicarse a ello.<\/p>\n<p style=\"text-align: justify\">D) Propender a la formaci\u00f3n y perfeccionamiento de recursos humanos aptos para\u00a0la docencia y la investigaci\u00f3n, dentro de los mejores niveles de cada disciplina.<\/p>\n<p style=\"text-align: justify\">E) Mantener permanente y estrecha vinculaci\u00f3n con los centros de excelencia del\u00a0pa\u00eds y del exterior en las respectivas disciplinas.<\/p>\n<p style=\"text-align: justify\">F) Apoyar el cumplimiento de la planificaci\u00f3n oficial de ense\u00f1anza por parte de las\u00a0c\u00e1tedras integrantes.<\/p>\n<p style=\"text-align: justify\">G) Reunir todo el material que de una u otra forma sea de utilidad para la\u00a0docencia y la investigaci\u00f3n, proponiendo a la formaci\u00f3n de una biblioteca,\u00a0hemeroteca, con libros, revistas y otras publicaciones especializadas.<\/p>\n<p style=\"text-align: justify\">H) Organizar cursos de actualizaci\u00f3n o extensi\u00f3n de la facultad y apoyar las\u00a0mismas actividades cuando ellas fueran organizadas por las c\u00e1tedras que lo\u00a0componen.<\/p>\n<p style=\"text-align: justify\">I) Apoyar y estimular la participaci\u00f3n de sus miembros en congresos,\u00a0conferencias, reuniones y otros eventos.<\/p>\n<p style=\"text-align: justify\">J) Coordinar funciones con los otros institutos de la facultad<\/p>\n<p style=\"text-align: justify\">K) Realizar publicaciones sobre los trabajos de investigaci\u00f3n, con fines docentes\u00a0y\/o divulgaci\u00f3n.<\/p>\n<p style=\"text-align: justify\">L) Resolver sobre las consultas t\u00e9cnicas que le formulen los organismos de\u00a0gobierno o instituciones industriales y comerciales, previa autorizaci\u00f3n del\u00a0decanato que podr\u00e1 fijar los pertinentes aranceles.<\/p>\n<p style=\"text-align: justify\">M) Sin perjuicio de los expresado anteriormente, deber\u00e1 asumir toda otra funci\u00f3n\u00a0de coordinaci\u00f3n y planificaci\u00f3n de la labor docente, de investigaci\u00f3n y\u00a0extensi\u00f3n que haga al mejor cumplimiento de los objetivos de la facultad y de\u00a0la universidad.<\/p>\n","protected":false},"excerpt":{"rendered":"<p>El Instituto de Matem\u00e1tica plantea como principales objetivos\u00a0los siguientes: A) Coordinar la labor acad\u00e9mica y cient\u00edfica de las c\u00e1tedras que lo componen,\u00a0invirtiendo en la compatibilizaci\u00f3n de los programas de estudio. B) Afianzar el desarrollo de las \u00e1reas y disciplinas que lo componen, tendiente a\u00a0lograr un nivel de excelencia. C) Impulsar dentro de las c\u00e1tedras que [&hellip;]<\/p>\n","protected":false},"author":1,"featured_media":0,"parent":0,"menu_order":0,"comment_status":"closed","ping_status":"closed","template":"","meta":{"footnotes":""},"_links":{"self":[{"href":"https:\/\/face.unt.edu.ar\/web\/imatematica\/wp-json\/wp\/v2\/pages\/10"}],"collection":[{"href":"https:\/\/face.unt.edu.ar\/web\/imatematica\/wp-json\/wp\/v2\/pages"}],"about":[{"href":"https:\/\/face.unt.edu.ar\/web\/imatematica\/wp-json\/wp\/v2\/types\/page"}],"author":[{"embeddable":true,"href":"https:\/\/face.unt.edu.ar\/web\/imatematica\/wp-json\/wp\/v2\/users\/1"}],"replies":[{"embeddable":true,"href":"https:\/\/face.unt.edu.ar\/web\/imatematica\/wp-json\/wp\/v2\/comments?post=10"}],"version-history":[{"count":3,"href":"https:\/\/face.unt.edu.ar\/web\/imatematica\/wp-json\/wp\/v2\/pages\/10\/revisions"}],"predecessor-version":[{"id":61,"href":"https:\/\/face.unt.edu.ar\/web\/imatematica\/wp-json\/wp\/v2\/pages\/10\/revisions\/61"}],"wp:attachment":[{"href":"https:\/\/face.unt.edu.ar\/web\/imatematica\/wp-json\/wp\/v2\/media?parent=10"}],"curies":[{"name":"wp","href":"https:\/\/api.w.org\/{rel}","templated":true}]}}