{"id":8,"date":"2016-08-02T23:36:43","date_gmt":"2016-08-02T23:36:43","guid":{"rendered":"http:\/\/face.unt.edu.ar\/web\/imatematica\/?page_id=8"},"modified":"2026-08-20T13:41:41","modified_gmt":"2026-08-20T13:41:41","slug":"autoridades","status":"publish","type":"page","link":"https:\/\/face.unt.edu.ar\/web\/imatematica\/autoridades\/","title":{"rendered":"Autoridades"},"content":{"rendered":"<p style=\"text-align: center\">Directora<br \/>\n<strong><span style=\"font-size: 11.5pt;line-height: 150%;font-family: 'Verdana','sans-serif';color: #222222\"><span style=\"font-family: 'Verdana','sans-serif'\">Mg. Anal\u00eda Patricia Mena<\/span><\/span><\/strong><\/p>\n<p style=\"text-align: center\">Consejo Consultivo<br \/>\nProfesores Titulares, Asociados y Adjuntos<br \/>\n<strong><span style=\"font-size: 11.5pt;line-height: 150%;font-family: 'Verdana','sans-serif';color: #222222\">Lic. Melina Delgado<br \/>\nMG. Elsa Rodr\u00edguez Areal<\/span><\/strong><span style=\"font-size: 11.5pt;line-height: 150%;font-family: 'Verdana','sans-serif';color: #222222\"><br \/>\n<\/span><strong><span style=\"font-size: 11.5pt;line-height: 150%;font-family: 'Verdana','sans-serif';color: #222222\">Mg. Elisa De Rosa<\/span><\/strong><\/p>\n<p style=\"margin: 0cm;margin-bottom: .0001pt;text-align: center;line-height: 150%\" align=\"center\"><span style=\"font-size: 11.5pt;line-height: 150%;font-family: 'Verdana','sans-serif';color: #222222\">Jefes de Trabajos Pr\u00e1cticos<br \/>\n<strong>Lic. A\u00edda Evangelina Fern\u00e1ndez<\/strong><\/span><\/p>\n<p style=\"margin: 0cm;margin-bottom: .0001pt;text-align: center;line-height: 150%\" align=\"center\"><span style=\"font-size: 11.5pt;line-height: 150%;font-family: 'Verdana','sans-serif';color: #222222\"><strong>Lic. Forencia Plaza<\/strong><\/span><\/p>\n<p style=\"margin: 0cm;margin-bottom: .0001pt;text-align: center;line-height: 150%\" align=\"center\">\n","protected":false},"excerpt":{"rendered":"<p>Directora Mg. Anal\u00eda Patricia Mena Consejo Consultivo Profesores Titulares, Asociados y Adjuntos Lic. Melina Delgado MG. Elsa Rodr\u00edguez Areal Mg. Elisa De Rosa Jefes de Trabajos Pr\u00e1cticos Lic. A\u00edda Evangelina Fern\u00e1ndez Lic. Forencia Plaza<\/p>\n","protected":false},"author":1,"featured_media":0,"parent":0,"menu_order":0,"comment_status":"closed","ping_status":"closed","template":"","meta":{"footnotes":""},"_links":{"self":[{"href":"https:\/\/face.unt.edu.ar\/web\/imatematica\/wp-json\/wp\/v2\/pages\/8"}],"collection":[{"href":"https:\/\/face.unt.edu.ar\/web\/imatematica\/wp-json\/wp\/v2\/pages"}],"about":[{"href":"https:\/\/face.unt.edu.ar\/web\/imatematica\/wp-json\/wp\/v2\/types\/page"}],"author":[{"embeddable":true,"href":"https:\/\/face.unt.edu.ar\/web\/imatematica\/wp-json\/wp\/v2\/users\/1"}],"replies":[{"embeddable":true,"href":"https:\/\/face.unt.edu.ar\/web\/imatematica\/wp-json\/wp\/v2\/comments?post=8"}],"version-history":[{"count":25,"href":"https:\/\/face.unt.edu.ar\/web\/imatematica\/wp-json\/wp\/v2\/pages\/8\/revisions"}],"predecessor-version":[{"id":312,"href":"https:\/\/face.unt.edu.ar\/web\/imatematica\/wp-json\/wp\/v2\/pages\/8\/revisions\/312"}],"wp:attachment":[{"href":"https:\/\/face.unt.edu.ar\/web\/imatematica\/wp-json\/wp\/v2\/media?parent=8"}],"curies":[{"name":"wp","href":"https:\/\/api.w.org\/{rel}","templated":true}]}}

<p style="text-align: center">Directora<br />
<strong><span style="font-size: 11.5pt;line-height: 150%;font-family: 'Verdana','sans-serif';color: #222222"><span style="font-family: 'Verdana','sans-serif'">Mg. Analía Patricia Mena</span></span></strong></p>
<p style="text-align: center">Consejo Consultivo<br />
Profesores Titulares, Asociados y Adjuntos<br />
<strong><span style="font-size: 11.5pt;line-height: 150%;font-family: 'Verdana','sans-serif';color: #222222">Lic. Melina Delgado<br />
MG. Elsa Rodríguez Areal</span></strong><span style="font-size: 11.5pt;line-height: 150%;font-family: 'Verdana','sans-serif';color: #222222"><br />
</span><strong><span style="font-size: 11.5pt;line-height: 150%;font-family: 'Verdana','sans-serif';color: #222222">Mg. Elisa De Rosa</span></strong></p>
<p style="margin: 0cm;margin-bottom: .0001pt;text-align: center;line-height: 150%" align="center"><span style="font-size: 11.5pt;line-height: 150%;font-family: 'Verdana','sans-serif';color: #222222">Jefes de Trabajos Prácticos<br />
<strong>Lic. Aída Evangelina Fernández</strong></span></p>
<p style="margin: 0cm;margin-bottom: .0001pt;text-align: center;line-height: 150%" align="center"><span style="font-size: 11.5pt;line-height: 150%;font-family: 'Verdana','sans-serif';color: #222222"><strong>Lic. Forencia Plaza</strong></span></p>
<p style="margin: 0cm;margin-bottom: .0001pt;text-align: center;line-height: 150%" align="center">

<p>Directora Mg. Analía Patricia Mena Consejo Consultivo Profesores Titulares, Asociados y Adjuntos Lic. Melina Delgado MG. Elsa Rodríguez Areal Mg. Elisa De Rosa Jefes de Trabajos Prácticos Lic. Aída Evangelina Fernández Lic. Forencia Plaza</p>
