{"id":33,"date":"2023-08-16T11:59:54","date_gmt":"2023-08-16T11:59:54","guid":{"rendered":"https:\/\/face.unt.edu.ar\/web\/itributacion\/?page_id=33"},"modified":"2023-08-16T15:11:45","modified_gmt":"2023-08-16T15:11:45","slug":"impuestos-al-consumo","status":"publish","type":"page","link":"https:\/\/face.unt.edu.ar\/web\/itributacion\/impuestos-al-consumo\/","title":{"rendered":"Impuestos al Consumo"},"content":{"rendered":"<ul>\n<li>Esp. Jos\u00e9 Emilio S\u00e1nchez<u><\/u><u><\/u><\/li>\n<li>Esp. Ra\u00fal Alfredo Navarro<u><\/u><u><\/u><\/li>\n<li>Cr. Carlos Alfredo Raska<u><\/u><u><\/u><\/li>\n<li>Esp. Vanesa Anabel Llanos<u><\/u><u><\/u><\/li>\n<li>Cra. Mar\u00eda Paula Forns<u><\/u><u><\/u><\/li>\n<li>Esp. Mariana P\u00e9rez<u><\/u><u><\/u><\/li>\n<li>Esp. Mariano Fernando Dagum<u><\/u><u><\/u><\/li>\n<li>Cr. Francisco Javier Vera<\/li>\n<\/ul>\n","protected":false},"excerpt":{"rendered":"<p>Esp. Jos\u00e9 Emilio S\u00e1nchez Esp. Ra\u00fal Alfredo Navarro Cr. Carlos Alfredo Raska Esp. Vanesa Anabel Llanos Cra. Mar\u00eda Paula Forns Esp. Mariana P\u00e9rez Esp. Mariano Fernando Dagum Cr. Francisco Javier Vera<\/p>\n","protected":false},"author":1,"featured_media":0,"parent":0,"menu_order":0,"comment_status":"closed","ping_status":"closed","template":"","meta":{"footnotes":""},"_links":{"self":[{"href":"https:\/\/face.unt.edu.ar\/web\/itributacion\/wp-json\/wp\/v2\/pages\/33"}],"collection":[{"href":"https:\/\/face.unt.edu.ar\/web\/itributacion\/wp-json\/wp\/v2\/pages"}],"about":[{"href":"https:\/\/face.unt.edu.ar\/web\/itributacion\/wp-json\/wp\/v2\/types\/page"}],"author":[{"embeddable":true,"href":"https:\/\/face.unt.edu.ar\/web\/itributacion\/wp-json\/wp\/v2\/users\/1"}],"replies":[{"embeddable":true,"href":"https:\/\/face.unt.edu.ar\/web\/itributacion\/wp-json\/wp\/v2\/comments?post=33"}],"version-history":[{"count":3,"href":"https:\/\/face.unt.edu.ar\/web\/itributacion\/wp-json\/wp\/v2\/pages\/33\/revisions"}],"predecessor-version":[{"id":48,"href":"https:\/\/face.unt.edu.ar\/web\/itributacion\/wp-json\/wp\/v2\/pages\/33\/revisions\/48"}],"wp:attachment":[{"href":"https:\/\/face.unt.edu.ar\/web\/itributacion\/wp-json\/wp\/v2\/media?parent=33"}],"curies":[{"name":"wp","href":"https:\/\/api.w.org\/{rel}","templated":true}]}}

<ul>
<li>Esp. José Emilio Sánchez<u></u><u></u></li>
<li>Esp. Raúl Alfredo Navarro<u></u><u></u></li>
<li>Cr. Carlos Alfredo Raska<u></u><u></u></li>
<li>Esp. Vanesa Anabel Llanos<u></u><u></u></li>
<li>Cra. María Paula Forns<u></u><u></u></li>
<li>Esp. Mariana Pérez<u></u><u></u></li>
<li>Esp. Mariano Fernando Dagum<u></u><u></u></li>
<li>Cr. Francisco Javier Vera</li>
</ul>

<p>Esp. José Emilio Sánchez Esp. Raúl Alfredo Navarro Cr. Carlos Alfredo Raska Esp. Vanesa Anabel Llanos Cra. María Paula Forns Esp. Mariana Pérez Esp. Mariano Fernando Dagum Cr. Francisco Javier Vera</p>
