{"id":9,"date":"2023-06-26T20:15:44","date_gmt":"2023-06-26T20:15:44","guid":{"rendered":"https:\/\/face.unt.edu.ar\/web\/itributacion\/?page_id=9"},"modified":"2023-08-16T15:12:07","modified_gmt":"2023-08-16T15:12:07","slug":"autoridades","status":"publish","type":"page","link":"https:\/\/face.unt.edu.ar\/web\/itributacion\/autoridades\/","title":{"rendered":"Autoridades"},"content":{"rendered":"<p style=\"text-align: center\">Director<br \/>\n<strong>Esp. Gustavo Alejandro Benito<\/strong><\/p>\n<p>&nbsp;<\/p>\n<p style=\"text-align: center\"><strong>Consejo Consultivo<\/strong><\/p>\n<p style=\"text-align: center\">Profesores Titulares, Asociados y Adjuntos<br \/>\n<strong>Esp. Luis Augusto Forns<br \/>\nEsp. Ra\u00fal Alfredo Navarro<br \/>\n<\/strong><strong>Esp. Germ\u00e1n Enrique Romano<\/strong><\/p>\n<p style=\"text-align: center\" align=\"center\">Jefes de Trabajos Pr\u00e1cticos<br \/>\n<strong>\u00a0Esp. Mariana P\u00e9rez<br \/>\nEsp. Edmundo Oscar Saieg<\/strong><\/p>\n<p>&nbsp;<\/p>\n<p style=\"text-align: center\"><strong>Suplentes<\/strong><\/p>\n<p style=\"text-align: center\">Profesores Titulares, Asociados y Adjuntos<br \/>\n<strong>Esp. Luis Alberto Comba<\/strong><br \/>\n<strong>Esp. Jos\u00e9 Emilio S\u00e1nchez<\/strong><\/p>\n<p style=\"text-align: center\">Jefes de Trabajos Pr\u00e1cticos<br \/>\n<strong>Esp. Mariano Dagum<\/strong><br \/>\n<strong>Esp. Silvia Viviana Mes\u00f3n<\/strong><\/p>\n","protected":false},"excerpt":{"rendered":"<p>Director Esp. Gustavo Alejandro Benito &nbsp; Consejo Consultivo Profesores Titulares, Asociados y Adjuntos Esp. Luis Augusto Forns Esp. Ra\u00fal Alfredo Navarro Esp. Germ\u00e1n Enrique Romano Jefes de Trabajos Pr\u00e1cticos \u00a0Esp. Mariana P\u00e9rez Esp. Edmundo Oscar Saieg &nbsp; Suplentes Profesores Titulares, Asociados y Adjuntos Esp. Luis Alberto Comba Esp. Jos\u00e9 Emilio S\u00e1nchez Jefes de Trabajos Pr\u00e1cticos [&hellip;]<\/p>\n","protected":false},"author":1,"featured_media":0,"parent":0,"menu_order":0,"comment_status":"closed","ping_status":"closed","template":"","meta":{"footnotes":""},"_links":{"self":[{"href":"https:\/\/face.unt.edu.ar\/web\/itributacion\/wp-json\/wp\/v2\/pages\/9"}],"collection":[{"href":"https:\/\/face.unt.edu.ar\/web\/itributacion\/wp-json\/wp\/v2\/pages"}],"about":[{"href":"https:\/\/face.unt.edu.ar\/web\/itributacion\/wp-json\/wp\/v2\/types\/page"}],"author":[{"embeddable":true,"href":"https:\/\/face.unt.edu.ar\/web\/itributacion\/wp-json\/wp\/v2\/users\/1"}],"replies":[{"embeddable":true,"href":"https:\/\/face.unt.edu.ar\/web\/itributacion\/wp-json\/wp\/v2\/comments?post=9"}],"version-history":[{"count":6,"href":"https:\/\/face.unt.edu.ar\/web\/itributacion\/wp-json\/wp\/v2\/pages\/9\/revisions"}],"predecessor-version":[{"id":49,"href":"https:\/\/face.unt.edu.ar\/web\/itributacion\/wp-json\/wp\/v2\/pages\/9\/revisions\/49"}],"wp:attachment":[{"href":"https:\/\/face.unt.edu.ar\/web\/itributacion\/wp-json\/wp\/v2\/media?parent=9"}],"curies":[{"name":"wp","href":"https:\/\/api.w.org\/{rel}","templated":true}]}}

<p style="text-align: center">Director<br />
<strong>Esp. Gustavo Alejandro Benito</strong></p>
<p>&nbsp;</p>
<p style="text-align: center"><strong>Consejo Consultivo</strong></p>
<p style="text-align: center">Profesores Titulares, Asociados y Adjuntos<br />
<strong>Esp. Luis Augusto Forns<br />
Esp. Raúl Alfredo Navarro<br />
</strong><strong>Esp. Germán Enrique Romano</strong></p>
<p style="text-align: center" align="center">Jefes de Trabajos Prácticos<br />
<strong> Esp. Mariana Pérez<br />
Esp. Edmundo Oscar Saieg</strong></p>
<p>&nbsp;</p>
<p style="text-align: center"><strong>Suplentes</strong></p>
<p style="text-align: center">Profesores Titulares, Asociados y Adjuntos<br />
<strong>Esp. Luis Alberto Comba</strong><br />
<strong>Esp. José Emilio Sánchez</strong></p>
<p style="text-align: center">Jefes de Trabajos Prácticos<br />
<strong>Esp. Mariano Dagum</strong><br />
<strong>Esp. Silvia Viviana Mesón</strong></p>

<p>Director Esp. Gustavo Alejandro Benito &nbsp; Consejo Consultivo Profesores Titulares, Asociados y Adjuntos Esp. Luis Augusto Forns Esp. Raúl Alfredo Navarro Esp. Germán Enrique Romano Jefes de Trabajos Prácticos  Esp. Mariana Pérez Esp. Edmundo Oscar Saieg &nbsp; Suplentes Profesores Titulares, Asociados y Adjuntos Esp. Luis Alberto Comba Esp. José Emilio Sánchez Jefes de Trabajos Prácticos [&hellip;]</p>
