{"id":1181,"date":"2020-02-21T15:18:19","date_gmt":"2020-02-21T15:18:19","guid":{"rendered":"http:\/\/face.unt.edu.ar\/web\/posgrados\/?page_id=1181"},"modified":"2025-11-13T13:41:41","modified_gmt":"2025-11-13T13:41:41","slug":"especializacion-en-administracion-y-politicas-publicas","status":"publish","type":"page","link":"https:\/\/face.unt.edu.ar\/web\/posgrados\/especializacion-en-administracion-y-politicas-publicas\/","title":{"rendered":"Especializaci\u00f3n en Administraci\u00f3n y Pol\u00edticas P\u00fablicas"},"content":{"rendered":"<p style=\"font-weight: 400;text-align: center\"><a href=\"https:\/\/face.unt.edu.ar\/web\/posgrados\/wp-content\/uploads\/sites\/3\/2020\/05\/logo-esp.-en-administracion-publica.jpg\"><img decoding=\"async\" loading=\"lazy\" class=\"aligncenter size-medium wp-image-1286\" src=\"https:\/\/face.unt.edu.ar\/web\/posgrados\/wp-content\/uploads\/sites\/3\/2020\/05\/logo-esp.-en-administracion-publica-300x99.jpg\" alt=\"\" width=\"300\" height=\"99\" srcset=\"https:\/\/face.unt.edu.ar\/web\/posgrados\/wp-content\/uploads\/sites\/3\/2020\/05\/logo-esp.-en-administracion-publica-300x99.jpg 300w, https:\/\/face.unt.edu.ar\/web\/posgrados\/wp-content\/uploads\/sites\/3\/2020\/05\/logo-esp.-en-administracion-publica-1024x338.jpg 1024w, https:\/\/face.unt.edu.ar\/web\/posgrados\/wp-content\/uploads\/sites\/3\/2020\/05\/logo-esp.-en-administracion-publica-768x254.jpg 768w, https:\/\/face.unt.edu.ar\/web\/posgrados\/wp-content\/uploads\/sites\/3\/2020\/05\/logo-esp.-en-administracion-publica-1536x507.jpg 1536w, https:\/\/face.unt.edu.ar\/web\/posgrados\/wp-content\/uploads\/sites\/3\/2020\/05\/logo-esp.-en-administracion-publica-2048x676.jpg 2048w, https:\/\/face.unt.edu.ar\/web\/posgrados\/wp-content\/uploads\/sites\/3\/2020\/05\/logo-esp.-en-administracion-publica-696x230.jpg 696w, https:\/\/face.unt.edu.ar\/web\/posgrados\/wp-content\/uploads\/sites\/3\/2020\/05\/logo-esp.-en-administracion-publica-1068x353.jpg 1068w, https:\/\/face.unt.edu.ar\/web\/posgrados\/wp-content\/uploads\/sites\/3\/2020\/05\/logo-esp.-en-administracion-publica-1272x420.jpg 1272w, https:\/\/face.unt.edu.ar\/web\/posgrados\/wp-content\/uploads\/sites\/3\/2020\/05\/logo-esp.-en-administracion-publica-1920x634.jpg 1920w\" sizes=\"(max-width: 300px) 100vw, 300px\" \/><\/a><strong>Carrera<\/strong> <strong>acreditada por CONEAU S\/Res.: <a href=\"https:\/\/face.unt.edu.ar\/web\/posgrados\/wp-content\/uploads\/sites\/3\/2025\/11\/L-esp.adm_.pol_.pub_.coneau-2020.pdf\">IF-2020-28489139<\/a>-APN-CONEAU#ME &#8211;<br \/>\n<a href=\"https:\/\/face.unt.edu.ar\/web\/posgrados\/wp-content\/uploads\/sites\/3\/2021\/11\/RES-1821-21-ESPECIALISTA-EN-ADMINISTRACION-Y-POLITICAS-PUBLICAS.pdf\">Res. 2021 &#8211; 1821 &#8211; APN &#8211; ME<\/a><\/strong><\/p>\n<p><strong>Director: Mg. Antonio Ra\u00fal Garc\u00eda<\/strong><strong><br \/>\nCo-Directora: Cra. Noraliz Rabini<\/strong><\/p>\n<p><strong>Informes e inscripciones:<br \/>\n<\/strong>Facultad de Ciencias Econ\u00f3micas UNT. Oficina 90<br \/>\nAvenida Independencia 1900 \u2013 CP 4000 San Miguel de Tucum\u00e1n.<br \/>\n<strong>Tel\u00e9fono<\/strong>: 0381-154954428<br \/>\n<strong>Email: <a href=\"mailto:Espadmpolpub@face.unt.edu.ar\">espadmpolpub@face.unt.edu.ar<\/a><\/strong><\/p>\n<p>&nbsp;<\/p>\n<p><a href=\"https:\/\/face.unt.edu.ar\/web\/posgrados\/wp-content\/uploads\/sites\/3\/2021\/11\/Solicitud-Individual-de-Admision-Especializacion-en-Administracion-y-Politicas-Publicas.pdf\"><strong>Solicitud de inscripci\u00f3n<\/strong><\/a><br \/>\n<a href=\"https:\/\/face.unt.edu.ar\/web\/posgrados\/wp-content\/uploads\/sites\/3\/2021\/11\/Carta-de-Recomendacion-Especializacion-en-Administracion-y-Politicas-Publicas.pdf\"><strong>Carta de Recomendaci\u00f3n<\/strong><\/a><\/p>\n<p>Con esta Especializaci\u00f3n en Administraci\u00f3n y Pol\u00edticas P\u00fablicas, la Facultad de Ciencias Econ\u00f3micas de la UNT, contribuye al desarrollo de las pol\u00edticas p\u00fablicas de la regi\u00f3n mediante la capacitaci\u00f3n y formaci\u00f3n de graduados que puedan insertarse en el medio con un desempe\u00f1o profesional de alto nivel en tres \u00e1reas tem\u00e1ticas de especializaci\u00f3n:<\/p>\n<ol>\n<li><strong>\u201cGerentes p\u00fablicos\u201d<\/strong>, es decir administradores que sean capaces de responder a las necesidades de la poblaci\u00f3n, configurando, gestionando y evaluando organizaciones que se adapten a las necesidades actuales en cuanto a calidad, eficiencia, eficacia y econom\u00eda para vencer las limitaciones que impiden ver el resultado de las pol\u00edticas p\u00fablicas en el largo plazo;<\/li>\n<li><strong>\u201cExpertos en Pol\u00edticas P\u00fablicas\u201d<\/strong> es decir, asesores de primer nivel en la creaci\u00f3n, coordinaci\u00f3n y gesti\u00f3n de pol\u00edticas p\u00fablicas, en la confecci\u00f3n y ejecuci\u00f3n de las agendas de gobierno, en la comunicaci\u00f3n institucional y el seguimiento y monitoreo en el cumplimiento de los objetivos pol\u00edticos.<\/li>\n<li><strong>\u201cEspecialistas en sistema electoral y legislativo\u201d<\/strong>, es decir, conocedores y expertos en las cuestiones electorales, opini\u00f3n p\u00fablica, partidos pol\u00edticos y legislaciones relacionadas.<\/li>\n<\/ol>\n<p><strong>Objetivos Generales<\/strong><\/p>\n<p>Con esta Especializaci\u00f3n en Administraci\u00f3n P\u00fablica la Facultad de Ciencias Econ\u00f3micas se propone:<\/p>\n<ul>\n<li>Formar un egresado fuertemente comprometido con el medio y convencido que su gesti\u00f3n puede contribuir a mejorar la calidad de vida de la comunidad en la que act\u00faa.<\/li>\n<li>Desarrollar la reflexi\u00f3n cr\u00edtica y el logro de un pensamiento creativo en torno a los temas que ata\u00f1en la gesti\u00f3n p\u00fablica.<\/li>\n<\/ul>\n<p><strong>Nombre de la carrera y t\u00edtulo a otorgar<\/strong><\/p>\n<p>El t\u00edtulo a expedirse una vez cumplimentados todos los requisitos de la carrera es el de \u201cEspecialista en Administraci\u00f3n y Pol\u00edticas P\u00fablicas\u201d, con orientaci\u00f3n en: i) Gesti\u00f3n de la Administraci\u00f3n P\u00fablica; ii) Gesti\u00f3n de Pol\u00edticas P\u00fablicas y iii) Sistema electoral y legislativo.<\/p>\n<p>Para ello el alumno deber\u00e1, antes de finalizar el segundo cuatrimestre de cursado, optar por la orientaci\u00f3n que se ajuste a su perfil personal y\/o profesional.<\/p>\n<p><strong>\u00c1mbito de acci\u00f3n del Especialista en Administraci\u00f3n y Pol\u00edticas P\u00fablicas<\/strong><\/p>\n<p>El Especialista en Administraci\u00f3n y Pol\u00edticas P\u00fablicas es un profesional que puede poner en acci\u00f3n sus conocimientos y competencias en:<\/p>\n<p>Las diversas instituciones estatales realizando diagn\u00f3stico, formulaci\u00f3n, ejecuci\u00f3n y evaluaci\u00f3n de pol\u00edticas p\u00fablicas. Este espacio se puede describir en dos sentidos. Por un lado, los distintos niveles jurisdiccionales: el nacional, provincial y municipal y por otro lado, los tres poderes del Estado: Ejecutivo, Legislativo y Judicial.<\/p>\n<p>Un segundo espacio de acci\u00f3n cubre los distintos actores de la sociedad civil que se caracterizan por su inter\u00e9s en influir en lo p\u00fablico-estatal. Por un lado, integrando organizaciones que aspiran a ocupar algunos de los espacios gubernamentales y\/o de conducci\u00f3n estatal: partidos, agrupaciones o movimientos pol\u00edticos, y por otro, como parte de ONGs, sindicatos, asociaciones empresarias y organizaciones comunitarias, que persiguen influir la toma de decisiones y pol\u00edticas p\u00fablicas.<\/p>\n<p>El tercer \u00e1mbito de acci\u00f3n de los egresados son empresas privadas que, por su actividad, tambi\u00e9n se caracterizan por su inter\u00e9s en influir en las decisiones p\u00fablico-estatales. La reconstituci\u00f3n del eje p\u00fablico-privado se reconoce como clave en el proceso de reformas estructurales y en el dise\u00f1o e implementaci\u00f3n de las pol\u00edticas p\u00fablicas.<\/p>\n<p>El cuarto espacio de acci\u00f3n de los egresados son institutos, centros o \u00e1mbitos acad\u00e9micos dedicados al an\u00e1lisis e investigaci\u00f3n focalizada en lo p\u00fablico-estatal.<\/p>\n<p>Finalmente, un quinto, y \u00faltimo espacio de acci\u00f3n, son los organismos internacionales y multilaterales (regionales y globales), cuya administraci\u00f3n y dise\u00f1o de pol\u00edticas, m\u00e1s all\u00e1 de su especificidad, muestran complejidades similares a las que se priorizan en el proceso de formaci\u00f3n.<\/p>\n<p><strong>Requisitos de Admisi\u00f3n e Inscripci\u00f3n<\/strong><\/p>\n<ol>\n<li><strong>Requisitos de Postulaci\u00f3n<\/strong><\/li>\n<\/ol>\n<p>Para postular a la Especializaci\u00f3n en Administraci\u00f3n y Pol\u00edticas P\u00fablicas se requiere t\u00edtulo universitario de grado, o nivel superior no universitario de cuatro (4) a\u00f1os de duraci\u00f3n como m\u00ednimo, en cualquier disciplina siempre que la misma pueda vincularse o aplicarse en las \u00e1reas de estudios que incluye la Especializaci\u00f3n.<\/p>\n<ol start=\"2\">\n<li><strong>Proceso de Admisi\u00f3n<\/strong><\/li>\n<\/ol>\n<p>Los aspirantes se someter\u00e1n a un proceso de admisi\u00f3n que tendr\u00e1 en cuenta antecedentes acad\u00e9micos, laborales, y entrevistas. Este proceso estar\u00e1 a cargo de la Comisi\u00f3n de Admisi\u00f3n, que estar\u00e1 integrada por el Director, el Co-Director y el Comit\u00e9 Acad\u00e9mico de la carrera.<\/p>\n<p><strong>Sede de la Carrera<\/strong><\/p>\n<p>Facultad de Ciencias Econ\u00f3micas de la Universidad Nacional de Tucum\u00e1n, ubicada en Avenida Independencia 1900.<\/p>\n<p><strong>Aranceles<\/strong><\/p>\n<p>Los cursos de la Especializaci\u00f3n tienen un arancel global que puede abonarse mensualmente durante el cursado de las materias y su monto se fija anualmente desde la Secretar\u00eda de Posgrado de la Facultad de Ciencias Econ\u00f3micas.<\/p>\n<p><strong>Becas<\/strong><\/p>\n<p>Existen un n\u00famero limitados de becas para la Especializaci\u00f3n para cubrir parte de la matr\u00edcula. En la inscripci\u00f3n se debe explicitar si desea solicitarla.\u00a0 Adem\u00e1s, existen becas que se pueden solicitar a otras instituciones.<\/p>\n<p><strong>Cupo<\/strong><\/p>\n<p>Se establece un cupo de veinticinco (25) alumnos. El programa se dictar\u00e1 cuando se cuente con un m\u00ednimo de quince (15) alumnos.<\/p>\n<p><strong>Modalidad de Dictado<\/strong><\/p>\n<p>La carrera tiene una duraci\u00f3n de un a\u00f1o y medio, con una carga horaria total de 400 horas, distribuidas en doce cursos te\u00f3rico-pr\u00e1cticos. La modalidad predominante del dictado es presencial, estructurado en dos d\u00edas a la semana, viernes por la tarde (de 17:00 a 22:00) y s\u00e1bados por la ma\u00f1ana (de 8:30 a 13:30) para permitir un mayor aprovechamiento del tiempo por parte de los alumnos. Tambi\u00e9n se prev\u00e9n algunas clases virtuales y otras bajo la modalidad h\u00edbrida.<\/p>\n<p><strong>Duraci\u00f3n y carga horaria total<\/strong><\/p>\n<p>El programa totaliza cuatrocientas (400) horas de clases, distribuidas en: Un ciclo com\u00fan de doscientas cuarenta (240) horas compuesto por ocho (8) materias de 30 (treinta) horas cada una y un ciclo de orientaci\u00f3n de ciento sesenta (160) horas correspondientes a 4 materias de 40 horas cada una. La duraci\u00f3n del cursado de la carrera de Especializaci\u00f3n en Administraci\u00f3n y Pol\u00edticas P\u00fablicas es de un a\u00f1o y medio articulado en tres (3) cuatrimestres. Terminado el cursado, el alumno presentar y defender el Trabajo Final.<\/p>\n<p><strong>Plan de Estudios\u00a0<\/strong><\/p>\n<ul>\n<li><strong>Primer a\u00f1o &#8211; Primer cuatrimestre<\/strong><\/li>\n<\/ul>\n<p>. Historia y Teor\u00eda del Estado<br \/>\n. Teor\u00eda de las Decisiones<br \/>\n. Teor\u00eda de la Pol\u00edtica P\u00fablica<br \/>\n. Principios de Administraci\u00f3n de las organizaciones<\/p>\n<ul>\n<li><strong>Primer a\u00f1o &#8211; Segundo cuatrimestre<\/strong><\/li>\n<\/ul>\n<p>. Seminario de Integraci\u00f3n<br \/>\n. An\u00e1lisis, Dise\u00f1o y Planificaci\u00f3n de Pol\u00edticas P\u00fablicas<br \/>\n.\u00a0 Sistemas Centrales de Administraci\u00f3n P\u00fablica<br \/>\n. Tecnolog\u00edas de informaci\u00f3n y reforma del Estado<\/p>\n<ul>\n<li><b>Segundo a\u00f1o \u2013 Primer cuatrimestre &#8211; Orientaci\u00f3n en Gesti\u00f3n de la Administraci\u00f3n P\u00fablica<\/b><\/li>\n<\/ul>\n<p>. Sistema Presupuestario y Contable de Administraci\u00f3n P\u00fablica<br \/>\n. R\u00e9gimen de Compras y Contrataciones del Estado<br \/>\n. Empleo P\u00fablico<br \/>\n. Tesorer\u00eda y Control de Gesti\u00f3n<\/p>\n<ul>\n<li><b>Segundo a\u00f1o \u2013 Primer cuatrimestre &#8211; Orientaci\u00f3n en Gesti\u00f3n de Pol\u00edticas P\u00fablicas<\/b><\/li>\n<\/ul>\n<p>. Econom\u00eda Pol\u00edtica<br \/>\n. Marco Institucional y Jur\u00eddico en la Gesti\u00f3n P\u00fablica<br \/>\n. Monitoreo y Evaluaci\u00f3n de Pol\u00edticas P\u00fablicas<br \/>\n. Comunicaci\u00f3n Pol\u00edtica<\/p>\n<ul>\n<li><strong>Trabajo final<\/strong><\/li>\n<\/ul>\n<p>Concluidas las exigencias curriculares de los tres cuatrimestres, los alumnos deber\u00e1n presentar un Trabajo Final individual, que consistir\u00e1 en el desarrollo de la tem\u00e1tica presentada como anteproyecto por el alumno. Ser\u00e1 evaluado mediante su exposici\u00f3n y defensa ante un Tribunal designado a tal fin.<\/p>\n<p>&nbsp;<\/p>\n<p><strong>Equipo Docente de la Especializaci\u00f3n<\/strong><\/p>\n<ul>\n<li><strong>Director<\/strong><\/li>\n<\/ul>\n<p><strong>Mg. Ra\u00fal Garc\u00eda:<\/strong>\u00a0Magister en Econom\u00eda, 1991, (Centro de Estudios Macroen\u00f3micos de Argentina, CEMA, Buenos Aires, Argentina), Postgrado en Dise\u00f1o y Gerenciamiento de Programas Sociales, 2001, (Banco Interamericano de Desarrollo, BID, Washington D.C., Estados Unidos), Postgrado en Comercio Internacional (The international new trade agenda), 1999, (Banco Mundial, Washington D.C., Estados Unidos), Postgrado en Econom\u00eda Agr\u00edcola, 1992, (Centro per la formazzione e l\u00b4assitenza allo svilluppo, Viterbo, Italia), Licenciado en Econom\u00eda, 1989, (Facultad de Ciencias Econ\u00f3micas, Universidad Nacional de Tucum\u00e1n, Argentina). Director de Estad\u00edstica de la Provincia de Tucum\u00e1n (Secretar\u00eda de Gesti\u00f3n P\u00fablica y Planeamiento, Gobierno de la Provincia de Tucum\u00e1n), Profesor Adjunto Regular de Econom\u00eda Agr\u00edcola I y de Gobierno y Pol\u00edticas P\u00fablicas (Licenciatura en Econom\u00eda, Instituto de Investigaciones Econ\u00f3micas, Facultad de Ciencias Econ\u00f3micas, UNT), Profesor Adjunto de Gobierno y Administraci\u00f3n P\u00fablica (Licenciatura en Ciencias Pol\u00edticas, Facultad de Derecho y Ciencias Sociales, UNSTA).<\/p>\n<p>&nbsp;<\/p>\n<ul>\n<li><strong>Comit\u00e9\u00a0Acad\u00e9mico<\/strong><\/li>\n<\/ul>\n<p><strong>Mg. Teresa Carolina Ferreyra: <\/strong>Mag\u00edster en Administraci\u00f3n (2004), Licenciada en Administraci\u00f3n de Empresas (1992), \u00a0Contador P\u00fablico Nacional (1985). Profesora Asociada \u201cAdministraci\u00f3n de Personal\u201d y \u201cAdministraci\u00f3n de Recursos Humanos I.<\/p>\n<p><strong>Mag. Adolfo Jorge Rospide: <\/strong>Profesor Titular de Finanzas, Facultad de Ciencias Econ\u00f3micas, Universidad Nacional de Tucum\u00e1n, Mag. en Finanzas (Universidad de Chile), Director del Instituto de Administraci\u00f3n.<\/p>\n<p><strong>Esp. Erika Grunauer:<\/strong> Especialista en Direcci\u00f3n de Recursos Humanos (2010), Licenciada en Administraci\u00f3n de Empresas (2002). Profesor Adjunto \u201cAdministraci\u00f3n de Personal\u201d y\u00a0 \u201cAdministraci\u00f3n de Recursos Humanos I\u201d FACE &#8211; UNT. Directora de Recursos Humanos de la Provincia de Tucum\u00e1n.<\/p>\n<p><strong>Mg. Maximiliano Campos R\u00edos: <\/strong>Lic. en Ciencia Pol\u00edtica de la UBA y Mag\u00edster en Administraci\u00f3n y Pol\u00edticas P\u00fablicas de la Universidad de San Andr\u00e9s (UdeSA), realiz\u00f3 estudios de posgrado en la Universidad de Delaware (Beca Fulbright) y en la Universidad de Georgetown. Profesor en la Facultad de Ciencias Sociales de la Universidad de Buenos Aires (UBA) de las materias: \u201cAdministraci\u00f3n P\u00fablica\u201d y \u201cCiclo heur\u00edstico para el an\u00e1lisis y el dise\u00f1o de pol\u00edticas p\u00fablicas\u201d, asimismo tambi\u00e9n es Titular de la Materia \u201cCiencia Pol\u00edtica\u201d en el Ciclo B\u00e1sico Com\u00fan (CBC), e Investigador Asociado de CIPPEC. Ex Secretario Acad\u00e9mico de la Carrera de Ciencia Pol\u00edtica de la UBA y Director de la Revista Espacios Pol\u00edticos.<\/p>\n<p>&nbsp;<\/p>\n<ul>\n<li><strong>Docentes<\/strong><\/li>\n<\/ul>\n<p><strong>Campi, Daniel<\/strong>: Doctor en Geograf\u00eda e Historia. Licenciado en Historia<\/p>\n<p><strong>Campos R\u00edos, Maximiliano: <\/strong>Lic. en Ciencia Pol\u00edtica de la UBA y Mag\u00edster en Administraci\u00f3n y Pol\u00edticas P\u00fablicas de la Universidad de San Andr\u00e9s (UdeSA), realiz\u00f3 estudios de posgrado en la Universidad de Delaware (Beca Fulbright) y en la Universidad de Georgetown. Profesor en la Facultad de Ciencias Sociales de la Universidad de Buenos Aires (UBA) de las materias: \u201cAdministraci\u00f3n P\u00fablica\u201d y \u201cCiclo heur\u00edstico para el an\u00e1lisis y el dise\u00f1o de pol\u00edticas p\u00fablicas\u201d, asimismo tambi\u00e9n es Titular de la Materia \u201cCiencia Pol\u00edtica\u201d en el Ciclo B\u00e1sico Com\u00fan (CBC), e Investigador Asociado de CIPPEC. Ex Secretario Acad\u00e9mico de la Carrera de Ciencia Pol\u00edtica de la UBA y Director de la Revista Espacios Pol\u00edticos.<\/p>\n<p><strong>Danon, Alejandro Martin:<\/strong>\u00a0 Master in Social Science in Economics, London School of Economics and Political Science (LSE), Reino Unido (2012). Master en Econom\u00eda, Universidad de San Andres, Buenos Aires, Argentina (2007). Licenciado en Econom\u00eda, Universidad Nacional de Tucum\u00e1n (2005). \u00a0Profesor de \u201cMicroeconometria,\u201d Maestr\u00eda en Econom\u00eda, UNT; \u00a0JTP \u201cDesarrollo Econ\u00f3mico\u201d \u2013 FACE &#8211; UNT, Profesor de \u201cEconom\u00eda y marco regulatorio en el mercado el\u00e9ctrico\u201d- Especializaci\u00f3n en ingenier\u00eda bioenerg\u00e9tica, Universidad Tecnol\u00f3gica Nacional. \u00a0Director de Micro, Peque\u00f1a y Mediana Empresa, Ministerio de Desarrollo Productivo de la Provincia.<\/p>\n<p><strong>Ferreyra, Teresa Carolina:<\/strong> Mag\u00edster en Administraci\u00f3n (2004), Licenciada en Administraci\u00f3n de Empresas (1992), \u00a0Contador P\u00fablico Nacional (1985). Profesora Asociada \u201cAdministraci\u00f3n de Personal\u201d y \u201cAdministraci\u00f3n de Recursos Humanos I.<\/p>\n<p><strong>Foguet, Santiago: <\/strong>Master of Arts in Economics (Boston University), Licenciado en Econom\u00eda (UNT),\u00a0 Profesor Asociado en la Facultad de Ciencias Econ\u00f3micas de la Universidad Nacional de Tucum\u00e1n<\/p>\n<p><strong>Ghio, Javier:\u00a0<\/strong>Magister en Derecho Parlamentario Universidad de San Pablo Tucum\u00e1n 2009 \u2013 2011,\u00a0Especialista en Ciencia Pol\u00edtica con proyecci\u00f3n en Argentina y Latinoamerica An\u00e1lisis Pol\u00edtico Universidad Nacional de Tucum\u00e1n 2006 \u2013 2006, Licenciado en Ciencia Pol\u00edtica An\u00e1lisis Pol\u00edtico Universidad Nacional de R\u00edo Cuarto 1999 \u2013 2004.<\/p>\n<p><strong>Grunauer, Erika: <\/strong>Especialista en Direcci\u00f3n de Recursos Humanos (2010), Licenciada en Administraci\u00f3n de Empresas (2002). Profesor Adjunto \u201cAdministraci\u00f3n de Personal\u201d y\u00a0 \u201cAdministraci\u00f3n de Recursos Humanos I\u201d FACE &#8211; UNT. Directora de Recursos Humanos de la Provincia de Tucum\u00e1n.<\/p>\n<p><strong>Guti\u00e9rrez,\u00a0 Mar\u00eda Florencia:\u00a0 <\/strong><\/p>\n<p><strong>Mastrolorenzo, Sof\u00eda:<\/strong> Especializaci\u00f3n en Administraci\u00f3n P\u00fablica (2014) Abogada (2000). Profesora Adjunta \u201cDerecho Internacional P\u00fablico y Pol\u00edtica Exterior\u201d, Fac. Derecho y Cs. Ss &#8211; UNT. Subsecretaria Legal y t\u00e9cnica del Ministerio de Desarrollo Productivo de la Provincia de Tucum\u00e1n.<\/p>\n<p><strong>Mitchelstein, Mar\u00eda Eugenia:<\/strong> Ph.D. NorthWestern University (2015), Master in Science (Msc) London School of Economics and Political Science (LSE) (2005), Licenciada en Ciencias Pol\u00edticas (2003), T\u00e9cnica en Periodismo (2000). Profesora Adjunta \u00a0\u00abComunicaci\u00f3n Pol\u00edtica; Seminario de Tesis; Metodolog\u00eda; Nuevos Medios\u00bb Universidad de San Andr\u00e9s.<\/p>\n<p><strong>Nicolini, Esteban: <\/strong>Ph.D en Econom\u00eda, Cum Laude, Universitat Pompeu Fabra, Barcelona (2000),\u00a0 M.Sc. en Econom\u00eda con honores, Universitat Pompeu Fabra, Barcelona. (1997), Licenciatura en Historia, Universidad Nacional de Tucum\u00e1n, Argentina (1991), Director de proyecto financiado por el Ministerio de Ciencia y Tecnolog\u00eda de la Rep\u00fablica Argentina, Desde el 2008 Profesor Visitante, Departamento de Econom\u00eda, Universidad Carlos III de Madrid-Espa\u00f1a, desde el 2007 Profesor Asociado, Instituto de Investigaciones Econ\u00f3micas, Universidad Nacional de Tucum\u00e1n, Argentina.<\/p>\n<p><strong>Pando Diego:\u00a0 <\/strong>Doctor en Ciencia Pol\u00edtica y de la Administraci\u00f3n, Facultad de Sociolog\u00eda y Ciencia Pol\u00edtica, Universidad Complutense de Madrid-Espa\u00f1a-2006, Diploma de Estudios Avanzados en Ciencia Pol\u00edtica y de la Administraci\u00f3n, Facultad de Sociolog\u00eda y Ciencia Pol\u00edtica, Universidad Complutense de Madrid-Espa\u00f1a-2003, Master en Administraci\u00f3n y Pol\u00edticas P\u00fablicas, Universidad de San Andr\u00e9s, Buenos Aires-Argentina-2002, Licenciado en Ciencia Pol\u00edtica, Facultad de Ciencias Sociales, Universidad del Salvador, Buenos Aires-Argentina-1995.<\/p>\n<p><strong>Ponce, Rosa Noem\u00ed:<\/strong> Especializaci\u00f3n en Administraci\u00f3n P\u00fablica (2017), Magister en Administraci\u00f3n (2012), Especializaci\u00f3n en Control y Auditor\u00eda de la Tecnolog\u00eda de Informaci\u00f3n (2012), Especializaci\u00f3n en Direcci\u00f3n de Recursos Humanos (2011), Licenciado en Administraci\u00f3n de Empresas (2005) y Contador P\u00fablico Nacional (1984). Profesor Adjunto \u201cContabilidad Gerencial\u201d y \u201cControl de Gesti\u00f3n\u201d- FACE &#8211; UNT.\u00a0 Tesorer\u00eda General de la Provincia (2017 a la fecha) Sub-Directora a cargo de la Contadur\u00eda del Ministerio de Educaci\u00f3n de la Provincia de Tucum\u00e1n (2009- 2016).<\/p>\n<p><strong>Reynoso, Diego:\u00a0 <\/strong>Program Scholar in Quantitative Methods and Social Research ICPSR, Universidad de Michigan (2005), Doctor en Ciencias Sociales con especializaci\u00f3n en Ciencia Pol\u00edtica FLACSO Sede Acad\u00e9mica de M\u00e9xico (en asociaci\u00f3n c\/ Universidad de Georgetown) (2000), Estudiante Visitante de Doctorado Instituto de Iberoam\u00e9rica, Universidad de Salamanca (1999), Licenciado en Ciencia Pol\u00edtica, (Diploma de Honor) Facultad de Ciencias Sociales, Universidad de Buenos Aires (1994).<\/p>\n<p><strong>Rospide, Adolfo Jorge:<\/strong> Magister en Finanzas (2004) y Licenciado en Administraci\u00f3n (1996), Profesor titular \u201cFinanzas II\u201d, y \u201cPractica Profesional\u201d de la Facultad de Ciencias Econ\u00f3micas de la UNT.<\/p>\n<ul>\n<li><strong>Docentes colaboradores<\/strong><\/li>\n<\/ul>\n<p><strong>Mg. Horacio Madkur<\/strong> (Fac. Derecho \u2013 UNT)<br \/>\n<strong>CPN.<\/strong> <strong>Marcelo Medina Galv\u00e1n<\/strong> (FACE-UNT)<br \/>\n<strong>Esp. Jos\u00e9 Mar\u00eda Rogero<br \/>\nCPN Jim\u00e9nez Jorge<\/strong> Gustavo (FACE \u2013 UNT)<br \/>\n<strong>Mg. Beatriz Alvarez<\/strong> (FACE \u2013 UNT)<br \/>\n<strong>Mg. Antonella Bonacina<br \/>\nMg. Irene Benito<\/strong>\u00a0 (Fac. Derecho \u2013 UNT)<br \/>\n<strong>Mg. Juan Pablo Ruiz Nicolini<\/strong> (U. Torcuato Ditela)<br \/>\n<strong>Dr. Leandro Ary Lichtmajer.\u00a0<\/strong><\/p>\n<p>&nbsp;<\/p>\n","protected":false},"excerpt":{"rendered":"<p>Carrera acreditada por CONEAU S\/Res.: IF-2020-28489139-APN-CONEAU#ME &#8211; Res. 2021 &#8211; 1821 &#8211; APN &#8211; ME Director: Mg. Antonio Ra\u00fal Garc\u00eda Co-Directora: Cra. Noraliz Rabini Informes e inscripciones: Facultad de Ciencias Econ\u00f3micas UNT. Oficina 90 Avenida Independencia 1900 \u2013 CP 4000 San Miguel de Tucum\u00e1n. Tel\u00e9fono: 0381-154954428 Email: espadmpolpub@face.unt.edu.ar &nbsp; Solicitud de inscripci\u00f3n Carta de Recomendaci\u00f3n [&hellip;]<\/p>\n","protected":false},"author":9,"featured_media":0,"parent":0,"menu_order":0,"comment_status":"closed","ping_status":"closed","template":"","meta":{"footnotes":""},"_links":{"self":[{"href":"https:\/\/face.unt.edu.ar\/web\/posgrados\/wp-json\/wp\/v2\/pages\/1181"}],"collection":[{"href":"https:\/\/face.unt.edu.ar\/web\/posgrados\/wp-json\/wp\/v2\/pages"}],"about":[{"href":"https:\/\/face.unt.edu.ar\/web\/posgrados\/wp-json\/wp\/v2\/types\/page"}],"author":[{"embeddable":true,"href":"https:\/\/face.unt.edu.ar\/web\/posgrados\/wp-json\/wp\/v2\/users\/9"}],"replies":[{"embeddable":true,"href":"https:\/\/face.unt.edu.ar\/web\/posgrados\/wp-json\/wp\/v2\/comments?post=1181"}],"version-history":[{"count":65,"href":"https:\/\/face.unt.edu.ar\/web\/posgrados\/wp-json\/wp\/v2\/pages\/1181\/revisions"}],"predecessor-version":[{"id":3681,"href":"https:\/\/face.unt.edu.ar\/web\/posgrados\/wp-json\/wp\/v2\/pages\/1181\/revisions\/3681"}],"wp:attachment":[{"href":"https:\/\/face.unt.edu.ar\/web\/posgrados\/wp-json\/wp\/v2\/media?parent=1181"}],"curies":[{"name":"wp","href":"https:\/\/api.w.org\/{rel}","templated":true}]}}