{"id":1598,"date":"2022-06-21T12:20:09","date_gmt":"2022-06-21T12:20:09","guid":{"rendered":"https:\/\/face.unt.edu.ar\/web\/posgrados\/?page_id=1598"},"modified":"2022-07-08T12:37:07","modified_gmt":"2022-07-08T12:37:07","slug":"procedimiento-para-solicitar-constancia-de-envio-de-tesis-tesina-y-o-trabajo-final-al-repositorio-ridface","status":"publish","type":"page","link":"https:\/\/face.unt.edu.ar\/web\/posgrados\/procedimiento-para-solicitar-constancia-de-envio-de-tesis-tesina-y-o-trabajo-final-al-repositorio-ridface\/","title":{"rendered":"Procedimiento para solicitar constancia de env\u00edo de Tesis\/Tesina y\/o Trabajo Final al Repositorio RIDFACE"},"content":{"rendered":"<p>Enviar al mail ridface@face.unt .edu.ar, detallando en ASUNTO: Tesis\/TIF (seg\u00fan corresponda) de posgrado y en el CUERPO del mensaje: nombre completo, DNI, carrera de posgrado a la que pertenece, T\u00edtulo de la Tesis\/TIF, lo que se solicita en los puntos 1 y 2.<\/p>\n<p>1.- El archivo de la Tesis\/TIF (Trabajo Final Integrador para el caso de especializaciones) en formato PDF.<\/p>\n<p>2.- El Formulario Datos para Publicar y Difundir Tesis\/Tesina, Trabajo Final previamente impreso, completo con todos los datos, firmado y escaneado en formato pdf que se encuentra en el siguiente link:<\/p>\n<p><a href=\"https:\/\/face.unt.edu.ar\/web\/posgrados\/wp-content\/uploads\/sites\/3\/2022\/06\/Autorizacion-ridface-tesis-posgrado.pdf\">Formulario Datos para Publicar y difundir Tesis\/Tesina, Trabajo final\u00a0<\/a><\/p>\n<p>Una vez recibido el TRABAJO correctamente (del punto 1) y el FORMULARIO DE DATOS PARA PUBLICAR Y DIFUNDIR TESIS\/TESINA, TRABAJO FINAL (del punto 2) ambos en formato pdf, \u00a0se emitir\u00e1 por el mismo medio (E-mail) una constancia de recepci\u00f3n de Tesis\/Tif a nombre del alumno, quien deber\u00e1 presentarla en la Secretaria de Ciencia, T\u00e9cnica y Posgrado a los fines de acreditar dicha entrega al repositorio, quedando concluido el tr\u00e1mite.<\/p>\n","protected":false},"excerpt":{"rendered":"<p>Enviar al mail ridface@face.unt .edu.ar, detallando en ASUNTO: Tesis\/TIF (seg\u00fan corresponda) de posgrado y en el CUERPO del mensaje: nombre completo, DNI, carrera de posgrado a la que pertenece, T\u00edtulo de la Tesis\/TIF, lo que se solicita en los puntos 1 y 2. 1.- El archivo de la Tesis\/TIF (Trabajo Final Integrador para el caso [&hellip;]<\/p>\n","protected":false},"author":9,"featured_media":0,"parent":0,"menu_order":0,"comment_status":"closed","ping_status":"closed","template":"","meta":{"footnotes":""},"_links":{"self":[{"href":"https:\/\/face.unt.edu.ar\/web\/posgrados\/wp-json\/wp\/v2\/pages\/1598"}],"collection":[{"href":"https:\/\/face.unt.edu.ar\/web\/posgrados\/wp-json\/wp\/v2\/pages"}],"about":[{"href":"https:\/\/face.unt.edu.ar\/web\/posgrados\/wp-json\/wp\/v2\/types\/page"}],"author":[{"embeddable":true,"href":"https:\/\/face.unt.edu.ar\/web\/posgrados\/wp-json\/wp\/v2\/users\/9"}],"replies":[{"embeddable":true,"href":"https:\/\/face.unt.edu.ar\/web\/posgrados\/wp-json\/wp\/v2\/comments?post=1598"}],"version-history":[{"count":9,"href":"https:\/\/face.unt.edu.ar\/web\/posgrados\/wp-json\/wp\/v2\/pages\/1598\/revisions"}],"predecessor-version":[{"id":1623,"href":"https:\/\/face.unt.edu.ar\/web\/posgrados\/wp-json\/wp\/v2\/pages\/1598\/revisions\/1623"}],"wp:attachment":[{"href":"https:\/\/face.unt.edu.ar\/web\/posgrados\/wp-json\/wp\/v2\/media?parent=1598"}],"curies":[{"name":"wp","href":"https:\/\/api.w.org\/{rel}","templated":true}]}}