{"id":7,"date":"2014-09-17T12:14:33","date_gmt":"2014-09-17T12:14:33","guid":{"rendered":"http:\/\/face.unt.edu.ar\/web\/rrhh\/?page_id=7"},"modified":"2019-04-04T22:46:25","modified_gmt":"2019-04-04T22:46:25","slug":"descripcion-general","status":"publish","type":"page","link":"https:\/\/face.unt.edu.ar\/web\/rrhh\/descripcion-general\/","title":{"rendered":"Descripci\u00f3n General"},"content":{"rendered":"<p><a href=\"http:\/\/face.unt.edu.ar\/web\/rrhh\/wp-content\/uploads\/sites\/9\/2018\/12\/logo-rrhh-generico.png\"><img decoding=\"async\" loading=\"lazy\" class=\"wp-image-81 aligncenter\" src=\"http:\/\/face.unt.edu.ar\/web\/rrhh\/wp-content\/uploads\/sites\/9\/2018\/12\/logo-rrhh-generico.png\" alt=\"\" width=\"328\" height=\"135\" srcset=\"https:\/\/face.unt.edu.ar\/web\/rrhh\/wp-content\/uploads\/sites\/9\/2018\/12\/logo-rrhh-generico.png 486w, https:\/\/face.unt.edu.ar\/web\/rrhh\/wp-content\/uploads\/sites\/9\/2018\/12\/logo-rrhh-generico-300x123.png 300w\" sizes=\"(max-width: 328px) 100vw, 328px\" \/><\/a><\/p>\n<p>El plan de estudios de la carrera de posgrado Especializaci\u00f3n en Direcci\u00f3n de Recursos Humanos est\u00e1 basado en los est\u00e1ndares internacionales en posgrados de tipo profesional, adaptado a los recursos y caracter\u00edsticas de nuestra regi\u00f3n. Las exigencias del programa se han ajustado a las normas establecidas por la Resoluci\u00f3n N\u00ba 1168\/97 del Ministerio de Cultura y Educaci\u00f3n de la Naci\u00f3n y por el Reglamento General de Estudios de Posgrado de la Universidad Nacional de Tucum\u00e1n.<\/p>\n<p>El programa est\u00e1 dise\u00f1ado como de dedicaci\u00f3n parcial, orientado a profesionales que tengan experiencia laboral preferentemente, y que no pueden dedicar la jornada completa a su perfeccionamiento. El dictado de los cursos y la realizaci\u00f3n de las pr\u00e1cticas se han estructurado en tres (3) d\u00edas a la semana para permitir un mayor aprovechamiento del tiempo por parte de los alumnos.<\/p>\n<p>Esta carrera de posgrado requiere que sus participantes posean al ingresar, o adquieran durante los dos primeros trimestres del cursado, conocimientos b\u00e1sicos en Inform\u00e1tica, Estad\u00edstica e Informaci\u00f3n Contable. Habr\u00e1 evaluaciones de nivel y, con car\u00e1cter opcional, cursos de nivelaci\u00f3n de veinte (20) horas de duraci\u00f3n cada uno.<\/p>\n<p>El plan de estudios tiene una duraci\u00f3n de cuatro (4) trimestres, y se compone de diecis\u00e9is (16) cursos, pr\u00e1cticas de gesti\u00f3n de recursos humanos, y un examen integral final.<\/p>\n<p>Las pruebas de evaluaci\u00f3n pueden tomar m\u00faltiples formas: evaluaci\u00f3n de trabajos, discusi\u00f3n de casos, pruebas pr\u00e1cticas y ex\u00e1menes orales o escritos.<\/p>\n","protected":false},"excerpt":{"rendered":"<p>El plan de estudios de la carrera de posgrado Especializaci\u00f3n en Direcci\u00f3n de Recursos Humanos est\u00e1 basado en los est\u00e1ndares internacionales en posgrados de tipo profesional, adaptado a los recursos y caracter\u00edsticas de nuestra regi\u00f3n. Las exigencias del programa se han ajustado a las normas establecidas por la Resoluci\u00f3n N\u00ba 1168\/97 del Ministerio de Cultura [&hellip;]<\/p>\n","protected":false},"author":1,"featured_media":0,"parent":0,"menu_order":0,"comment_status":"open","ping_status":"open","template":"","meta":{"footnotes":""},"_links":{"self":[{"href":"https:\/\/face.unt.edu.ar\/web\/rrhh\/wp-json\/wp\/v2\/pages\/7"}],"collection":[{"href":"https:\/\/face.unt.edu.ar\/web\/rrhh\/wp-json\/wp\/v2\/pages"}],"about":[{"href":"https:\/\/face.unt.edu.ar\/web\/rrhh\/wp-json\/wp\/v2\/types\/page"}],"author":[{"embeddable":true,"href":"https:\/\/face.unt.edu.ar\/web\/rrhh\/wp-json\/wp\/v2\/users\/1"}],"replies":[{"embeddable":true,"href":"https:\/\/face.unt.edu.ar\/web\/rrhh\/wp-json\/wp\/v2\/comments?post=7"}],"version-history":[{"count":10,"href":"https:\/\/face.unt.edu.ar\/web\/rrhh\/wp-json\/wp\/v2\/pages\/7\/revisions"}],"predecessor-version":[{"id":71,"href":"https:\/\/face.unt.edu.ar\/web\/rrhh\/wp-json\/wp\/v2\/pages\/7\/revisions\/71"}],"wp:attachment":[{"href":"https:\/\/face.unt.edu.ar\/web\/rrhh\/wp-json\/wp\/v2\/media?parent=7"}],"curies":[{"name":"wp","href":"https:\/\/api.w.org\/{rel}","templated":true}]}}