{"id":3462,"date":"2016-05-12T12:57:48","date_gmt":"2016-05-12T12:57:48","guid":{"rendered":"http:\/\/face.unt.edu.ar\/web\/?page_id=3462"},"modified":"2023-12-13T14:46:44","modified_gmt":"2023-12-13T14:46:44","slug":"conoce-economicas","status":"publish","type":"page","link":"https:\/\/face.unt.edu.ar\/web\/conoce-economicas\/","title":{"rendered":"Conoc\u00e9 Econ\u00f3micas"},"content":{"rendered":"<p><a href=\"http:\/\/face.unt.edu.ar\/web\/wp-content\/uploads\/2019\/06\/LOGO-CONOCE-ECONOMICAS.png\"><img decoding=\"async\" loading=\"lazy\" class=\"wp-image-8901 aligncenter\" src=\"http:\/\/face.unt.edu.ar\/web\/wp-content\/uploads\/2019\/06\/LOGO-CONOCE-ECONOMICAS-300x112.png\" alt=\"\" width=\"541\" height=\"202\" srcset=\"https:\/\/face.unt.edu.ar\/web\/wp-content\/uploads\/2019\/06\/LOGO-CONOCE-ECONOMICAS-300x112.png 300w, https:\/\/face.unt.edu.ar\/web\/wp-content\/uploads\/2019\/06\/LOGO-CONOCE-ECONOMICAS.png 542w\" sizes=\"(max-width: 541px) 100vw, 541px\" \/><\/a><\/p>\n<p><strong>Conoc\u00e9 Econ\u00f3micas es una propuesta destinada a que los alumnos de las instituciones educativas p\u00fablicas y privadas del nivel medio de nuestra provincia conozcan las carreras que se dictan en nuestra Facultad. <\/strong><\/p>\n<p>La Jornada inici\u00f3 en 2015 y continu\u00f3 de manera ininterrumpida durante los a\u00f1os consecutivos.<\/p>\n<p>Desde la <strong>Facultad de Ciencias Econ\u00f3micas de la Universidad Nacional de Tucum\u00e1n<\/strong> somos conscientes de la dificultad que representa para el alumno que termina la secundaria decidir sobre su formaci\u00f3n en un nivel de educaci\u00f3n superior. Es una decisi\u00f3n trascendente, que marcar\u00e1 en buena medida su vida y su futuro. Contar con informaci\u00f3n fehaciente y clara sobre las opciones disponibles es fundamental para tomar esa decisi\u00f3n de mejor manera.<\/p>\n<p>En este contexto surgieron las Jornadas \u201cConoc\u00e9 Econ\u00f3micas\u201d como forma de presentaci\u00f3n de la oferta acad\u00e9mica de nuestra Instituci\u00f3n.<\/p>\n<p>En la edici\u00f3n 2021, la Jornada se organiz\u00f3 en forma articulada con el <strong><a href=\"http:\/\/www.unt.edu.ar\/expocarreras\/pai#asnwer-pai-1\" target=\"_blank\" rel=\"noopener\">Programa de Acompa\u00f1amiento al Ingreso<\/a><\/strong> y la<strong> <a href=\"http:\/\/www.unt.edu.ar\/expocarreras\" target=\"_blank\" rel=\"noopener\">EXPO UNT Virtual<\/a><\/strong><\/p>\n<p>Los principales objetivos de la propuesta son:<\/p>\n<ul>\n<li>Presentar las tres carreras que se ofrecen en la FACE y sus planes de estudio vigentes.<\/li>\n<li>Disipar la incertidumbre sobre los perfiles de los egresados de las carreras de ciencias econ\u00f3micas.<\/li>\n<li>Generar un espacio de di\u00e1logo, donde los estudiantes del nivel medio puedan volcar sus inquietudes.<\/li>\n<li>Establecer el primer contacto con nuestros futuros ingresantes, dando a conocer las actividades que realizamos y las instalaciones de nuestra Facultad.<\/li>\n<\/ul>\n<p>En los siguientes videos te presentamos la Oferta Acad\u00e9mica de Grado de nuestra Facultad:<\/p>\n<p><iframe loading=\"lazy\" title=\"Conoc\u00e9 Econ\u00f3micas - Presentaci\u00f3n del programa\" width=\"1080\" height=\"608\" src=\"https:\/\/www.youtube.com\/embed\/Joz57BXmw0k?feature=oembed\"  allow=\"accelerometer; autoplay; clipboard-write; encrypted-media; gyroscope; picture-in-picture; web-share\" referrerpolicy=\"strict-origin-when-cross-origin\" allowfullscreen><\/iframe><\/p>\n<p><iframe loading=\"lazy\" title=\"Conoc\u00e9 Econ\u00f3micas - Autoridades FACE UNT\" width=\"1080\" height=\"608\" src=\"https:\/\/www.youtube.com\/embed\/M6qXGH-4-CA?feature=oembed\"  allow=\"accelerometer; autoplay; clipboard-write; encrypted-media; gyroscope; picture-in-picture; web-share\" referrerpolicy=\"strict-origin-when-cross-origin\" allowfullscreen><\/iframe><\/p>\n<p><iframe loading=\"lazy\" title=\"Conoc\u00e9 Econ\u00f3micas  - Presentaci\u00f3n de la Oferta Acad\u00e9mica - FACE UNT\" width=\"1080\" height=\"608\" src=\"https:\/\/www.youtube.com\/embed\/hwAS4QK5YKs?feature=oembed\"  allow=\"accelerometer; autoplay; clipboard-write; encrypted-media; gyroscope; picture-in-picture; web-share\" referrerpolicy=\"strict-origin-when-cross-origin\" allowfullscreen><\/iframe><\/p>\n<p><iframe loading=\"lazy\" title=\"Conoc\u00e9 Econ\u00f3micas - Carrera Licenciatura en Administraci\u00f3n FACE UNT\" width=\"1080\" height=\"608\" src=\"https:\/\/www.youtube.com\/embed\/4MiyIye316w?feature=oembed\"  allow=\"accelerometer; autoplay; clipboard-write; encrypted-media; gyroscope; picture-in-picture; web-share\" referrerpolicy=\"strict-origin-when-cross-origin\" allowfullscreen><\/iframe><\/p>\n<p><iframe loading=\"lazy\" title=\"Conoc\u00e9 Econ\u00f3micas - Carrera Contador P\u00fablico - FACE UNT\" width=\"1080\" height=\"608\" src=\"https:\/\/www.youtube.com\/embed\/b2I4bZZrLFI?feature=oembed\"  allow=\"accelerometer; autoplay; clipboard-write; encrypted-media; gyroscope; picture-in-picture; web-share\" referrerpolicy=\"strict-origin-when-cross-origin\" allowfullscreen><\/iframe><\/p>\n<p><iframe loading=\"lazy\" title=\"Conoc\u00e9 Econ\u00f3micas- Carrera Licenciatura en Econom\u00eda FACE UNT\" width=\"1080\" height=\"608\" src=\"https:\/\/www.youtube.com\/embed\/wMxfBkUgC_E?feature=oembed\"  allow=\"accelerometer; autoplay; clipboard-write; encrypted-media; gyroscope; picture-in-picture; web-share\" referrerpolicy=\"strict-origin-when-cross-origin\" allowfullscreen><\/iframe><\/p>\n<p><iframe loading=\"lazy\" title=\"Conoc\u00e9 Econ\u00f3micas - \u00bfQu\u00e9 debo hacer para estudiar Ciencias Econ\u00f3micas?\" width=\"1080\" height=\"608\" src=\"https:\/\/www.youtube.com\/embed\/ETPCz17XA34?feature=oembed\"  allow=\"accelerometer; autoplay; clipboard-write; encrypted-media; gyroscope; picture-in-picture; web-share\" referrerpolicy=\"strict-origin-when-cross-origin\" allowfullscreen><\/iframe><\/p>\n<p><iframe loading=\"lazy\" title=\"Conoc\u00e9 Econ\u00f3micas - Informaci\u00f3n para ingresantes\" width=\"1080\" height=\"608\" src=\"https:\/\/www.youtube.com\/embed\/-ixbyO1P4fk?feature=oembed\"  allow=\"accelerometer; autoplay; clipboard-write; encrypted-media; gyroscope; picture-in-picture; web-share\" referrerpolicy=\"strict-origin-when-cross-origin\" allowfullscreen><\/iframe><\/p>\n<p><iframe loading=\"lazy\" title=\"Conoc\u00e9 Econ\u00f3micas - Recorrido por la FACE UNT\" width=\"1080\" height=\"608\" src=\"https:\/\/www.youtube.com\/embed\/3EnjziTF62E?feature=oembed\"  allow=\"accelerometer; autoplay; clipboard-write; encrypted-media; gyroscope; picture-in-picture; web-share\" referrerpolicy=\"strict-origin-when-cross-origin\" allowfullscreen><\/iframe><\/p>\n<p>&nbsp;<\/p>\n<ul>\n<li><strong>Tel\u00e9fono<\/strong>: 0381-4107562<\/li>\n<li><strong>Mail<\/strong>: sgbu@face.unt.edu.ar<\/li>\n<li><strong>Facebook<\/strong>:\u00a0<strong><a href=\"https:\/\/www.facebook.com\/sbe.face\/\" target=\"_blank\" rel=\"noopener\">Secretaria de Gesti\u00f3n y Bienestar Universitario FACE UNT<\/a><\/strong><\/li>\n<\/ul>\n","protected":false},"excerpt":{"rendered":"<p>Conoc\u00e9 Econ\u00f3micas es una propuesta destinada a que los alumnos de las instituciones educativas p\u00fablicas y privadas del nivel medio de nuestra provincia conozcan las carreras que se dictan en nuestra Facultad. La Jornada inici\u00f3 en 2015 y continu\u00f3 de manera ininterrumpida durante los a\u00f1os consecutivos. Desde la Facultad de Ciencias Econ\u00f3micas de la Universidad [&hellip;]<\/p>\n","protected":false},"author":1,"featured_media":0,"parent":0,"menu_order":0,"comment_status":"open","ping_status":"open","template":"","meta":{"_et_pb_use_builder":"","_et_pb_old_content":"","_et_gb_content_width":"","footnotes":""},"_links":{"self":[{"href":"https:\/\/face.unt.edu.ar\/web\/wp-json\/wp\/v2\/pages\/3462"}],"collection":[{"href":"https:\/\/face.unt.edu.ar\/web\/wp-json\/wp\/v2\/pages"}],"about":[{"href":"https:\/\/face.unt.edu.ar\/web\/wp-json\/wp\/v2\/types\/page"}],"author":[{"embeddable":true,"href":"https:\/\/face.unt.edu.ar\/web\/wp-json\/wp\/v2\/users\/1"}],"replies":[{"embeddable":true,"href":"https:\/\/face.unt.edu.ar\/web\/wp-json\/wp\/v2\/comments?post=3462"}],"version-history":[{"count":42,"href":"https:\/\/face.unt.edu.ar\/web\/wp-json\/wp\/v2\/pages\/3462\/revisions"}],"predecessor-version":[{"id":17532,"href":"https:\/\/face.unt.edu.ar\/web\/wp-json\/wp\/v2\/pages\/3462\/revisions\/17532"}],"wp:attachment":[{"href":"https:\/\/face.unt.edu.ar\/web\/wp-json\/wp\/v2\/media?parent=3462"}],"curies":[{"name":"wp","href":"https:\/\/api.w.org\/{rel}","templated":true}]}}