{"id":7510,"date":"2018-10-26T13:31:44","date_gmt":"2018-10-26T13:31:44","guid":{"rendered":"http:\/\/face.unt.edu.ar\/web\/?page_id=7510"},"modified":"2025-09-02T14:56:04","modified_gmt":"2025-09-02T14:56:04","slug":"protocolo-ante-situaciones-de-violencia-o-discriminacion-de-genero-u-orientacion-sexual","status":"publish","type":"page","link":"https:\/\/face.unt.edu.ar\/web\/protocolo-ante-situaciones-de-violencia-o-discriminacion-de-genero-u-orientacion-sexual\/","title":{"rendered":"Protocolo ante situaciones de Violencia o Discriminaci\u00f3n de G\u00e9nero u Orientaci\u00f3n Sexual"},"content":{"rendered":"<p><strong>\u201cProtocolo\u00a0de\u00a0Acci\u00f3n Institucional para la Prevenci\u00f3n e Intervenci\u00f3n ante situaciones\u00a0de\u00a0Violencia\u00a0o Discriminaci\u00f3n\u00a0de G\u00e9nero u Orientaci\u00f3n Sexual\u201d\u00a0para todo el \u00e1mbito\u00a0de\u00a0la\u00a0UNT<\/strong><\/p>\n<p>La Facultad\u00a0de\u00a0Ciencias Econ\u00f3micas informa que est\u00e1 en vigencia el\u00a0Protocolo\u00a0de\u00a0Acci\u00f3n Institucional para la Prevenci\u00f3n e Intervenci\u00f3n ante situaciones\u00a0de\u00a0Violencia\u00a0o Discriminaci\u00f3n\u00a0de\u00a0G\u00e9nero u Orientaci\u00f3n Sexual, que se implementa por Resoluci\u00f3n\u00a0N\u00ba 2241\u2014HCS-17,\u00a0para todo el \u00e1mbito\u00a0de\u00a0la UNT.<\/p>\n<p>A partir\u00a0de\u00a0ello, a trav\u00e9s\u00a0de\u00a0la Resoluci\u00f3n 594-D-18 de\u00a0nuestra Facultad, se cre\u00f3 una\u00a0Comisi\u00f3n para asesorar y asistir\u00a0a las personas\u00a0de\u00a0esta comunidad que lo requieran, en materia legal y psicol\u00f3gica,\u00a0de\u00a0manera gratuita. Para ello se\u00a0designaron como integrantes\u00a0de\u00a0la misma, al\u00a0<strong>Abogado Juan Carlos Soria<\/strong>\u00a0y a la\u00a0<strong>Psic\u00f3loga Andrea Mar\u00eda Villares<\/strong>, docentes\u00a0de\u00a0esta Casa\u00a0de Estudios.<\/p>\n<p>Cabe\u00a0destacar que se habilit\u00f3 la siguiente direcci\u00f3n\u00a0de\u00a0correo electr\u00f3nico para recepci\u00f3n\u00a0de\u00a0denuncias y consultas: <a href=\"mailto:violenciadegenero@face.unt.edu.ar\"><strong>violenciadegenero@face.unt.edu.ar<\/strong><\/a><\/p>\n<p><strong><a href=\"https:\/\/drive.google.com\/file\/d\/0BwZE7DzLP04YNGtwYXdpQzFab05Yc0lGdGZsWG9YTUpOS21Z\/view?usp=sharing\" target=\"_blank\" rel=\"noopener\">Hacer clic aqu\u00ed para ver la Resoluci\u00f3n\u00a0594 D 18 y el Protocolo<\/a><\/strong><\/p>\n<p><strong><a href=\"https:\/\/drive.google.com\/file\/d\/1NF7CJp9iKBBRLplIBj_tXv-8sv60IWyd\/view?usp=sharing\" target=\"_blank\" rel=\"noopener\">Hacer clic aqu\u00ed para ver el nuevo Protocolo de intervenci\u00f3n institucional ante denuncias por violencia de g\u00e9nero, acoso sexual y discriminaci\u00f3n de g\u00e9nero del Rectorado de la UNT<\/a><\/strong><\/p>\n","protected":false},"excerpt":{"rendered":"<p>\u201cProtocolo\u00a0de\u00a0Acci\u00f3n Institucional para la Prevenci\u00f3n e Intervenci\u00f3n ante situaciones\u00a0de\u00a0Violencia\u00a0o Discriminaci\u00f3n\u00a0de G\u00e9nero u Orientaci\u00f3n Sexual\u201d\u00a0para todo el \u00e1mbito\u00a0de\u00a0la\u00a0UNT La Facultad\u00a0de\u00a0Ciencias Econ\u00f3micas informa que est\u00e1 en vigencia el\u00a0Protocolo\u00a0de\u00a0Acci\u00f3n Institucional para la Prevenci\u00f3n e Intervenci\u00f3n ante situaciones\u00a0de\u00a0Violencia\u00a0o Discriminaci\u00f3n\u00a0de\u00a0G\u00e9nero u Orientaci\u00f3n Sexual, que se implementa por Resoluci\u00f3n\u00a0N\u00ba 2241\u2014HCS-17,\u00a0para todo el \u00e1mbito\u00a0de\u00a0la UNT. A partir\u00a0de\u00a0ello, a trav\u00e9s\u00a0de\u00a0la Resoluci\u00f3n 594-D-18 de\u00a0nuestra [&hellip;]<\/p>\n","protected":false},"author":1,"featured_media":0,"parent":0,"menu_order":0,"comment_status":"closed","ping_status":"closed","template":"","meta":{"_et_pb_use_builder":"","_et_pb_old_content":"","_et_gb_content_width":"","footnotes":""},"_links":{"self":[{"href":"https:\/\/face.unt.edu.ar\/web\/wp-json\/wp\/v2\/pages\/7510"}],"collection":[{"href":"https:\/\/face.unt.edu.ar\/web\/wp-json\/wp\/v2\/pages"}],"about":[{"href":"https:\/\/face.unt.edu.ar\/web\/wp-json\/wp\/v2\/types\/page"}],"author":[{"embeddable":true,"href":"https:\/\/face.unt.edu.ar\/web\/wp-json\/wp\/v2\/users\/1"}],"replies":[{"embeddable":true,"href":"https:\/\/face.unt.edu.ar\/web\/wp-json\/wp\/v2\/comments?post=7510"}],"version-history":[{"count":6,"href":"https:\/\/face.unt.edu.ar\/web\/wp-json\/wp\/v2\/pages\/7510\/revisions"}],"predecessor-version":[{"id":21100,"href":"https:\/\/face.unt.edu.ar\/web\/wp-json\/wp\/v2\/pages\/7510\/revisions\/21100"}],"wp:attachment":[{"href":"https:\/\/face.unt.edu.ar\/web\/wp-json\/wp\/v2\/media?parent=7510"}],"curies":[{"name":"wp","href":"https:\/\/api.w.org\/{rel}","templated":true}]}}

Protocolo ante situaciones de Violencia o Discriminación de Género u Orientación Sexual

<p><strong>“Protocolo de Acción Institucional para la Prevención e Intervención ante situaciones de Violencia o Discriminación de Género u Orientación Sexual” para todo el ámbito de la UNT</strong></p>
<p>La Facultad de Ciencias Económicas informa que está en vigencia el Protocolo de Acción Institucional para la Prevención e Intervención ante situaciones de Violencia o Discriminación de Género u Orientación Sexual, que se implementa por Resolución Nº 2241—HCS-17, para todo el ámbito de la UNT.</p>
<p>A partir de ello, a través de la Resolución 594-D-18 de nuestra Facultad, se creó una Comisión para asesorar y asistir a las personas de esta comunidad que lo requieran, en materia legal y psicológica, de manera gratuita. Para ello se designaron como integrantes de la misma, al <strong>Abogado Juan Carlos Soria</strong> y a la <strong>Psicóloga Andrea María Villares</strong>, docentes de esta Casa de Estudios.</p>
<p>Cabe destacar que se habilitó la siguiente dirección de correo electrónico para recepción de denuncias y consultas: <a href="mailto:violenciadegenero@face.unt.edu.ar"><strong>violenciadegenero@face.unt.edu.ar</strong></a></p>
<p><strong><a href="https://drive.google.com/file/d/0BwZE7DzLP04YNGtwYXdpQzFab05Yc0lGdGZsWG9YTUpOS21Z/view?usp=sharing" target="_blank" rel="noopener">Hacer clic aquí para ver la Resolución 594 D 18 y el Protocolo</a></strong></p>
<p><strong><a href="https://drive.google.com/file/d/1NF7CJp9iKBBRLplIBj_tXv-8sv60IWyd/view?usp=sharing" target="_blank" rel="noopener">Hacer clic aquí para ver el nuevo Protocolo de intervención institucional ante denuncias por violencia de género, acoso sexual y discriminación de género del Rectorado de la UNT</a></strong></p>

<p>“Protocolo de Acción Institucional para la Prevención e Intervención ante situaciones de Violencia o Discriminación de Género u Orientación Sexual” para todo el ámbito de la UNT La Facultad de Ciencias Económicas informa que está en vigencia el Protocolo de Acción Institucional para la Prevención e Intervención ante situaciones de Violencia o Discriminación de Género u Orientación Sexual, que se implementa por Resolución Nº 2241—HCS-17, para todo el ámbito de la UNT. A partir de ello, a través de la Resolución 594-D-18 de nuestra [&hellip;]</p>
