{"id":8687,"date":"2019-05-13T19:18:55","date_gmt":"2019-05-13T19:18:55","guid":{"rendered":"http:\/\/face.unt.edu.ar\/web\/?page_id=8687"},"modified":"2019-05-15T12:59:49","modified_gmt":"2019-05-15T12:59:49","slug":"70-aniversario-de-la-face-unt","status":"publish","type":"page","link":"https:\/\/face.unt.edu.ar\/web\/70-aniversario-de-la-face-unt\/","title":{"rendered":"70 Aniversario de la FACE-UNT"},"content":{"rendered":"<p><iframe loading=\"lazy\" title=\"70 a\u00f1os Fac.  de Cs.  Econ\u00f3micas UNT -  L\u00ednea de Tiempo: creaci\u00f3n de la Facultad\" width=\"1080\" height=\"608\" src=\"https:\/\/www.youtube.com\/embed\/rDmsPH066TI?feature=oembed\"  allow=\"accelerometer; autoplay; clipboard-write; encrypted-media; gyroscope; picture-in-picture; web-share\" referrerpolicy=\"strict-origin-when-cross-origin\" allowfullscreen><\/iframe><\/p>\n<p>&nbsp;<\/p>\n<p><iframe loading=\"lazy\" title=\"70 a\u00f1os Fac. de Cs. Econ\u00f3micas UNT - El edificio\" width=\"1080\" height=\"608\" src=\"https:\/\/www.youtube.com\/embed\/bB2a7W_mlcw?feature=oembed\"  allow=\"accelerometer; autoplay; clipboard-write; encrypted-media; gyroscope; picture-in-picture; web-share\" referrerpolicy=\"strict-origin-when-cross-origin\" allowfullscreen><\/iframe><\/p>\n<p>&nbsp;<\/p>\n<p><iframe loading=\"lazy\" title=\"70 a\u00f1os Fac. de Cs. Econ\u00f3micas UNT - Decanos\" width=\"1080\" height=\"608\" src=\"https:\/\/www.youtube.com\/embed\/PPRzWbLaqtI?feature=oembed\"  allow=\"accelerometer; autoplay; clipboard-write; encrypted-media; gyroscope; picture-in-picture; web-share\" referrerpolicy=\"strict-origin-when-cross-origin\" allowfullscreen><\/iframe><\/p>\n<p>&nbsp;<\/p>\n<p><iframe loading=\"lazy\" title=\"70 a\u00f1os Fac. de Cs. Econ\u00f3micas UNT - Dr. Manuel Luis Cordom\u00ed, Primer Promoci\u00f3n de Egresados\" width=\"1080\" height=\"608\" src=\"https:\/\/www.youtube.com\/embed\/6ll5kPw4vNY?feature=oembed\"  allow=\"accelerometer; autoplay; clipboard-write; encrypted-media; gyroscope; picture-in-picture; web-share\" referrerpolicy=\"strict-origin-when-cross-origin\" allowfullscreen><\/iframe><\/p>\n<p>&nbsp;<\/p>\n<p><iframe loading=\"lazy\" title=\"70 a\u00f1os Fac. de Cs. Econ\u00f3micas UNT - Mart\u00edn M\u00e9ndez Collado, Primer Promoci\u00f3n de egresados\" width=\"1080\" height=\"608\" src=\"https:\/\/www.youtube.com\/embed\/VelFct_wW_o?feature=oembed\"  allow=\"accelerometer; autoplay; clipboard-write; encrypted-media; gyroscope; picture-in-picture; web-share\" referrerpolicy=\"strict-origin-when-cross-origin\" allowfullscreen><\/iframe><\/p>\n<p>&nbsp;<\/p>\n<p><iframe loading=\"lazy\" title=\"70 a\u00f1os Fac. de Cs. Econ\u00f3micas UNT - Ing. Jos\u00e9 J. Sortheix\" width=\"1080\" height=\"608\" src=\"https:\/\/www.youtube.com\/embed\/jvYZ7o801Xw?feature=oembed\"  allow=\"accelerometer; autoplay; clipboard-write; encrypted-media; gyroscope; picture-in-picture; web-share\" referrerpolicy=\"strict-origin-when-cross-origin\" allowfullscreen><\/iframe><\/p>\n<p>&nbsp;<\/p>\n<p><iframe loading=\"lazy\" title=\"70 a\u00f1os Fac. de Cs. Econ\u00f3micas UNT  - Cr. Jos\u00e9 Alonso\" width=\"1080\" height=\"608\" src=\"https:\/\/www.youtube.com\/embed\/vn5XHr7nJUQ?feature=oembed\"  allow=\"accelerometer; autoplay; clipboard-write; encrypted-media; gyroscope; picture-in-picture; web-share\" referrerpolicy=\"strict-origin-when-cross-origin\" allowfullscreen><\/iframe><\/p>\n<p>&nbsp;<\/p>\n<p><iframe loading=\"lazy\" title=\"70 a\u00f1os Fac. de Cs. Econ\u00f3micas UNT - Prof. Horace William Bliss\" width=\"1080\" height=\"608\" src=\"https:\/\/www.youtube.com\/embed\/Qf3HkJzIRi4?feature=oembed\"  allow=\"accelerometer; autoplay; clipboard-write; encrypted-media; gyroscope; picture-in-picture; web-share\" referrerpolicy=\"strict-origin-when-cross-origin\" allowfullscreen><\/iframe><\/p>\n<p>&nbsp;<\/p>\n<p><iframe loading=\"lazy\" title=\"70 a\u00f1os Fac. de Cs. Econ\u00f3micas UNT  - Dr. Ernesto Ram\u00f3n Cerro\" width=\"1080\" height=\"608\" src=\"https:\/\/www.youtube.com\/embed\/5KcgC44bnNE?feature=oembed\"  allow=\"accelerometer; autoplay; clipboard-write; encrypted-media; gyroscope; picture-in-picture; web-share\" referrerpolicy=\"strict-origin-when-cross-origin\" allowfullscreen><\/iframe><\/p>\n<p>&nbsp;<\/p>\n<p><iframe loading=\"lazy\" title=\"70 a\u00f1os Fac. de Cs. Econ\u00f3micas UNT - Dr. Antonio Forns\" width=\"1080\" height=\"608\" src=\"https:\/\/www.youtube.com\/embed\/AdtwzzFv9zs?feature=oembed\"  allow=\"accelerometer; autoplay; clipboard-write; encrypted-media; gyroscope; picture-in-picture; web-share\" referrerpolicy=\"strict-origin-when-cross-origin\" allowfullscreen><\/iframe><\/p>\n<p>&nbsp;<\/p>\n<p><iframe loading=\"lazy\" title=\"70 a\u00f1os Fac. de Cs. Econ\u00f3micas UNT - Cr. Ra\u00fal Pedro Mentz\" width=\"1080\" height=\"608\" src=\"https:\/\/www.youtube.com\/embed\/0NRaugn45VU?feature=oembed\"  allow=\"accelerometer; autoplay; clipboard-write; encrypted-media; gyroscope; picture-in-picture; web-share\" referrerpolicy=\"strict-origin-when-cross-origin\" allowfullscreen><\/iframe><\/p>\n<p>&nbsp;<\/p>\n<p><iframe loading=\"lazy\" title=\"70 a\u00f1os Fac. de Cs. Econ\u00f3micas UNT  - Dr. Jos\u00e9 Olmos\" width=\"1080\" height=\"608\" src=\"https:\/\/www.youtube.com\/embed\/5BzPNNP_GLA?feature=oembed\"  allow=\"accelerometer; autoplay; clipboard-write; encrypted-media; gyroscope; picture-in-picture; web-share\" referrerpolicy=\"strict-origin-when-cross-origin\" allowfullscreen><\/iframe><\/p>\n<p>&nbsp;<\/p>\n<p><iframe loading=\"lazy\" title=\"70 a\u00f1os Fac. de Cs. Econ\u00f3micas UNT - Prof. Pablo Van Nieuwenhove\" width=\"1080\" height=\"608\" src=\"https:\/\/www.youtube.com\/embed\/H8Ottq6UiJQ?feature=oembed\"  allow=\"accelerometer; autoplay; clipboard-write; encrypted-media; gyroscope; picture-in-picture; web-share\" referrerpolicy=\"strict-origin-when-cross-origin\" allowfullscreen><\/iframe><\/p>\n<p>&nbsp;<\/p>\n<p><iframe loading=\"lazy\" title=\"70 a\u00f1os Fac. de Cs. Econ\u00f3micas UNT - Dr. Manuel L. Cordom\u00ed\" width=\"1080\" height=\"608\" src=\"https:\/\/www.youtube.com\/embed\/3uOJibxUbCE?feature=oembed\"  allow=\"accelerometer; autoplay; clipboard-write; encrypted-media; gyroscope; picture-in-picture; web-share\" referrerpolicy=\"strict-origin-when-cross-origin\" allowfullscreen><\/iframe><\/p>\n<p>&nbsp;<\/p>\n<p><iframe loading=\"lazy\" title=\"70 a\u00f1os Fac. de Cs. Econ\u00f3micas UNT - Dr. V\u00edctor El\u00edas\" width=\"1080\" height=\"608\" src=\"https:\/\/www.youtube.com\/embed\/myn35dPSez4?feature=oembed\"  allow=\"accelerometer; autoplay; clipboard-write; encrypted-media; gyroscope; picture-in-picture; web-share\" referrerpolicy=\"strict-origin-when-cross-origin\" allowfullscreen><\/iframe><\/p>\n<p>&nbsp;<\/p>\n<p><iframe loading=\"lazy\" title=\"70 a\u00f1os Fac. de Cs. Econ\u00f3micas UNT - Testimonio de Decanos\" width=\"1080\" height=\"608\" src=\"https:\/\/www.youtube.com\/embed\/CjA22c5UCZY?feature=oembed\"  allow=\"accelerometer; autoplay; clipboard-write; encrypted-media; gyroscope; picture-in-picture; web-share\" referrerpolicy=\"strict-origin-when-cross-origin\" allowfullscreen><\/iframe><\/p>\n","protected":false},"excerpt":{"rendered":"<p>&nbsp; &nbsp; &nbsp; &nbsp; &nbsp; &nbsp; &nbsp; &nbsp; &nbsp; &nbsp; &nbsp; &nbsp; &nbsp; &nbsp; &nbsp;<\/p>\n","protected":false},"author":1,"featured_media":0,"parent":0,"menu_order":0,"comment_status":"closed","ping_status":"closed","template":"","meta":{"_et_pb_use_builder":"","_et_pb_old_content":"","_et_gb_content_width":"","footnotes":""},"_links":{"self":[{"href":"https:\/\/face.unt.edu.ar\/web\/wp-json\/wp\/v2\/pages\/8687"}],"collection":[{"href":"https:\/\/face.unt.edu.ar\/web\/wp-json\/wp\/v2\/pages"}],"about":[{"href":"https:\/\/face.unt.edu.ar\/web\/wp-json\/wp\/v2\/types\/page"}],"author":[{"embeddable":true,"href":"https:\/\/face.unt.edu.ar\/web\/wp-json\/wp\/v2\/users\/1"}],"replies":[{"embeddable":true,"href":"https:\/\/face.unt.edu.ar\/web\/wp-json\/wp\/v2\/comments?post=8687"}],"version-history":[{"count":8,"href":"https:\/\/face.unt.edu.ar\/web\/wp-json\/wp\/v2\/pages\/8687\/revisions"}],"predecessor-version":[{"id":8702,"href":"https:\/\/face.unt.edu.ar\/web\/wp-json\/wp\/v2\/pages\/8687\/revisions\/8702"}],"wp:attachment":[{"href":"https:\/\/face.unt.edu.ar\/web\/wp-json\/wp\/v2\/media?parent=8687"}],"curies":[{"name":"wp","href":"https:\/\/api.w.org\/{rel}","templated":true}]}}