{"id":8925,"date":"2019-07-01T23:04:14","date_gmt":"2019-07-01T23:04:14","guid":{"rendered":"http:\/\/face.unt.edu.ar\/web\/?page_id=8925"},"modified":"2025-11-03T12:18:24","modified_gmt":"2025-11-03T12:18:24","slug":"mision-vision-y-valores","status":"publish","type":"page","link":"https:\/\/face.unt.edu.ar\/web\/mision-vision-y-valores\/","title":{"rendered":"Historia, misi\u00f3n, visi\u00f3n y valores"},"content":{"rendered":"<p>&nbsp;<\/p>\n<p><strong>Misi\u00f3n\u00a0<\/strong><\/p>\n<p>Promover la excelencia acad\u00e9mica y la formaci\u00f3n de profesionales<br \/>\ncompetentes en el campo de las Ciencias Econ\u00f3micas, capaces de<br \/>\ngenerar y liderar cambios, con valores \u00e9ticos necesarios para contribuir a<br \/>\nun desarrollo socioecon\u00f3mico sostenible.<\/p>\n<p><strong>Visi\u00f3n\u00a0<\/strong><\/p>\n<p>Constituirnos como una instituci\u00f3n acad\u00e9mica de prestigio en las Ciencias<br \/>\nEcon\u00f3micas con proyecci\u00f3n nacional e internacional, formando<br \/>\nprofesionales que contribuyan al desarrollo, transformaci\u00f3n y crecimiento<br \/>\nde la sociedad.<\/p>\n<p><strong>Principios y valores institucionales<\/strong><\/p>\n<ul>\n<li>Equidad para la consecuci\u00f3n de los objetivos<\/li>\n<li>Respeto entre los miembros de la Comunidad de la FACE-UNT y<br \/>\nhacia la Sociedad.<\/li>\n<li>Conducta \u00c9tica y Profesional en el desarrollo de las actividades de<br \/>\ncada miembro de nuestra Comunidad de la FACE-UNT<\/li>\n<li>Innovaci\u00f3n para estar a la vanguardia del conocimiento.<\/li>\n<li>Inclusi\u00f3n como herramienta de contenci\u00f3n.<\/li>\n<li>Compromiso Social para contribuir al desarrollo, transformaci\u00f3n y<br \/>\ncrecimiento de la Sociedad.<\/li>\n<li>Excelencia acad\u00e9mica para lograr est\u00e1ndares de alta calidad en<br \/>\ndocencia, investigaci\u00f3n, extensi\u00f3n y gesti\u00f3n.<\/li>\n<\/ul>\n<p>&nbsp;<\/p>\n<p><strong>Nuestra historia\u00a0<\/strong><\/p>\n<p>En 1941 durante el rectorado del Dr. Julio Prebisch, se<br \/>\npresent\u00f3 en la Universidad Nacional de Tucum\u00e1n (UNT), un<br \/>\nproyecto para crear la Facultad de Ciencias Econ\u00f3micas.<\/p>\n<p>El 25 de marzo de 1941 se dict\u00f3 la Resoluci\u00f3n N\u00b052-94-941<br \/>\ndonde se declaraba conveniente la incorporaci\u00f3n de la Escuela<br \/>\nde Comercio de Tucum\u00e1n a la Universidad.<\/p>\n<p>En 1947 se form\u00f3 una comisi\u00f3n integrada por padres,<br \/>\negresados y alumnos de la Escuela de Comercio para<br \/>\ngestionar ante las autoridades nacionales, la creaci\u00f3n de la<br \/>\nFacultad de Ciencias Econ\u00f3micas. Adem\u00e1s, se crearon sub-<br \/>\ncomisiones para conseguir apoyo de instituciones y autoridades locales.<\/p>\n<p>En mayo de 1947 se inaugur\u00f3 la Escuela de Ciencias<br \/>\nEcon\u00f3mica, design\u00e1ndose como organizador de la misma, al<br \/>\nDr. Ram\u00f3n Seoane. Un paso importante para la futura creaci\u00f3n<br \/>\nde la Facultad de Ciencias Econ\u00f3micas.<\/p>\n<p>El 26 de septiembre de 1947 la C\u00e1mara de Diputados aprob\u00f3 el<br \/>\nproyecto de Ley.<\/p>\n<p>El 27 de septiembre de 1947 el Senado de la Naci\u00f3n sancion\u00f3<br \/>\nla \u201cLey de creaci\u00f3n de la Facultad de Ciencias Econ\u00f3micas de<br \/>\nla UNT.<\/p>\n<p>El 7 de octubre de 1947 el Poder Ejecutivo Nacional promulg\u00f3<br \/>\nla Ley N\u00b0 13.050 que dio origen a la Facultad de Ciencias<br \/>\nEcon\u00f3micas de la UNT.<\/p>\n<p>El 16 de octubre de 1947 se public\u00f3 la Ley 13.050 en el Bolet\u00edn<br \/>\nOficial de la Naci\u00f3n.<\/p>\n<p>El 4 de noviembre de 1947 el interventor de la UNT, Dr.<br \/>\nHoracio Descole, mediante Resoluci\u00f3n, puso en ejecuci\u00f3n la<br \/>\nLey. Se encomend\u00f3 la direcci\u00f3n de la Facultad al Ing. Jos\u00e9<br \/>\nSortheix.<\/p>\n<p><iframe loading=\"lazy\" title=\"70 a\u00f1os Fac.  de Cs.  Econ\u00f3micas UNT -  L\u00ednea de Tiempo: creaci\u00f3n de la Facultad\" width=\"1080\" height=\"608\" src=\"https:\/\/www.youtube.com\/embed\/rDmsPH066TI?feature=oembed\"  allow=\"accelerometer; autoplay; clipboard-write; encrypted-media; gyroscope; picture-in-picture; web-share\" referrerpolicy=\"strict-origin-when-cross-origin\" allowfullscreen><\/iframe><\/p>\n<p>&nbsp;<\/p>\n<p><span style=\"color: #ff0000\"><strong><a style=\"color: #ff0000\" href=\"https:\/\/face.unt.edu.ar\/web\/70-aniversario-de-la-face-unt\/\" target=\"_blank\" rel=\"noopener\">Ver videos de la historia de nuestra Facultad haciendo clic aqu\u00ed<\/a><\/strong><\/span><\/p>\n<p>&nbsp;<\/p>\n<p>&nbsp;<\/p>\n<p>&nbsp;<\/p>\n<p>&nbsp;<\/p>\n<p>&nbsp;<\/p>\n<p>&nbsp;<\/p>\n<p>&nbsp;<\/p>\n<p>&nbsp;<\/p>\n<p>&nbsp;<\/p>\n<p>&nbsp;<\/p>\n<p>&nbsp;<\/p>\n<p>&nbsp;<\/p>\n<p>&nbsp;<\/p>\n<p>&nbsp;<\/p>\n<p>&nbsp;<\/p>\n","protected":false},"excerpt":{"rendered":"<p>&nbsp; Misi\u00f3n\u00a0 Promover la excelencia acad\u00e9mica y la formaci\u00f3n de profesionales competentes en el campo de las Ciencias Econ\u00f3micas, capaces de generar y liderar cambios, con valores \u00e9ticos necesarios para contribuir a un desarrollo socioecon\u00f3mico sostenible. Visi\u00f3n\u00a0 Constituirnos como una instituci\u00f3n acad\u00e9mica de prestigio en las Ciencias Econ\u00f3micas con proyecci\u00f3n nacional e internacional, formando profesionales [&hellip;]<\/p>\n","protected":false},"author":1,"featured_media":0,"parent":0,"menu_order":0,"comment_status":"closed","ping_status":"closed","template":"","meta":{"_et_pb_use_builder":"","_et_pb_old_content":"","_et_gb_content_width":"","footnotes":""},"_links":{"self":[{"href":"https:\/\/face.unt.edu.ar\/web\/wp-json\/wp\/v2\/pages\/8925"}],"collection":[{"href":"https:\/\/face.unt.edu.ar\/web\/wp-json\/wp\/v2\/pages"}],"about":[{"href":"https:\/\/face.unt.edu.ar\/web\/wp-json\/wp\/v2\/types\/page"}],"author":[{"embeddable":true,"href":"https:\/\/face.unt.edu.ar\/web\/wp-json\/wp\/v2\/users\/1"}],"replies":[{"embeddable":true,"href":"https:\/\/face.unt.edu.ar\/web\/wp-json\/wp\/v2\/comments?post=8925"}],"version-history":[{"count":14,"href":"https:\/\/face.unt.edu.ar\/web\/wp-json\/wp\/v2\/pages\/8925\/revisions"}],"predecessor-version":[{"id":22345,"href":"https:\/\/face.unt.edu.ar\/web\/wp-json\/wp\/v2\/pages\/8925\/revisions\/22345"}],"wp:attachment":[{"href":"https:\/\/face.unt.edu.ar\/web\/wp-json\/wp\/v2\/media?parent=8925"}],"curies":[{"name":"wp","href":"https:\/\/api.w.org\/{rel}","templated":true}]}}