{"id":128,"date":"2018-08-28T15:47:07","date_gmt":"2018-08-28T15:47:07","guid":{"rendered":"http:\/\/face.unt.edu.ar\/web\/xxxiiijnm\/?page_id=128"},"modified":"2018-08-30T21:42:42","modified_gmt":"2018-08-30T21:42:42","slug":"costos-de-inscripcion","status":"publish","type":"page","link":"https:\/\/face.unt.edu.ar\/web\/xxxiiijnm\/costos-de-inscripcion\/","title":{"rendered":"Costos de Inscripci\u00f3n"},"content":{"rendered":"<p>XXXIII JNM:<\/p>\n<table>\n<tbody>\n<tr>\n<td width=\"96\"><\/td>\n<td width=\"122\"><strong>SOCIOS<\/strong><\/td>\n<td width=\"123\"><strong>NO SOCIOS<\/strong><\/td>\n<td width=\"151\"><strong>ACOMPA\u00d1ANTES<\/strong><\/td>\n<\/tr>\n<tr>\n<td width=\"96\">Hasta el 14\/09<\/p>\n<p>inclusive<\/td>\n<td width=\"122\">&nbsp;<\/p>\n<p>$2100<\/td>\n<td width=\"123\">&nbsp;<\/p>\n<p>$4200<\/td>\n<td width=\"151\">&nbsp;<\/p>\n<p>$1700<\/td>\n<\/tr>\n<tr>\n<td width=\"96\">A partir del 15\/09<\/td>\n<td width=\"122\">&nbsp;<\/p>\n<p>$2800<\/td>\n<td width=\"123\">&nbsp;<\/p>\n<p>$4200<\/td>\n<td width=\"151\">&nbsp;<\/p>\n<p>$2100<\/td>\n<\/tr>\n<\/tbody>\n<\/table>\n<p>&nbsp;<\/p>\n<p>Los datos para realizar el correspondiente dep\u00f3sito \/ transferencia son:<\/p>\n<p>BANCO MACRO<\/p>\n<p>Nombre de la cuenta: Asociaci\u00f3n Cooperadora de la Facultad de Ciencias Econ\u00f3micas UNT. Cuenta corriente N\u00ba: 3 \u2013 140 \u2013 0000219703 \u2013 6<\/p>\n<p>Sucursal: 140<\/p>\n<p>CBU: 2850140230000021970365<\/p>\n<p>Direcci\u00f3n: Maip\u00fa 162. San Miguel de Tucum\u00e1n, Tucum\u00e1n.<\/p>\n<p>&nbsp;<\/p>\n<p>BANCO GALICIA<\/p>\n<p>Nombre de la cuenta: Asociaci\u00f3n Cooperadora de la Facultad de Ciencias Econ\u00f3micas UNT. Cuenta corriente N\u00ba: 10527 \u2013 9089 &#8211; 1<\/p>\n<p>Sucursal: N\u00ba 89<\/p>\n<p>CBU: 0070089420000010527913<\/p>\n<p>Direcci\u00f3n: San Mart\u00edn 790. San Miguel de Tucum\u00e1n, Tucum\u00e1n.<\/p>\n<p>Para finalizar el tr\u00e1mite del pago de inscripci\u00f3n deben enviar un mail con el comprobante de dep\u00f3sito \/ transferencia a: <a href=\"mailto:ederosa@face.unt.edu.ar\">ederosa@face.unt.edu.ar<\/a><\/p>\n<p><strong>Es muy importante que realicen este env\u00edo para poder proceder a confeccionar con anterioridad al desarrollo de las Jornadas, los correspondientes recibos, certificados de asistencia y exposici\u00f3n de trabajos y para la posterior publicaci\u00f3n de los mismos.<\/strong><\/p>\n<p>Recomendamos leer la 4ta Comunicaci\u00f3n de la Jornda<\/p>\n","protected":false},"excerpt":{"rendered":"<p>XXXIII JNM: SOCIOS NO SOCIOS ACOMPA\u00d1ANTES Hasta el 14\/09 inclusive &nbsp; $2100 &nbsp; $4200 &nbsp; $1700 A partir del 15\/09 &nbsp; $2800 &nbsp; $4200 &nbsp; $2100 &nbsp; Los datos para realizar el correspondiente dep\u00f3sito \/ transferencia son: BANCO MACRO Nombre de la cuenta: Asociaci\u00f3n Cooperadora de la Facultad de Ciencias Econ\u00f3micas UNT. Cuenta corriente N\u00ba: [&hellip;]<\/p>\n","protected":false},"author":1,"featured_media":0,"parent":0,"menu_order":0,"comment_status":"closed","ping_status":"closed","template":"","meta":{"footnotes":""},"_links":{"self":[{"href":"https:\/\/face.unt.edu.ar\/web\/xxxiiijnm\/wp-json\/wp\/v2\/pages\/128"}],"collection":[{"href":"https:\/\/face.unt.edu.ar\/web\/xxxiiijnm\/wp-json\/wp\/v2\/pages"}],"about":[{"href":"https:\/\/face.unt.edu.ar\/web\/xxxiiijnm\/wp-json\/wp\/v2\/types\/page"}],"author":[{"embeddable":true,"href":"https:\/\/face.unt.edu.ar\/web\/xxxiiijnm\/wp-json\/wp\/v2\/users\/1"}],"replies":[{"embeddable":true,"href":"https:\/\/face.unt.edu.ar\/web\/xxxiiijnm\/wp-json\/wp\/v2\/comments?post=128"}],"version-history":[{"count":4,"href":"https:\/\/face.unt.edu.ar\/web\/xxxiiijnm\/wp-json\/wp\/v2\/pages\/128\/revisions"}],"predecessor-version":[{"id":147,"href":"https:\/\/face.unt.edu.ar\/web\/xxxiiijnm\/wp-json\/wp\/v2\/pages\/128\/revisions\/147"}],"wp:attachment":[{"href":"https:\/\/face.unt.edu.ar\/web\/xxxiiijnm\/wp-json\/wp\/v2\/media?parent=128"}],"curies":[{"name":"wp","href":"https:\/\/api.w.org\/{rel}","templated":true}]}}