{"id":130,"date":"2018-08-28T15:47:25","date_gmt":"2018-08-28T15:47:25","guid":{"rendered":"http:\/\/face.unt.edu.ar\/web\/xxxiiijnm\/?page_id=130"},"modified":"2018-08-30T21:44:15","modified_gmt":"2018-08-30T21:44:15","slug":"ficha-de-autor","status":"publish","type":"page","link":"https:\/\/face.unt.edu.ar\/web\/xxxiiijnm\/ficha-de-autor\/","title":{"rendered":"Ficha de autor"},"content":{"rendered":"<p>Quienes esten interesados en que se publiquen sus Ponencias deben completar la siguiente ficha\u00a0 y enviarla a: <a href=\"mailto:jornadastucuman2018@gmail.com\">jornadastucuman2018@gmail.com,<\/a> a los efectos de dar conformidad para la correspondiente publicaci\u00f3n.<\/p>\n<p>&nbsp;<\/p>\n<table>\n<tbody>\n<tr>\n<td width=\"206\">Nombre<\/td>\n<td width=\"371\">&nbsp;<\/td>\n<\/tr>\n<tr>\n<td width=\"206\">Apellido<\/td>\n<td width=\"371\">&nbsp;<\/td>\n<\/tr>\n<tr>\n<td width=\"206\">Sexo<\/td>\n<td width=\"371\">&nbsp;<\/td>\n<\/tr>\n<tr>\n<td width=\"206\">Nacionalidad<\/td>\n<td width=\"371\">&nbsp;<\/td>\n<\/tr>\n<tr>\n<td width=\"206\">DNI<\/td>\n<td width=\"371\">&nbsp;<\/td>\n<\/tr>\n<tr>\n<td width=\"206\">CUIL<\/td>\n<td width=\"371\">&nbsp;<\/td>\n<\/tr>\n<tr>\n<td width=\"206\">Email<\/td>\n<td width=\"371\">&nbsp;<\/td>\n<\/tr>\n<tr>\n<td width=\"206\">Tel\u00e9fono<\/td>\n<td width=\"371\">&nbsp;<\/td>\n<\/tr>\n<tr>\n<td width=\"206\">Direcci\u00f3n<\/td>\n<td width=\"371\">&nbsp;<\/td>\n<\/tr>\n<tr>\n<td width=\"206\">C\u00f3digo Postal<\/td>\n<td width=\"371\">&nbsp;<\/td>\n<\/tr>\n<tr>\n<td width=\"206\">Ciudad<\/td>\n<td width=\"371\">&nbsp;<\/td>\n<\/tr>\n<tr>\n<td width=\"206\">Provincia<\/td>\n<td width=\"371\">&nbsp;<\/td>\n<\/tr>\n<tr>\n<td width=\"206\">Pa\u00eds<\/td>\n<td width=\"371\">&nbsp;<\/td>\n<\/tr>\n<tr>\n<td width=\"206\">Fecha de Nacimiento<\/td>\n<td width=\"371\">&nbsp;<\/td>\n<\/tr>\n<\/tbody>\n<\/table>\n","protected":false},"excerpt":{"rendered":"<p>Quienes esten interesados en que se publiquen sus Ponencias deben completar la siguiente ficha\u00a0 y enviarla a: jornadastucuman2018@gmail.com, a los efectos de dar conformidad para la correspondiente publicaci\u00f3n. &nbsp; Nombre &nbsp; Apellido &nbsp; Sexo &nbsp; Nacionalidad &nbsp; DNI &nbsp; CUIL &nbsp; Email &nbsp; Tel\u00e9fono &nbsp; Direcci\u00f3n &nbsp; C\u00f3digo Postal &nbsp; Ciudad &nbsp; Provincia &nbsp; Pa\u00eds [&hellip;]<\/p>\n","protected":false},"author":1,"featured_media":0,"parent":0,"menu_order":0,"comment_status":"closed","ping_status":"closed","template":"","meta":{"footnotes":""},"_links":{"self":[{"href":"https:\/\/face.unt.edu.ar\/web\/xxxiiijnm\/wp-json\/wp\/v2\/pages\/130"}],"collection":[{"href":"https:\/\/face.unt.edu.ar\/web\/xxxiiijnm\/wp-json\/wp\/v2\/pages"}],"about":[{"href":"https:\/\/face.unt.edu.ar\/web\/xxxiiijnm\/wp-json\/wp\/v2\/types\/page"}],"author":[{"embeddable":true,"href":"https:\/\/face.unt.edu.ar\/web\/xxxiiijnm\/wp-json\/wp\/v2\/users\/1"}],"replies":[{"embeddable":true,"href":"https:\/\/face.unt.edu.ar\/web\/xxxiiijnm\/wp-json\/wp\/v2\/comments?post=130"}],"version-history":[{"count":3,"href":"https:\/\/face.unt.edu.ar\/web\/xxxiiijnm\/wp-json\/wp\/v2\/pages\/130\/revisions"}],"predecessor-version":[{"id":149,"href":"https:\/\/face.unt.edu.ar\/web\/xxxiiijnm\/wp-json\/wp\/v2\/pages\/130\/revisions\/149"}],"wp:attachment":[{"href":"https:\/\/face.unt.edu.ar\/web\/xxxiiijnm\/wp-json\/wp\/v2\/media?parent=130"}],"curies":[{"name":"wp","href":"https:\/\/api.w.org\/{rel}","templated":true}]}}