{"id":27,"date":"2018-05-14T14:51:32","date_gmt":"2018-05-14T14:51:32","guid":{"rendered":"http:\/\/face.unt.edu.ar\/web\/xxxiiijnm\/?page_id=27"},"modified":"2018-05-29T02:37:49","modified_gmt":"2018-05-29T02:37:49","slug":"autoridades-unt","status":"publish","type":"page","link":"https:\/\/face.unt.edu.ar\/web\/xxxiiijnm\/autoridades-unt\/","title":{"rendered":"Autoridades de la Universidad Nacional de Tucum\u00e1n"},"content":{"rendered":"<p style=\"text-align: center\"><strong>Rectora<\/strong><br \/>\nDra. Alicia Bard\u00f3n<\/p>\n<p style=\"text-align: center\"><strong>Vicerector<\/strong><br \/>\nIng. Jos\u00e9 Garc\u00eda<\/p>\n<p style=\"text-align: center\"><strong>Secretar\u00eda Acad\u00e9mica<\/strong><br \/>\nProf. Marta Alicia Ju\u00e1rez de Tuzza<\/p>\n<p style=\"text-align: center\"><strong>Secretaria de Ciencia, Arte e Innovaci\u00f3n Tecnol\u00f3gica<\/strong><br \/>\nDra. Mar\u00eda Cristina Apella<\/p>\n<p style=\"text-align: center\"><strong>Secretar\u00eda de Posgrado<\/strong><br \/>\nDra. Mar\u00eda Cristina Apella<\/p>\n<p style=\"text-align: center\"><strong>Secretar\u00eda de Planeamiento y Gesti\u00f3n de Proyectos y Obras<\/strong><br \/>\nArq. Patricia Graciela Rodr\u00edguez Anido<\/p>\n<p style=\"text-align: center\"><strong>Secretar\u00eda de Pol\u00edticas y Comunicaci\u00f3n Institucional<br \/>\n<\/strong>Lic. Jos\u00e9 Hugo Saab<\/p>\n<p style=\"text-align: center\"><strong>Secretar\u00eda de Extensi\u00f3n Universitaria<\/strong><br \/>\nLic. Marcelo Adri\u00e1n Mirkin<\/p>\n<p style=\"text-align: center\"><strong>Secretar\u00eda de Econ\u00f3mica Administrativa<\/strong><br \/>\nCPN Lidia In\u00e9s Asc\u00e1rate<\/p>\n<p style=\"text-align: center\"><strong>Secretar\u00eda de Bienestar Universitario<\/strong><br \/>\nIng. Agr. Gustavo Adolfo Vitulli<\/p>\n<p style=\"text-align: center\"><strong>Secretar\u00eda de Asuntos Estudiantiles<\/strong><br \/>\nIng. Agr. Gustavo Adolfo Vitulli<\/p>\n","protected":false},"excerpt":{"rendered":"<p>Rectora Dra. Alicia Bard\u00f3n Vicerector Ing. Jos\u00e9 Garc\u00eda Secretar\u00eda Acad\u00e9mica Prof. Marta Alicia Ju\u00e1rez de Tuzza Secretaria de Ciencia, Arte e Innovaci\u00f3n Tecnol\u00f3gica Dra. Mar\u00eda Cristina Apella Secretar\u00eda de Posgrado Dra. Mar\u00eda Cristina Apella Secretar\u00eda de Planeamiento y Gesti\u00f3n de Proyectos y Obras Arq. Patricia Graciela Rodr\u00edguez Anido Secretar\u00eda de Pol\u00edticas y Comunicaci\u00f3n Institucional Lic. [&hellip;]<\/p>\n","protected":false},"author":1,"featured_media":0,"parent":0,"menu_order":0,"comment_status":"closed","ping_status":"closed","template":"","meta":{"footnotes":""},"_links":{"self":[{"href":"https:\/\/face.unt.edu.ar\/web\/xxxiiijnm\/wp-json\/wp\/v2\/pages\/27"}],"collection":[{"href":"https:\/\/face.unt.edu.ar\/web\/xxxiiijnm\/wp-json\/wp\/v2\/pages"}],"about":[{"href":"https:\/\/face.unt.edu.ar\/web\/xxxiiijnm\/wp-json\/wp\/v2\/types\/page"}],"author":[{"embeddable":true,"href":"https:\/\/face.unt.edu.ar\/web\/xxxiiijnm\/wp-json\/wp\/v2\/users\/1"}],"replies":[{"embeddable":true,"href":"https:\/\/face.unt.edu.ar\/web\/xxxiiijnm\/wp-json\/wp\/v2\/comments?post=27"}],"version-history":[{"count":3,"href":"https:\/\/face.unt.edu.ar\/web\/xxxiiijnm\/wp-json\/wp\/v2\/pages\/27\/revisions"}],"predecessor-version":[{"id":71,"href":"https:\/\/face.unt.edu.ar\/web\/xxxiiijnm\/wp-json\/wp\/v2\/pages\/27\/revisions\/71"}],"wp:attachment":[{"href":"https:\/\/face.unt.edu.ar\/web\/xxxiiijnm\/wp-json\/wp\/v2\/media?parent=27"}],"curies":[{"name":"wp","href":"https:\/\/api.w.org\/{rel}","templated":true}]}}